{"id":4477,"date":"2025-01-16T12:17:23","date_gmt":"2025-01-16T12:17:23","guid":{"rendered":"https:\/\/lovingdiversity.es\/?post_type=ajde_events&#038;p=4477"},"modified":"2025-01-19T18:28:33","modified_gmt":"2025-01-19T18:28:33","slug":"redefiniendo-la-democracia-con-pablo-simon","status":"publish","type":"ajde_events","link":"https:\/\/lovingdiversity.es\/val\/events\/redefiniendo-la-democracia-con-pablo-simon\/","title":{"rendered":"Redefiniendo la democracia con Pablo Sim\u00f3n"},"content":{"rendered":"<p><span style=\"color: #000000;\">El jueves d\u00eda 16 de enero realizaremos la charla con la participaci\u00f3n del televisivo polit\u00f3logo y profesor universitario Pablo Sim\u00f3n que tuvimos que aplazar por la dana.<\/span><\/p>\n<p>Este acto, organizado por la Federaci\u00f3 d&#8217;Associacions Ve\u00efnals de Val\u00e8ncia en colaboraci\u00f3n con el Consell de la Joventut de Val\u00e8ncia (CJV), se desarrollar\u00e1 en el Sal\u00f3n de Actos \u00abJoan Fuster\u00bb, en la Facultad de Geograf\u00eda e Historia de la Universitat de Val\u00e8ncia (Avenida Blasco Ib\u00e1\u00f1ez, 28), y comenzar\u00e1 a las 18:30h.<\/p>\n<p>El polit\u00f3logo y profesor de Ciencias Pol\u00edticas Pablo Sim\u00f3n abordar\u00e1 cuestiones como los mecanismos de participaci\u00f3n y c\u00f3mo la ciudadan\u00eda puede influir en la pol\u00edtica m\u00e1s all\u00e1 de su voto cada cuatro a\u00f1os. Tambi\u00e9n sobre el papel que juega el asociacionismo y, en concreto, las asociaciones vecinales como motor de cambio de las ciudades y sus barrios.<\/p>","protected":false},"author":1,"featured_media":4478,"menu_order":0,"comment_status":"open","ping_status":"closed","template":"","meta":[],"tags":[],"event_type":[12],"event_type_2":[],"class_list":{"0":"post-4477","1":"ajde_events","2":"type-ajde_events","3":"status-publish","4":"has-post-thumbnail","6":"event_location-salon-de-actos-joan-fuster-facultad-de-geografia-e-historia","7":"event_organizer-federacio-dassociacions-veinals-de-valencia-faavv","8":"event_type-libros"},"yoast_head":"<!-- This site is optimized with the Yoast SEO plugin v26.8 - https:\/\/yoast.com\/product\/yoast-seo-wordpress\/ -->\n<title>Redefiniendo la democracia con Pablo Sim\u00f3n - Loving Diversity VLC<\/title>\n<meta name=\"robots\" content=\"index, follow, max-snippet:-1, max-image-preview:large, max-video-preview:-1\" \/>\n<link rel=\"canonical\" href=\"https:\/\/lovingdiversity.es\/val\/events\/redefiniendo-la-democracia-con-pablo-simon\/\" \/>\n<meta property=\"og:locale\" content=\"es_ES\" \/>\n<meta property=\"og:type\" content=\"article\" \/>\n<meta property=\"og:title\" content=\"Redefiniendo la democracia con Pablo Sim\u00f3n - Loving Diversity VLC\" \/>\n<meta property=\"og:description\" content=\"El jueves d\u00eda 16 de enero realizaremos la charla con la participaci\u00f3n del televisivo polit\u00f3logo y profesor universitario Pablo Sim\u00f3n que tuvimos que aplazar por la dana. Este acto, organizado...\" \/>\n<meta property=\"og:url\" content=\"https:\/\/lovingdiversity.es\/val\/events\/redefiniendo-la-democracia-con-pablo-simon\/\" \/>\n<meta property=\"og:site_name\" content=\"Loving Diversity VLC\" \/>\n<meta property=\"article:publisher\" content=\"https:\/\/www.facebook.com\/ComiteVLC\/\" \/>\n<meta property=\"article:modified_time\" content=\"2025-01-19T18:28:33+00:00\" \/>\n<meta property=\"og:image\" content=\"https:\/\/lovingdiversity.es\/wp-content\/uploads\/2025\/01\/Banner-Eventos-Web-13.png\" \/>\n\t<meta property=\"og:image:width\" content=\"1400\" \/>\n\t<meta property=\"og:image:height\" content=\"500\" \/>\n\t<meta property=\"og:image:type\" content=\"image\/png\" \/>\n<meta name=\"twitter:card\" content=\"summary_large_image\" \/>\n<meta name=\"twitter:label1\" content=\"Est. reading time\" \/>\n\t<meta name=\"twitter:data1\" content=\"1 minute\" \/>\n<script type=\"application\/ld+json\" class=\"yoast-schema-graph\">{\"@context\":\"https:\/\/schema.org\",\"@graph\":[{\"@type\":\"WebPage\",\"@id\":\"https:\/\/lovingdiversity.es\/events\/redefiniendo-la-democracia-con-pablo-simon\/\",\"url\":\"https:\/\/lovingdiversity.es\/events\/redefiniendo-la-democracia-con-pablo-simon\/\",\"name\":\"Redefiniendo la democracia con Pablo Sim\u00f3n - Loving Diversity VLC\",\"isPartOf\":{\"@id\":\"https:\/\/lovingdiversity.es\/#website\"},\"primaryImageOfPage\":{\"@id\":\"https:\/\/lovingdiversity.es\/events\/redefiniendo-la-democracia-con-pablo-simon\/#primaryimage\"},\"image\":{\"@id\":\"https:\/\/lovingdiversity.es\/events\/redefiniendo-la-democracia-con-pablo-simon\/#primaryimage\"},\"thumbnailUrl\":\"https:\/\/lovingdiversity.es\/wp-content\/uploads\/2025\/01\/Banner-Eventos-Web-13.png\",\"datePublished\":\"2025-01-16T12:17:23+00:00\",\"dateModified\":\"2025-01-19T18:28:33+00:00\",\"breadcrumb\":{\"@id\":\"https:\/\/lovingdiversity.es\/events\/redefiniendo-la-democracia-con-pablo-simon\/#breadcrumb\"},\"inLanguage\":\"es-VAL\",\"potentialAction\":[{\"@type\":\"ReadAction\",\"target\":[\"https:\/\/lovingdiversity.es\/events\/redefiniendo-la-democracia-con-pablo-simon\/\"]}]},{\"@type\":\"ImageObject\",\"inLanguage\":\"es-VAL\",\"@id\":\"https:\/\/lovingdiversity.es\/events\/redefiniendo-la-democracia-con-pablo-simon\/#primaryimage\",\"url\":\"https:\/\/lovingdiversity.es\/wp-content\/uploads\/2025\/01\/Banner-Eventos-Web-13.png\",\"contentUrl\":\"https:\/\/lovingdiversity.es\/wp-content\/uploads\/2025\/01\/Banner-Eventos-Web-13.png\",\"width\":1400,\"height\":500,\"caption\":\"Banner 15\"},{\"@type\":\"BreadcrumbList\",\"@id\":\"https:\/\/lovingdiversity.es\/events\/redefiniendo-la-democracia-con-pablo-simon\/#breadcrumb\",\"itemListElement\":[{\"@type\":\"ListItem\",\"position\":1,\"name\":\"Portada\",\"item\":\"https:\/\/lovingdiversity.es\/\"},{\"@type\":\"ListItem\",\"position\":2,\"name\":\"Events\",\"item\":\"https:\/\/lovingdiversity.es\/events\/\"},{\"@type\":\"ListItem\",\"position\":3,\"name\":\"Redefiniendo la democracia con Pablo Sim\u00f3n\"}]},{\"@type\":\"WebSite\",\"@id\":\"https:\/\/lovingdiversity.es\/#website\",\"url\":\"https:\/\/lovingdiversity.es\/\",\"name\":\"Loving Diversity VLC\",\"description\":\"Agenda de Ocio LGTBI\",\"publisher\":{\"@id\":\"https:\/\/lovingdiversity.es\/#organization\"},\"potentialAction\":[{\"@type\":\"SearchAction\",\"target\":{\"@type\":\"EntryPoint\",\"urlTemplate\":\"https:\/\/lovingdiversity.es\/?s={search_term_string}\"},\"query-input\":{\"@type\":\"PropertyValueSpecification\",\"valueRequired\":true,\"valueName\":\"search_term_string\"}}],\"inLanguage\":\"es-VAL\"},{\"@type\":\"Organization\",\"@id\":\"https:\/\/lovingdiversity.es\/#organization\",\"name\":\"Loving Diversity VLC\",\"url\":\"https:\/\/lovingdiversity.es\/\",\"logo\":{\"@type\":\"ImageObject\",\"inLanguage\":\"es-VAL\",\"@id\":\"https:\/\/lovingdiversity.es\/#\/schema\/logo\/image\/\",\"url\":\"https:\/\/lovingdiversity.es\/wp-content\/uploads\/2024\/12\/logotipo_loving.png\",\"contentUrl\":\"https:\/\/lovingdiversity.es\/wp-content\/uploads\/2024\/12\/logotipo_loving.png\",\"width\":400,\"height\":112,\"caption\":\"Loving Diversity VLC\"},\"image\":{\"@id\":\"https:\/\/lovingdiversity.es\/#\/schema\/logo\/image\/\"},\"sameAs\":[\"https:\/\/www.facebook.com\/ComiteVLC\/\",\"https:\/\/www.instagram.com\/comitevlc\/\",\"https:\/\/www.tiktok.com\/@comitevlc\"]}]}<\/script>\n<!-- \/ Yoast SEO plugin. -->","yoast_head_json":{"title":"Redefiniendo la democracia con Pablo Sim\u00f3n - Loving Diversity VLC","robots":{"index":"index","follow":"follow","max-snippet":"max-snippet:-1","max-image-preview":"max-image-preview:large","max-video-preview":"max-video-preview:-1"},"canonical":"https:\/\/lovingdiversity.es\/val\/events\/redefiniendo-la-democracia-con-pablo-simon\/","og_locale":"es_ES","og_type":"article","og_title":"Redefiniendo la democracia con Pablo Sim\u00f3n - Loving Diversity VLC","og_description":"El jueves d\u00eda 16 de enero realizaremos la charla con la participaci\u00f3n del televisivo polit\u00f3logo y profesor universitario Pablo Sim\u00f3n que tuvimos que aplazar por la dana. Este acto, organizado...","og_url":"https:\/\/lovingdiversity.es\/val\/events\/redefiniendo-la-democracia-con-pablo-simon\/","og_site_name":"Loving Diversity VLC","article_publisher":"https:\/\/www.facebook.com\/ComiteVLC\/","article_modified_time":"2025-01-19T18:28:33+00:00","og_image":[{"width":1400,"height":500,"url":"https:\/\/lovingdiversity.es\/wp-content\/uploads\/2025\/01\/Banner-Eventos-Web-13.png","type":"image\/png"}],"twitter_card":"summary_large_image","twitter_misc":{"Est. reading time":"1 minute"},"schema":{"@context":"https:\/\/schema.org","@graph":[{"@type":"WebPage","@id":"https:\/\/lovingdiversity.es\/events\/redefiniendo-la-democracia-con-pablo-simon\/","url":"https:\/\/lovingdiversity.es\/events\/redefiniendo-la-democracia-con-pablo-simon\/","name":"Redefiniendo la democracia con Pablo Sim\u00f3n - Loving Diversity VLC","isPartOf":{"@id":"https:\/\/lovingdiversity.es\/#website"},"primaryImageOfPage":{"@id":"https:\/\/lovingdiversity.es\/events\/redefiniendo-la-democracia-con-pablo-simon\/#primaryimage"},"image":{"@id":"https:\/\/lovingdiversity.es\/events\/redefiniendo-la-democracia-con-pablo-simon\/#primaryimage"},"thumbnailUrl":"https:\/\/lovingdiversity.es\/wp-content\/uploads\/2025\/01\/Banner-Eventos-Web-13.png","datePublished":"2025-01-16T12:17:23+00:00","dateModified":"2025-01-19T18:28:33+00:00","breadcrumb":{"@id":"https:\/\/lovingdiversity.es\/events\/redefiniendo-la-democracia-con-pablo-simon\/#breadcrumb"},"inLanguage":"es-VAL","potentialAction":[{"@type":"ReadAction","target":["https:\/\/lovingdiversity.es\/events\/redefiniendo-la-democracia-con-pablo-simon\/"]}]},{"@type":"ImageObject","inLanguage":"es-VAL","@id":"https:\/\/lovingdiversity.es\/events\/redefiniendo-la-democracia-con-pablo-simon\/#primaryimage","url":"https:\/\/lovingdiversity.es\/wp-content\/uploads\/2025\/01\/Banner-Eventos-Web-13.png","contentUrl":"https:\/\/lovingdiversity.es\/wp-content\/uploads\/2025\/01\/Banner-Eventos-Web-13.png","width":1400,"height":500,"caption":"Banner 15"},{"@type":"BreadcrumbList","@id":"https:\/\/lovingdiversity.es\/events\/redefiniendo-la-democracia-con-pablo-simon\/#breadcrumb","itemListElement":[{"@type":"ListItem","position":1,"name":"Portada","item":"https:\/\/lovingdiversity.es\/"},{"@type":"ListItem","position":2,"name":"Events","item":"https:\/\/lovingdiversity.es\/events\/"},{"@type":"ListItem","position":3,"name":"Redefiniendo la democracia con Pablo Sim\u00f3n"}]},{"@type":"WebSite","@id":"https:\/\/lovingdiversity.es\/#website","url":"https:\/\/lovingdiversity.es\/","name":"Loving Diversity VLC","description":"Agenda de Ocio LGTBI","publisher":{"@id":"https:\/\/lovingdiversity.es\/#organization"},"potentialAction":[{"@type":"SearchAction","target":{"@type":"EntryPoint","urlTemplate":"https:\/\/lovingdiversity.es\/?s={search_term_string}"},"query-input":{"@type":"PropertyValueSpecification","valueRequired":true,"valueName":"search_term_string"}}],"inLanguage":"es-VAL"},{"@type":"Organization","@id":"https:\/\/lovingdiversity.es\/#organization","name":"Loving Diversity VLC","url":"https:\/\/lovingdiversity.es\/","logo":{"@type":"ImageObject","inLanguage":"es-VAL","@id":"https:\/\/lovingdiversity.es\/#\/schema\/logo\/image\/","url":"https:\/\/lovingdiversity.es\/wp-content\/uploads\/2024\/12\/logotipo_loving.png","contentUrl":"https:\/\/lovingdiversity.es\/wp-content\/uploads\/2024\/12\/logotipo_loving.png","width":400,"height":112,"caption":"Loving Diversity VLC"},"image":{"@id":"https:\/\/lovingdiversity.es\/#\/schema\/logo\/image\/"},"sameAs":["https:\/\/www.facebook.com\/ComiteVLC\/","https:\/\/www.instagram.com\/comitevlc\/","https:\/\/www.tiktok.com\/@comitevlc"]}]}},"_links":{"self":[{"href":"https:\/\/lovingdiversity.es\/val\/wp-json\/wp\/v2\/ajde_events\/4477","targetHints":{"allow":["GET"]}}],"collection":[{"href":"https:\/\/lovingdiversity.es\/val\/wp-json\/wp\/v2\/ajde_events"}],"about":[{"href":"https:\/\/lovingdiversity.es\/val\/wp-json\/wp\/v2\/types\/ajde_events"}],"author":[{"embeddable":true,"href":"https:\/\/lovingdiversity.es\/val\/wp-json\/wp\/v2\/users\/1"}],"replies":[{"embeddable":true,"href":"https:\/\/lovingdiversity.es\/val\/wp-json\/wp\/v2\/comments?post=4477"}],"wp:featuredmedia":[{"embeddable":true,"href":"https:\/\/lovingdiversity.es\/val\/wp-json\/wp\/v2\/media\/4478"}],"wp:attachment":[{"href":"https:\/\/lovingdiversity.es\/val\/wp-json\/wp\/v2\/media?parent=4477"}],"wp:term":[{"taxonomy":"post_tag","embeddable":true,"href":"https:\/\/lovingdiversity.es\/val\/wp-json\/wp\/v2\/tags?post=4477"},{"taxonomy":"event_type","embeddable":true,"href":"https:\/\/lovingdiversity.es\/val\/wp-json\/wp\/v2\/event_type?post=4477"},{"taxonomy":"event_type_2","embeddable":true,"href":"https:\/\/lovingdiversity.es\/val\/wp-json\/wp\/v2\/event_type_2?post=4477"}],"curies":[{"name":"wp","href":"https:\/\/api.w.org\/{rel}","templated":true}]}}

Redefiniendo la democracia con Pablo Simón

<p><span style="color: #000000;">El jueves día 16 de enero realizaremos la charla con la participación del televisivo politólogo y profesor universitario Pablo Simón que tuvimos que aplazar por la dana.</span></p>
<p>Este acto, organizado por la Federació d&#8217;Associacions Veïnals de València en colaboración con el Consell de la Joventut de València (CJV), se desarrollará en el Salón de Actos «Joan Fuster», en la Facultad de Geografía e Historia de la Universitat de València (Avenida Blasco Ibáñez, 28), y comenzará a las 18:30h.</p>
<p>El politólogo y profesor de Ciencias Políticas Pablo Simón abordará cuestiones como los mecanismos de participación y cómo la ciudadanía puede influir en la política más allá de su voto cada cuatro años. También sobre el papel que juega el asociacionismo y, en concreto, las asociaciones vecinales como motor de cambio de las ciudades y sus barrios.</p>

<!-- This site is optimized with the Yoast SEO plugin v26.8 - https://yoast.com/product/yoast-seo-wordpress/ -->
<title>Redefiniendo la democracia con Pablo Simón - Loving Diversity VLC</title>
<meta name="robots" content="index, follow, max-snippet:-1, max-image-preview:large, max-video-preview:-1" />
<link rel="canonical" href="https://lovingdiversity.es/val/events/redefiniendo-la-democracia-con-pablo-simon/" />
<meta property="og:locale" content="es_ES" />
<meta property="og:type" content="article" />
<meta property="og:title" content="Redefiniendo la democracia con Pablo Simón - Loving Diversity VLC" />
<meta property="og:description" content="El jueves día 16 de enero realizaremos la charla con la participación del televisivo politólogo y profesor universitario Pablo Simón que tuvimos que aplazar por la dana. Este acto, organizado..." />
<meta property="og:url" content="https://lovingdiversity.es/val/events/redefiniendo-la-democracia-con-pablo-simon/" />
<meta property="og:site_name" content="Loving Diversity VLC" />
<meta property="article:publisher" content="https://www.facebook.com/ComiteVLC/" />
<meta property="article:modified_time" content="2025-01-19T18:28:33+00:00" />
<meta property="og:image" content="https://lovingdiversity.es/wp-content/uploads/2025/01/Banner-Eventos-Web-13.png" />
	<meta property="og:image:width" content="1400" />
	<meta property="og:image:height" content="500" />
	<meta property="og:image:type" content="image/png" />
<meta name="twitter:card" content="summary_large_image" />
<meta name="twitter:label1" content="Est. reading time" />
	<meta name="twitter:data1" content="1 minute" />
<script type="application/ld+json" class="yoast-schema-graph">{"@context":"https://schema.org","@graph":[{"@type":"WebPage","@id":"https://lovingdiversity.es/events/redefiniendo-la-democracia-con-pablo-simon/","url":"https://lovingdiversity.es/events/redefiniendo-la-democracia-con-pablo-simon/","name":"Redefiniendo la democracia con Pablo Simón - Loving Diversity VLC","isPartOf":{"@id":"https://lovingdiversity.es/#website"},"primaryImageOfPage":{"@id":"https://lovingdiversity.es/events/redefiniendo-la-democracia-con-pablo-simon/#primaryimage"},"image":{"@id":"https://lovingdiversity.es/events/redefiniendo-la-democracia-con-pablo-simon/#primaryimage"},"thumbnailUrl":"https://lovingdiversity.es/wp-content/uploads/2025/01/Banner-Eventos-Web-13.png","datePublished":"2025-01-16T12:17:23+00:00","dateModified":"2025-01-19T18:28:33+00:00","breadcrumb":{"@id":"https://lovingdiversity.es/events/redefiniendo-la-democracia-con-pablo-simon/#breadcrumb"},"inLanguage":"es-VAL","potentialAction":[{"@type":"ReadAction","target":["https://lovingdiversity.es/events/redefiniendo-la-democracia-con-pablo-simon/"]}]},{"@type":"ImageObject","inLanguage":"es-VAL","@id":"https://lovingdiversity.es/events/redefiniendo-la-democracia-con-pablo-simon/#primaryimage","url":"https://lovingdiversity.es/wp-content/uploads/2025/01/Banner-Eventos-Web-13.png","contentUrl":"https://lovingdiversity.es/wp-content/uploads/2025/01/Banner-Eventos-Web-13.png","width":1400,"height":500,"caption":"Banner 15"},{"@type":"BreadcrumbList","@id":"https://lovingdiversity.es/events/redefiniendo-la-democracia-con-pablo-simon/#breadcrumb","itemListElement":[{"@type":"ListItem","position":1,"name":"Portada","item":"https://lovingdiversity.es/"},{"@type":"ListItem","position":2,"name":"Events","item":"https://lovingdiversity.es/events/"},{"@type":"ListItem","position":3,"name":"Redefiniendo la democracia con Pablo Simón"}]},{"@type":"WebSite","@id":"https://lovingdiversity.es/#website","url":"https://lovingdiversity.es/","name":"Loving Diversity VLC","description":"Agenda de Ocio LGTBI","publisher":{"@id":"https://lovingdiversity.es/#organization"},"potentialAction":[{"@type":"SearchAction","target":{"@type":"EntryPoint","urlTemplate":"https://lovingdiversity.es/?s={search_term_string}"},"query-input":{"@type":"PropertyValueSpecification","valueRequired":true,"valueName":"search_term_string"}}],"inLanguage":"es-VAL"},{"@type":"Organization","@id":"https://lovingdiversity.es/#organization","name":"Loving Diversity VLC","url":"https://lovingdiversity.es/","logo":{"@type":"ImageObject","inLanguage":"es-VAL","@id":"https://lovingdiversity.es/#/schema/logo/image/","url":"https://lovingdiversity.es/wp-content/uploads/2024/12/logotipo_loving.png","contentUrl":"https://lovingdiversity.es/wp-content/uploads/2024/12/logotipo_loving.png","width":400,"height":112,"caption":"Loving Diversity VLC"},"image":{"@id":"https://lovingdiversity.es/#/schema/logo/image/"},"sameAs":["https://www.facebook.com/ComiteVLC/","https://www.instagram.com/comitevlc/","https://www.tiktok.com/@comitevlc"]}]}</script>
<!-- / Yoast SEO plugin. -->

Redefiniendo la democracia con Pablo Simón - Loving Diversity VLC

El jueves día 16 de enero realizaremos la charla con la participación del televisivo politólogo y profesor universitario Pablo Simón que tuvimos que aplazar por la dana. Este acto, organizado...
