{"id":5358,"date":"2025-02-06T12:03:15","date_gmt":"2025-02-06T12:03:15","guid":{"rendered":"https:\/\/lovingdiversity.es\/?post_type=ajde_events&#038;p=5358"},"modified":"2025-02-06T12:03:15","modified_gmt":"2025-02-06T12:03:15","slug":"mujer-conflicto-y-paz-en-colombia","status":"publish","type":"ajde_events","link":"https:\/\/lovingdiversity.es\/val\/events\/mujer-conflicto-y-paz-en-colombia\/","title":{"rendered":"Mujer, conflicto y paz en Colombia"},"content":{"rendered":"<p>Mujer, conflicto armado y paz en Colombia es una\u00a0<strong>exposici\u00f3n fotogr\u00e1fica de Patricia Iranzo, fot\u00f3grafa y artista visual valenciana<\/strong>, que ofrece una r<strong>eflexi\u00f3n profunda sobre el impacto del conflicto armado en Colombia y el papel fundamental de las mujeres en la construcci\u00f3n de paz\u00a0<\/strong>tras el Acuerdo de Paz de 2016.<\/p>\n<p>La muestra aborda la memoria hist\u00f3rica del conflicto colombiano a trav\u00e9s de los\u00a0<strong>retratos de 25 mujeres que han vivido directamente las violencias de la guerra<\/strong>, pero que hoy se erigen como pilares de la reconciliaci\u00f3n. La producci\u00f3n de esta\u00a0<strong>exposici\u00f3n ha sido asumida por Atelier ONGD\u00a0<\/strong>dentro del proyecto de Educaci\u00f3n para la Ciudadan\u00eda Global titulado \u201cFormaci\u00f3n y acci\u00f3n para consolidar alianzas feministas internacionales en torno a la Agenda Mujeres, Paz y Seguridad\u201d.<\/p>\n<p>Podremos visitar la exposici\u00f3n, de manera gratuita, en el\u00a0<strong>Hall del Museu d&#8217;Hist\u00f2ria de Val\u00e8ncia, hasta el 4 de mayo de 2025<\/strong>. El horario de apertura ser\u00e1, de martes a s\u00e1bado: \u00a0de 10 a 19 horas, y los domingos y festivos de 10 a 14 horas.<\/p>\n<p><span class=\"bloque_enlace\"><a title=\"Abre enlace\" href=\"https:\/\/www.cvongd.org\/es\/agenda\/inauguracion-exposicion-mujeres-conflicto-armado-y-paz-en-colombia\/\" target=\"_blank\" rel=\"noopener\" data-insuit-uuid=\"bcf40314-48d3-4ab2-913d-9197186b6ba4\">M\u00e1s informaci\u00f3n en la web de Coordinadora Valenciana ONGD.<\/a><\/span><\/p>","protected":false},"author":1,"featured_media":5359,"menu_order":0,"comment_status":"open","ping_status":"closed","template":"","meta":[],"tags":[],"event_type":[14],"event_type_2":[],"class_list":{"0":"post-5358","1":"ajde_events","2":"type-ajde_events","3":"status-publish","4":"has-post-thumbnail","6":"event_location-museo-de-historia-de-valencia","7":"event_type-arteycine"},"yoast_head":"<!-- This site is optimized with the Yoast SEO plugin v26.8 - https:\/\/yoast.com\/product\/yoast-seo-wordpress\/ -->\n<title>Mujer, conflicto y paz en Colombia - Loving Diversity VLC<\/title>\n<meta name=\"robots\" content=\"index, follow, max-snippet:-1, max-image-preview:large, max-video-preview:-1\" \/>\n<link rel=\"canonical\" href=\"https:\/\/lovingdiversity.es\/val\/events\/mujer-conflicto-y-paz-en-colombia\/\" \/>\n<meta property=\"og:locale\" content=\"es_ES\" \/>\n<meta property=\"og:type\" content=\"article\" \/>\n<meta property=\"og:title\" content=\"Mujer, conflicto y paz en Colombia - Loving Diversity VLC\" \/>\n<meta property=\"og:description\" content=\"Mujer, conflicto armado y paz en Colombia es una\u00a0exposici\u00f3n fotogr\u00e1fica de Patricia Iranzo, fot\u00f3grafa y artista visual valenciana, que ofrece una reflexi\u00f3n profunda sobre el impacto del conflicto armado en...\" \/>\n<meta property=\"og:url\" content=\"https:\/\/lovingdiversity.es\/val\/events\/mujer-conflicto-y-paz-en-colombia\/\" \/>\n<meta property=\"og:site_name\" content=\"Loving Diversity VLC\" \/>\n<meta property=\"article:publisher\" content=\"https:\/\/www.facebook.com\/ComiteVLC\/\" \/>\n<meta property=\"og:image\" content=\"http:\/\/lovingdiversity.es\/wp-content\/uploads\/2025\/02\/Banner-Eventos-Web-90.png\" \/>\n\t<meta property=\"og:image:width\" content=\"1400\" \/>\n\t<meta property=\"og:image:height\" content=\"500\" \/>\n\t<meta property=\"og:image:type\" content=\"image\/png\" \/>\n<meta name=\"twitter:card\" content=\"summary_large_image\" \/>\n<meta name=\"twitter:label1\" content=\"Est. reading time\" \/>\n\t<meta name=\"twitter:data1\" content=\"2 minutes\" \/>\n<script type=\"application\/ld+json\" class=\"yoast-schema-graph\">{\"@context\":\"https:\/\/schema.org\",\"@graph\":[{\"@type\":\"WebPage\",\"@id\":\"https:\/\/lovingdiversity.es\/events\/mujer-conflicto-y-paz-en-colombia\/\",\"url\":\"https:\/\/lovingdiversity.es\/events\/mujer-conflicto-y-paz-en-colombia\/\",\"name\":\"Mujer, conflicto y paz en Colombia - Loving Diversity VLC\",\"isPartOf\":{\"@id\":\"https:\/\/lovingdiversity.es\/#website\"},\"primaryImageOfPage\":{\"@id\":\"https:\/\/lovingdiversity.es\/events\/mujer-conflicto-y-paz-en-colombia\/#primaryimage\"},\"image\":{\"@id\":\"https:\/\/lovingdiversity.es\/events\/mujer-conflicto-y-paz-en-colombia\/#primaryimage\"},\"thumbnailUrl\":\"https:\/\/lovingdiversity.es\/wp-content\/uploads\/2025\/02\/Banner-Eventos-Web-90.png\",\"datePublished\":\"2025-02-06T12:03:15+00:00\",\"breadcrumb\":{\"@id\":\"https:\/\/lovingdiversity.es\/events\/mujer-conflicto-y-paz-en-colombia\/#breadcrumb\"},\"inLanguage\":\"es-VAL\",\"potentialAction\":[{\"@type\":\"ReadAction\",\"target\":[\"https:\/\/lovingdiversity.es\/events\/mujer-conflicto-y-paz-en-colombia\/\"]}]},{\"@type\":\"ImageObject\",\"inLanguage\":\"es-VAL\",\"@id\":\"https:\/\/lovingdiversity.es\/events\/mujer-conflicto-y-paz-en-colombia\/#primaryimage\",\"url\":\"https:\/\/lovingdiversity.es\/wp-content\/uploads\/2025\/02\/Banner-Eventos-Web-90.png\",\"contentUrl\":\"https:\/\/lovingdiversity.es\/wp-content\/uploads\/2025\/02\/Banner-Eventos-Web-90.png\",\"width\":1400,\"height\":500},{\"@type\":\"BreadcrumbList\",\"@id\":\"https:\/\/lovingdiversity.es\/events\/mujer-conflicto-y-paz-en-colombia\/#breadcrumb\",\"itemListElement\":[{\"@type\":\"ListItem\",\"position\":1,\"name\":\"Portada\",\"item\":\"https:\/\/lovingdiversity.es\/\"},{\"@type\":\"ListItem\",\"position\":2,\"name\":\"Events\",\"item\":\"https:\/\/lovingdiversity.es\/events\/\"},{\"@type\":\"ListItem\",\"position\":3,\"name\":\"Mujer, conflicto y paz en Colombia\"}]},{\"@type\":\"WebSite\",\"@id\":\"https:\/\/lovingdiversity.es\/#website\",\"url\":\"https:\/\/lovingdiversity.es\/\",\"name\":\"Loving Diversity VLC\",\"description\":\"Agenda de Ocio LGTBI\",\"publisher\":{\"@id\":\"https:\/\/lovingdiversity.es\/#organization\"},\"potentialAction\":[{\"@type\":\"SearchAction\",\"target\":{\"@type\":\"EntryPoint\",\"urlTemplate\":\"https:\/\/lovingdiversity.es\/?s={search_term_string}\"},\"query-input\":{\"@type\":\"PropertyValueSpecification\",\"valueRequired\":true,\"valueName\":\"search_term_string\"}}],\"inLanguage\":\"es-VAL\"},{\"@type\":\"Organization\",\"@id\":\"https:\/\/lovingdiversity.es\/#organization\",\"name\":\"Loving Diversity VLC\",\"url\":\"https:\/\/lovingdiversity.es\/\",\"logo\":{\"@type\":\"ImageObject\",\"inLanguage\":\"es-VAL\",\"@id\":\"https:\/\/lovingdiversity.es\/#\/schema\/logo\/image\/\",\"url\":\"https:\/\/lovingdiversity.es\/wp-content\/uploads\/2024\/12\/logotipo_loving.png\",\"contentUrl\":\"https:\/\/lovingdiversity.es\/wp-content\/uploads\/2024\/12\/logotipo_loving.png\",\"width\":400,\"height\":112,\"caption\":\"Loving Diversity VLC\"},\"image\":{\"@id\":\"https:\/\/lovingdiversity.es\/#\/schema\/logo\/image\/\"},\"sameAs\":[\"https:\/\/www.facebook.com\/ComiteVLC\/\",\"https:\/\/www.instagram.com\/comitevlc\/\",\"https:\/\/www.tiktok.com\/@comitevlc\"]}]}<\/script>\n<!-- \/ Yoast SEO plugin. -->","yoast_head_json":{"title":"Mujer, conflicto y paz en Colombia - Loving Diversity VLC","robots":{"index":"index","follow":"follow","max-snippet":"max-snippet:-1","max-image-preview":"max-image-preview:large","max-video-preview":"max-video-preview:-1"},"canonical":"https:\/\/lovingdiversity.es\/val\/events\/mujer-conflicto-y-paz-en-colombia\/","og_locale":"es_ES","og_type":"article","og_title":"Mujer, conflicto y paz en Colombia - Loving Diversity VLC","og_description":"Mujer, conflicto armado y paz en Colombia es una\u00a0exposici\u00f3n fotogr\u00e1fica de Patricia Iranzo, fot\u00f3grafa y artista visual valenciana, que ofrece una reflexi\u00f3n profunda sobre el impacto del conflicto armado en...","og_url":"https:\/\/lovingdiversity.es\/val\/events\/mujer-conflicto-y-paz-en-colombia\/","og_site_name":"Loving Diversity VLC","article_publisher":"https:\/\/www.facebook.com\/ComiteVLC\/","og_image":[{"width":1400,"height":500,"url":"http:\/\/lovingdiversity.es\/wp-content\/uploads\/2025\/02\/Banner-Eventos-Web-90.png","type":"image\/png"}],"twitter_card":"summary_large_image","twitter_misc":{"Est. reading time":"2 minutes"},"schema":{"@context":"https:\/\/schema.org","@graph":[{"@type":"WebPage","@id":"https:\/\/lovingdiversity.es\/events\/mujer-conflicto-y-paz-en-colombia\/","url":"https:\/\/lovingdiversity.es\/events\/mujer-conflicto-y-paz-en-colombia\/","name":"Mujer, conflicto y paz en Colombia - Loving Diversity VLC","isPartOf":{"@id":"https:\/\/lovingdiversity.es\/#website"},"primaryImageOfPage":{"@id":"https:\/\/lovingdiversity.es\/events\/mujer-conflicto-y-paz-en-colombia\/#primaryimage"},"image":{"@id":"https:\/\/lovingdiversity.es\/events\/mujer-conflicto-y-paz-en-colombia\/#primaryimage"},"thumbnailUrl":"https:\/\/lovingdiversity.es\/wp-content\/uploads\/2025\/02\/Banner-Eventos-Web-90.png","datePublished":"2025-02-06T12:03:15+00:00","breadcrumb":{"@id":"https:\/\/lovingdiversity.es\/events\/mujer-conflicto-y-paz-en-colombia\/#breadcrumb"},"inLanguage":"es-VAL","potentialAction":[{"@type":"ReadAction","target":["https:\/\/lovingdiversity.es\/events\/mujer-conflicto-y-paz-en-colombia\/"]}]},{"@type":"ImageObject","inLanguage":"es-VAL","@id":"https:\/\/lovingdiversity.es\/events\/mujer-conflicto-y-paz-en-colombia\/#primaryimage","url":"https:\/\/lovingdiversity.es\/wp-content\/uploads\/2025\/02\/Banner-Eventos-Web-90.png","contentUrl":"https:\/\/lovingdiversity.es\/wp-content\/uploads\/2025\/02\/Banner-Eventos-Web-90.png","width":1400,"height":500},{"@type":"BreadcrumbList","@id":"https:\/\/lovingdiversity.es\/events\/mujer-conflicto-y-paz-en-colombia\/#breadcrumb","itemListElement":[{"@type":"ListItem","position":1,"name":"Portada","item":"https:\/\/lovingdiversity.es\/"},{"@type":"ListItem","position":2,"name":"Events","item":"https:\/\/lovingdiversity.es\/events\/"},{"@type":"ListItem","position":3,"name":"Mujer, conflicto y paz en Colombia"}]},{"@type":"WebSite","@id":"https:\/\/lovingdiversity.es\/#website","url":"https:\/\/lovingdiversity.es\/","name":"Loving Diversity VLC","description":"Agenda de Ocio LGTBI","publisher":{"@id":"https:\/\/lovingdiversity.es\/#organization"},"potentialAction":[{"@type":"SearchAction","target":{"@type":"EntryPoint","urlTemplate":"https:\/\/lovingdiversity.es\/?s={search_term_string}"},"query-input":{"@type":"PropertyValueSpecification","valueRequired":true,"valueName":"search_term_string"}}],"inLanguage":"es-VAL"},{"@type":"Organization","@id":"https:\/\/lovingdiversity.es\/#organization","name":"Loving Diversity VLC","url":"https:\/\/lovingdiversity.es\/","logo":{"@type":"ImageObject","inLanguage":"es-VAL","@id":"https:\/\/lovingdiversity.es\/#\/schema\/logo\/image\/","url":"https:\/\/lovingdiversity.es\/wp-content\/uploads\/2024\/12\/logotipo_loving.png","contentUrl":"https:\/\/lovingdiversity.es\/wp-content\/uploads\/2024\/12\/logotipo_loving.png","width":400,"height":112,"caption":"Loving Diversity VLC"},"image":{"@id":"https:\/\/lovingdiversity.es\/#\/schema\/logo\/image\/"},"sameAs":["https:\/\/www.facebook.com\/ComiteVLC\/","https:\/\/www.instagram.com\/comitevlc\/","https:\/\/www.tiktok.com\/@comitevlc"]}]}},"_links":{"self":[{"href":"https:\/\/lovingdiversity.es\/val\/wp-json\/wp\/v2\/ajde_events\/5358","targetHints":{"allow":["GET"]}}],"collection":[{"href":"https:\/\/lovingdiversity.es\/val\/wp-json\/wp\/v2\/ajde_events"}],"about":[{"href":"https:\/\/lovingdiversity.es\/val\/wp-json\/wp\/v2\/types\/ajde_events"}],"author":[{"embeddable":true,"href":"https:\/\/lovingdiversity.es\/val\/wp-json\/wp\/v2\/users\/1"}],"replies":[{"embeddable":true,"href":"https:\/\/lovingdiversity.es\/val\/wp-json\/wp\/v2\/comments?post=5358"}],"wp:featuredmedia":[{"embeddable":true,"href":"https:\/\/lovingdiversity.es\/val\/wp-json\/wp\/v2\/media\/5359"}],"wp:attachment":[{"href":"https:\/\/lovingdiversity.es\/val\/wp-json\/wp\/v2\/media?parent=5358"}],"wp:term":[{"taxonomy":"post_tag","embeddable":true,"href":"https:\/\/lovingdiversity.es\/val\/wp-json\/wp\/v2\/tags?post=5358"},{"taxonomy":"event_type","embeddable":true,"href":"https:\/\/lovingdiversity.es\/val\/wp-json\/wp\/v2\/event_type?post=5358"},{"taxonomy":"event_type_2","embeddable":true,"href":"https:\/\/lovingdiversity.es\/val\/wp-json\/wp\/v2\/event_type_2?post=5358"}],"curies":[{"name":"wp","href":"https:\/\/api.w.org\/{rel}","templated":true}]}}

<p>Mujer, conflicto armado y paz en Colombia es una <strong>exposición fotográfica de Patricia Iranzo, fotógrafa y artista visual valenciana</strong>, que ofrece una r<strong>eflexión profunda sobre el impacto del conflicto armado en Colombia y el papel fundamental de las mujeres en la construcción de paz </strong>tras el Acuerdo de Paz de 2016.</p>
<p>La muestra aborda la memoria histórica del conflicto colombiano a través de los <strong>retratos de 25 mujeres que han vivido directamente las violencias de la guerra</strong>, pero que hoy se erigen como pilares de la reconciliación. La producción de esta <strong>exposición ha sido asumida por Atelier ONGD </strong>dentro del proyecto de Educación para la Ciudadanía Global titulado “Formación y acción para consolidar alianzas feministas internacionales en torno a la Agenda Mujeres, Paz y Seguridad”.</p>
<p>Podremos visitar la exposición, de manera gratuita, en el <strong>Hall del Museu d&#8217;Història de València, hasta el 4 de mayo de 2025</strong>. El horario de apertura será, de martes a sábado:  de 10 a 19 horas, y los domingos y festivos de 10 a 14 horas.</p>
<p><span class="bloque_enlace"><a title="Abre enlace" href="https://www.cvongd.org/es/agenda/inauguracion-exposicion-mujeres-conflicto-armado-y-paz-en-colombia/" target="_blank" rel="noopener" data-insuit-uuid="bcf40314-48d3-4ab2-913d-9197186b6ba4">Más información en la web de Coordinadora Valenciana ONGD.</a></span></p>

<!-- This site is optimized with the Yoast SEO plugin v26.8 - https://yoast.com/product/yoast-seo-wordpress/ -->
<title>Mujer, conflicto y paz en Colombia - Loving Diversity VLC</title>
<meta name="robots" content="index, follow, max-snippet:-1, max-image-preview:large, max-video-preview:-1" />
<link rel="canonical" href="https://lovingdiversity.es/val/events/mujer-conflicto-y-paz-en-colombia/" />
<meta property="og:locale" content="es_ES" />
<meta property="og:type" content="article" />
<meta property="og:title" content="Mujer, conflicto y paz en Colombia - Loving Diversity VLC" />
<meta property="og:description" content="Mujer, conflicto armado y paz en Colombia es una exposición fotográfica de Patricia Iranzo, fotógrafa y artista visual valenciana, que ofrece una reflexión profunda sobre el impacto del conflicto armado en..." />
<meta property="og:url" content="https://lovingdiversity.es/val/events/mujer-conflicto-y-paz-en-colombia/" />
<meta property="og:site_name" content="Loving Diversity VLC" />
<meta property="article:publisher" content="https://www.facebook.com/ComiteVLC/" />
<meta property="og:image" content="http://lovingdiversity.es/wp-content/uploads/2025/02/Banner-Eventos-Web-90.png" />
	<meta property="og:image:width" content="1400" />
	<meta property="og:image:height" content="500" />
	<meta property="og:image:type" content="image/png" />
<meta name="twitter:card" content="summary_large_image" />
<meta name="twitter:label1" content="Est. reading time" />
	<meta name="twitter:data1" content="2 minutes" />
<script type="application/ld+json" class="yoast-schema-graph">{"@context":"https://schema.org","@graph":[{"@type":"WebPage","@id":"https://lovingdiversity.es/events/mujer-conflicto-y-paz-en-colombia/","url":"https://lovingdiversity.es/events/mujer-conflicto-y-paz-en-colombia/","name":"Mujer, conflicto y paz en Colombia - Loving Diversity VLC","isPartOf":{"@id":"https://lovingdiversity.es/#website"},"primaryImageOfPage":{"@id":"https://lovingdiversity.es/events/mujer-conflicto-y-paz-en-colombia/#primaryimage"},"image":{"@id":"https://lovingdiversity.es/events/mujer-conflicto-y-paz-en-colombia/#primaryimage"},"thumbnailUrl":"https://lovingdiversity.es/wp-content/uploads/2025/02/Banner-Eventos-Web-90.png","datePublished":"2025-02-06T12:03:15+00:00","breadcrumb":{"@id":"https://lovingdiversity.es/events/mujer-conflicto-y-paz-en-colombia/#breadcrumb"},"inLanguage":"es-VAL","potentialAction":[{"@type":"ReadAction","target":["https://lovingdiversity.es/events/mujer-conflicto-y-paz-en-colombia/"]}]},{"@type":"ImageObject","inLanguage":"es-VAL","@id":"https://lovingdiversity.es/events/mujer-conflicto-y-paz-en-colombia/#primaryimage","url":"https://lovingdiversity.es/wp-content/uploads/2025/02/Banner-Eventos-Web-90.png","contentUrl":"https://lovingdiversity.es/wp-content/uploads/2025/02/Banner-Eventos-Web-90.png","width":1400,"height":500},{"@type":"BreadcrumbList","@id":"https://lovingdiversity.es/events/mujer-conflicto-y-paz-en-colombia/#breadcrumb","itemListElement":[{"@type":"ListItem","position":1,"name":"Portada","item":"https://lovingdiversity.es/"},{"@type":"ListItem","position":2,"name":"Events","item":"https://lovingdiversity.es/events/"},{"@type":"ListItem","position":3,"name":"Mujer, conflicto y paz en Colombia"}]},{"@type":"WebSite","@id":"https://lovingdiversity.es/#website","url":"https://lovingdiversity.es/","name":"Loving Diversity VLC","description":"Agenda de Ocio LGTBI","publisher":{"@id":"https://lovingdiversity.es/#organization"},"potentialAction":[{"@type":"SearchAction","target":{"@type":"EntryPoint","urlTemplate":"https://lovingdiversity.es/?s={search_term_string}"},"query-input":{"@type":"PropertyValueSpecification","valueRequired":true,"valueName":"search_term_string"}}],"inLanguage":"es-VAL"},{"@type":"Organization","@id":"https://lovingdiversity.es/#organization","name":"Loving Diversity VLC","url":"https://lovingdiversity.es/","logo":{"@type":"ImageObject","inLanguage":"es-VAL","@id":"https://lovingdiversity.es/#/schema/logo/image/","url":"https://lovingdiversity.es/wp-content/uploads/2024/12/logotipo_loving.png","contentUrl":"https://lovingdiversity.es/wp-content/uploads/2024/12/logotipo_loving.png","width":400,"height":112,"caption":"Loving Diversity VLC"},"image":{"@id":"https://lovingdiversity.es/#/schema/logo/image/"},"sameAs":["https://www.facebook.com/ComiteVLC/","https://www.instagram.com/comitevlc/","https://www.tiktok.com/@comitevlc"]}]}</script>
<!-- / Yoast SEO plugin. -->

Mujer, conflicto armado y paz en Colombia es una exposición fotográfica de Patricia Iranzo, fotógrafa y artista visual valenciana, que ofrece una reflexión profunda sobre el impacto del conflicto armado en...
