{"id":5397,"date":"2025-02-11T09:12:00","date_gmt":"2025-02-11T09:12:00","guid":{"rendered":"https:\/\/lovingdiversity.es\/events\/presentacio-economies-feministes\/"},"modified":"2025-02-11T09:14:02","modified_gmt":"2025-02-11T09:14:02","slug":"presentacio-economies-feministes","status":"publish","type":"ajde_events","link":"https:\/\/lovingdiversity.es\/val\/events\/presentacio-economies-feministes\/","title":{"rendered":"Presentaci\u00f3 Econom\u00edas Feministas"},"content":{"rendered":"<p>L&#8217;economia feminista \u00e9s un marc pol\u00edtic d&#8217;an\u00e0lisi i acci\u00f3 que aposta per despla\u00e7ar l&#8217;eix central entorn al qual entenem l&#8217;economia: abandonar la centralitat dels mercats i la valoritzaci\u00f3 del capital per focalitzar-nos en la sostenibilitat de la vida.<\/p>\n<p>Amaia P\u00e9rez Orozco \u00e9s una de les autores que ha aprofundit en la q\u00fcesti\u00f3, especialment amb el llibre Subversi\u00f3n feminista de la econom\u00eda (<a class=\"x1i10hfl xjbqb8w x1ejq31n xd10rxx x1sy0etr x17r0tee x972fbf xcfux6l x1qhh985 xm0m39n x9f619 x1ypdohk xt0psk2 xe8uvvx xdj266r x11i5rnm xat24cr x1mh8g0r xexx8yu x4uap5 x18d9i69 xkhd6sd x16tdsg8 x1hl2dhg xggy1nq x1a2a7pz notranslate _a6hd\" tabindex=\"0\" role=\"link\" href=\"https:\/\/www.instagram.com\/traficantes_libreria\/\">@traficantes_libreria<\/a> ).<br \/>\nAra compila en aquest nou t\u00edtol sis peces clau per analitzar i aterrar l&#8217;aposta per posar la vida al centre.<\/p>\n<p>L&#8217;acompanyaran Luc\u00eda G\u00f3mez, professora de la <a class=\"x1i10hfl xjbqb8w x1ejq31n xd10rxx x1sy0etr x17r0tee x972fbf xcfux6l x1qhh985 xm0m39n x9f619 x1ypdohk xt0psk2 xe8uvvx xdj266r x11i5rnm xat24cr x1mh8g0r xexx8yu x4uap5 x18d9i69 xkhd6sd x16tdsg8 x1hl2dhg xggy1nq x1a2a7pz notranslate _a6hd\" tabindex=\"0\" role=\"link\" href=\"https:\/\/www.instagram.com\/universitatvalencia\/\">@universitatvalencia<\/a> i Patricia Dopazo, agroec\u00f2loga i editora de <a class=\"x1i10hfl xjbqb8w x1ejq31n xd10rxx x1sy0etr x17r0tee x972fbf xcfux6l x1qhh985 xm0m39n x9f619 x1ypdohk xt0psk2 xe8uvvx xdj266r x11i5rnm xat24cr x1mh8g0r xexx8yu x4uap5 x18d9i69 xkhd6sd x16tdsg8 x1hl2dhg xggy1nq x1a2a7pz notranslate _a6hd\" tabindex=\"0\" role=\"link\" href=\"https:\/\/www.instagram.com\/revistasoberaniaalimentaria\/\">@revistasoberaniaalimentaria<\/a><\/p>\n<p>Acc\u00e9s lliure fins completar l&#8217;aforament<\/p>","protected":false},"author":1,"featured_media":5388,"menu_order":0,"comment_status":"open","ping_status":"closed","template":"","meta":[],"tags":[],"event_type":[12],"event_type_2":[],"class_list":{"0":"post-5397","1":"ajde_events","2":"type-ajde_events","3":"status-publish","4":"has-post-thumbnail","6":"event_location-la-repartidora","7":"event_organizer-la-repartidora","8":"event_type-libros"},"yoast_head":"<!-- This site is optimized with the Yoast SEO plugin v26.8 - https:\/\/yoast.com\/product\/yoast-seo-wordpress\/ -->\n<title>Presentaci\u00f3 Econom\u00edas Feministas - Loving Diversity VLC<\/title>\n<meta name=\"robots\" content=\"index, follow, max-snippet:-1, max-image-preview:large, max-video-preview:-1\" \/>\n<link rel=\"canonical\" href=\"https:\/\/lovingdiversity.es\/val\/events\/presentacio-economies-feministes\/\" \/>\n<meta property=\"og:locale\" content=\"es_ES\" \/>\n<meta property=\"og:type\" content=\"article\" \/>\n<meta property=\"og:title\" content=\"Presentaci\u00f3 Econom\u00edas Feministas - Loving Diversity VLC\" \/>\n<meta property=\"og:description\" content=\"L&#8217;economia feminista \u00e9s un marc pol\u00edtic d&#8217;an\u00e0lisi i acci\u00f3 que aposta per despla\u00e7ar l&#8217;eix central entorn al qual entenem l&#8217;economia: abandonar la centralitat dels mercats i la valoritzaci\u00f3 del capital...\" \/>\n<meta property=\"og:url\" content=\"https:\/\/lovingdiversity.es\/val\/events\/presentacio-economies-feministes\/\" \/>\n<meta property=\"og:site_name\" content=\"Loving Diversity VLC\" \/>\n<meta property=\"article:publisher\" content=\"https:\/\/www.facebook.com\/ComiteVLC\/\" \/>\n<meta property=\"article:modified_time\" content=\"2025-02-11T09:14:02+00:00\" \/>\n<meta property=\"og:image\" content=\"http:\/\/lovingdiversity.es\/wp-content\/uploads\/2025\/02\/Banner-Eventos-Web-100.png\" \/>\n\t<meta property=\"og:image:width\" content=\"1400\" \/>\n\t<meta property=\"og:image:height\" content=\"500\" \/>\n\t<meta property=\"og:image:type\" content=\"image\/png\" \/>\n<meta name=\"twitter:card\" content=\"summary_large_image\" \/>\n<meta name=\"twitter:label1\" content=\"Est. reading time\" \/>\n\t<meta name=\"twitter:data1\" content=\"1 minute\" \/>\n<script type=\"application\/ld+json\" class=\"yoast-schema-graph\">{\"@context\":\"https:\/\/schema.org\",\"@graph\":[{\"@type\":\"WebPage\",\"@id\":\"https:\/\/lovingdiversity.es\/events\/presentacio-economies-feministes\/\",\"url\":\"https:\/\/lovingdiversity.es\/events\/presentacio-economies-feministes\/\",\"name\":\"Presentaci\u00f3 Econom\u00edas Feministas - Loving Diversity VLC\",\"isPartOf\":{\"@id\":\"https:\/\/lovingdiversity.es\/#website\"},\"primaryImageOfPage\":{\"@id\":\"https:\/\/lovingdiversity.es\/events\/presentacio-economies-feministes\/#primaryimage\"},\"image\":{\"@id\":\"https:\/\/lovingdiversity.es\/events\/presentacio-economies-feministes\/#primaryimage\"},\"thumbnailUrl\":\"https:\/\/lovingdiversity.es\/wp-content\/uploads\/2025\/02\/Banner-Eventos-Web-100.png\",\"datePublished\":\"2025-02-11T09:12:00+00:00\",\"dateModified\":\"2025-02-11T09:14:02+00:00\",\"breadcrumb\":{\"@id\":\"https:\/\/lovingdiversity.es\/events\/presentacio-economies-feministes\/#breadcrumb\"},\"inLanguage\":\"es-VAL\",\"potentialAction\":[{\"@type\":\"ReadAction\",\"target\":[\"https:\/\/lovingdiversity.es\/events\/presentacio-economies-feministes\/\"]}]},{\"@type\":\"ImageObject\",\"inLanguage\":\"es-VAL\",\"@id\":\"https:\/\/lovingdiversity.es\/events\/presentacio-economies-feministes\/#primaryimage\",\"url\":\"https:\/\/lovingdiversity.es\/wp-content\/uploads\/2025\/02\/Banner-Eventos-Web-100.png\",\"contentUrl\":\"https:\/\/lovingdiversity.es\/wp-content\/uploads\/2025\/02\/Banner-Eventos-Web-100.png\",\"width\":1400,\"height\":500},{\"@type\":\"BreadcrumbList\",\"@id\":\"https:\/\/lovingdiversity.es\/events\/presentacio-economies-feministes\/#breadcrumb\",\"itemListElement\":[{\"@type\":\"ListItem\",\"position\":1,\"name\":\"Portada\",\"item\":\"https:\/\/lovingdiversity.es\/\"},{\"@type\":\"ListItem\",\"position\":2,\"name\":\"Events\",\"item\":\"https:\/\/lovingdiversity.es\/events\/\"},{\"@type\":\"ListItem\",\"position\":3,\"name\":\"Presentaci\u00f3 Econom\u00edas Feministas\"}]},{\"@type\":\"WebSite\",\"@id\":\"https:\/\/lovingdiversity.es\/#website\",\"url\":\"https:\/\/lovingdiversity.es\/\",\"name\":\"Loving Diversity VLC\",\"description\":\"Agenda de Ocio LGTBI\",\"publisher\":{\"@id\":\"https:\/\/lovingdiversity.es\/#organization\"},\"potentialAction\":[{\"@type\":\"SearchAction\",\"target\":{\"@type\":\"EntryPoint\",\"urlTemplate\":\"https:\/\/lovingdiversity.es\/?s={search_term_string}\"},\"query-input\":{\"@type\":\"PropertyValueSpecification\",\"valueRequired\":true,\"valueName\":\"search_term_string\"}}],\"inLanguage\":\"es-VAL\"},{\"@type\":\"Organization\",\"@id\":\"https:\/\/lovingdiversity.es\/#organization\",\"name\":\"Loving Diversity VLC\",\"url\":\"https:\/\/lovingdiversity.es\/\",\"logo\":{\"@type\":\"ImageObject\",\"inLanguage\":\"es-VAL\",\"@id\":\"https:\/\/lovingdiversity.es\/#\/schema\/logo\/image\/\",\"url\":\"https:\/\/lovingdiversity.es\/wp-content\/uploads\/2024\/12\/logotipo_loving.png\",\"contentUrl\":\"https:\/\/lovingdiversity.es\/wp-content\/uploads\/2024\/12\/logotipo_loving.png\",\"width\":400,\"height\":112,\"caption\":\"Loving Diversity VLC\"},\"image\":{\"@id\":\"https:\/\/lovingdiversity.es\/#\/schema\/logo\/image\/\"},\"sameAs\":[\"https:\/\/www.facebook.com\/ComiteVLC\/\",\"https:\/\/www.instagram.com\/comitevlc\/\",\"https:\/\/www.tiktok.com\/@comitevlc\"]}]}<\/script>\n<!-- \/ Yoast SEO plugin. -->","yoast_head_json":{"title":"Presentaci\u00f3 Econom\u00edas Feministas - Loving Diversity VLC","robots":{"index":"index","follow":"follow","max-snippet":"max-snippet:-1","max-image-preview":"max-image-preview:large","max-video-preview":"max-video-preview:-1"},"canonical":"https:\/\/lovingdiversity.es\/val\/events\/presentacio-economies-feministes\/","og_locale":"es_ES","og_type":"article","og_title":"Presentaci\u00f3 Econom\u00edas Feministas - Loving Diversity VLC","og_description":"L&#8217;economia feminista \u00e9s un marc pol\u00edtic d&#8217;an\u00e0lisi i acci\u00f3 que aposta per despla\u00e7ar l&#8217;eix central entorn al qual entenem l&#8217;economia: abandonar la centralitat dels mercats i la valoritzaci\u00f3 del capital...","og_url":"https:\/\/lovingdiversity.es\/val\/events\/presentacio-economies-feministes\/","og_site_name":"Loving Diversity VLC","article_publisher":"https:\/\/www.facebook.com\/ComiteVLC\/","article_modified_time":"2025-02-11T09:14:02+00:00","og_image":[{"width":1400,"height":500,"url":"http:\/\/lovingdiversity.es\/wp-content\/uploads\/2025\/02\/Banner-Eventos-Web-100.png","type":"image\/png"}],"twitter_card":"summary_large_image","twitter_misc":{"Est. reading time":"1 minute"},"schema":{"@context":"https:\/\/schema.org","@graph":[{"@type":"WebPage","@id":"https:\/\/lovingdiversity.es\/events\/presentacio-economies-feministes\/","url":"https:\/\/lovingdiversity.es\/events\/presentacio-economies-feministes\/","name":"Presentaci\u00f3 Econom\u00edas Feministas - Loving Diversity VLC","isPartOf":{"@id":"https:\/\/lovingdiversity.es\/#website"},"primaryImageOfPage":{"@id":"https:\/\/lovingdiversity.es\/events\/presentacio-economies-feministes\/#primaryimage"},"image":{"@id":"https:\/\/lovingdiversity.es\/events\/presentacio-economies-feministes\/#primaryimage"},"thumbnailUrl":"https:\/\/lovingdiversity.es\/wp-content\/uploads\/2025\/02\/Banner-Eventos-Web-100.png","datePublished":"2025-02-11T09:12:00+00:00","dateModified":"2025-02-11T09:14:02+00:00","breadcrumb":{"@id":"https:\/\/lovingdiversity.es\/events\/presentacio-economies-feministes\/#breadcrumb"},"inLanguage":"es-VAL","potentialAction":[{"@type":"ReadAction","target":["https:\/\/lovingdiversity.es\/events\/presentacio-economies-feministes\/"]}]},{"@type":"ImageObject","inLanguage":"es-VAL","@id":"https:\/\/lovingdiversity.es\/events\/presentacio-economies-feministes\/#primaryimage","url":"https:\/\/lovingdiversity.es\/wp-content\/uploads\/2025\/02\/Banner-Eventos-Web-100.png","contentUrl":"https:\/\/lovingdiversity.es\/wp-content\/uploads\/2025\/02\/Banner-Eventos-Web-100.png","width":1400,"height":500},{"@type":"BreadcrumbList","@id":"https:\/\/lovingdiversity.es\/events\/presentacio-economies-feministes\/#breadcrumb","itemListElement":[{"@type":"ListItem","position":1,"name":"Portada","item":"https:\/\/lovingdiversity.es\/"},{"@type":"ListItem","position":2,"name":"Events","item":"https:\/\/lovingdiversity.es\/events\/"},{"@type":"ListItem","position":3,"name":"Presentaci\u00f3 Econom\u00edas Feministas"}]},{"@type":"WebSite","@id":"https:\/\/lovingdiversity.es\/#website","url":"https:\/\/lovingdiversity.es\/","name":"Loving Diversity VLC","description":"Agenda de Ocio LGTBI","publisher":{"@id":"https:\/\/lovingdiversity.es\/#organization"},"potentialAction":[{"@type":"SearchAction","target":{"@type":"EntryPoint","urlTemplate":"https:\/\/lovingdiversity.es\/?s={search_term_string}"},"query-input":{"@type":"PropertyValueSpecification","valueRequired":true,"valueName":"search_term_string"}}],"inLanguage":"es-VAL"},{"@type":"Organization","@id":"https:\/\/lovingdiversity.es\/#organization","name":"Loving Diversity VLC","url":"https:\/\/lovingdiversity.es\/","logo":{"@type":"ImageObject","inLanguage":"es-VAL","@id":"https:\/\/lovingdiversity.es\/#\/schema\/logo\/image\/","url":"https:\/\/lovingdiversity.es\/wp-content\/uploads\/2024\/12\/logotipo_loving.png","contentUrl":"https:\/\/lovingdiversity.es\/wp-content\/uploads\/2024\/12\/logotipo_loving.png","width":400,"height":112,"caption":"Loving Diversity VLC"},"image":{"@id":"https:\/\/lovingdiversity.es\/#\/schema\/logo\/image\/"},"sameAs":["https:\/\/www.facebook.com\/ComiteVLC\/","https:\/\/www.instagram.com\/comitevlc\/","https:\/\/www.tiktok.com\/@comitevlc"]}]}},"_links":{"self":[{"href":"https:\/\/lovingdiversity.es\/val\/wp-json\/wp\/v2\/ajde_events\/5397","targetHints":{"allow":["GET"]}}],"collection":[{"href":"https:\/\/lovingdiversity.es\/val\/wp-json\/wp\/v2\/ajde_events"}],"about":[{"href":"https:\/\/lovingdiversity.es\/val\/wp-json\/wp\/v2\/types\/ajde_events"}],"author":[{"embeddable":true,"href":"https:\/\/lovingdiversity.es\/val\/wp-json\/wp\/v2\/users\/1"}],"replies":[{"embeddable":true,"href":"https:\/\/lovingdiversity.es\/val\/wp-json\/wp\/v2\/comments?post=5397"}],"wp:featuredmedia":[{"embeddable":true,"href":"https:\/\/lovingdiversity.es\/val\/wp-json\/wp\/v2\/media\/5388"}],"wp:attachment":[{"href":"https:\/\/lovingdiversity.es\/val\/wp-json\/wp\/v2\/media?parent=5397"}],"wp:term":[{"taxonomy":"post_tag","embeddable":true,"href":"https:\/\/lovingdiversity.es\/val\/wp-json\/wp\/v2\/tags?post=5397"},{"taxonomy":"event_type","embeddable":true,"href":"https:\/\/lovingdiversity.es\/val\/wp-json\/wp\/v2\/event_type?post=5397"},{"taxonomy":"event_type_2","embeddable":true,"href":"https:\/\/lovingdiversity.es\/val\/wp-json\/wp\/v2\/event_type_2?post=5397"}],"curies":[{"name":"wp","href":"https:\/\/api.w.org\/{rel}","templated":true}]}}

Presentació Economías Feministas

<p>L&#8217;economia feminista és un marc polític d&#8217;anàlisi i acció que aposta per desplaçar l&#8217;eix central entorn al qual entenem l&#8217;economia: abandonar la centralitat dels mercats i la valorització del capital per focalitzar-nos en la sostenibilitat de la vida.</p>
<p>Amaia Pérez Orozco és una de les autores que ha aprofundit en la qüestió, especialment amb el llibre Subversión feminista de la economía (<a class="x1i10hfl xjbqb8w x1ejq31n xd10rxx x1sy0etr x17r0tee x972fbf xcfux6l x1qhh985 xm0m39n x9f619 x1ypdohk xt0psk2 xe8uvvx xdj266r x11i5rnm xat24cr x1mh8g0r xexx8yu x4uap5 x18d9i69 xkhd6sd x16tdsg8 x1hl2dhg xggy1nq x1a2a7pz notranslate _a6hd" tabindex="0" role="link" href="https://www.instagram.com/traficantes_libreria/">@traficantes_libreria</a> ).<br />
Ara compila en aquest nou títol sis peces clau per analitzar i aterrar l&#8217;aposta per posar la vida al centre.</p>
<p>L&#8217;acompanyaran Lucía Gómez, professora de la <a class="x1i10hfl xjbqb8w x1ejq31n xd10rxx x1sy0etr x17r0tee x972fbf xcfux6l x1qhh985 xm0m39n x9f619 x1ypdohk xt0psk2 xe8uvvx xdj266r x11i5rnm xat24cr x1mh8g0r xexx8yu x4uap5 x18d9i69 xkhd6sd x16tdsg8 x1hl2dhg xggy1nq x1a2a7pz notranslate _a6hd" tabindex="0" role="link" href="https://www.instagram.com/universitatvalencia/">@universitatvalencia</a> i Patricia Dopazo, agroecòloga i editora de <a class="x1i10hfl xjbqb8w x1ejq31n xd10rxx x1sy0etr x17r0tee x972fbf xcfux6l x1qhh985 xm0m39n x9f619 x1ypdohk xt0psk2 xe8uvvx xdj266r x11i5rnm xat24cr x1mh8g0r xexx8yu x4uap5 x18d9i69 xkhd6sd x16tdsg8 x1hl2dhg xggy1nq x1a2a7pz notranslate _a6hd" tabindex="0" role="link" href="https://www.instagram.com/revistasoberaniaalimentaria/">@revistasoberaniaalimentaria</a></p>
<p>Accés lliure fins completar l&#8217;aforament</p>

<!-- This site is optimized with the Yoast SEO plugin v26.8 - https://yoast.com/product/yoast-seo-wordpress/ -->
<title>Presentació Economías Feministas - Loving Diversity VLC</title>
<meta name="robots" content="index, follow, max-snippet:-1, max-image-preview:large, max-video-preview:-1" />
<link rel="canonical" href="https://lovingdiversity.es/val/events/presentacio-economies-feministes/" />
<meta property="og:locale" content="es_ES" />
<meta property="og:type" content="article" />
<meta property="og:title" content="Presentació Economías Feministas - Loving Diversity VLC" />
<meta property="og:description" content="L&#8217;economia feminista és un marc polític d&#8217;anàlisi i acció que aposta per desplaçar l&#8217;eix central entorn al qual entenem l&#8217;economia: abandonar la centralitat dels mercats i la valorització del capital..." />
<meta property="og:url" content="https://lovingdiversity.es/val/events/presentacio-economies-feministes/" />
<meta property="og:site_name" content="Loving Diversity VLC" />
<meta property="article:publisher" content="https://www.facebook.com/ComiteVLC/" />
<meta property="article:modified_time" content="2025-02-11T09:14:02+00:00" />
<meta property="og:image" content="http://lovingdiversity.es/wp-content/uploads/2025/02/Banner-Eventos-Web-100.png" />
	<meta property="og:image:width" content="1400" />
	<meta property="og:image:height" content="500" />
	<meta property="og:image:type" content="image/png" />
<meta name="twitter:card" content="summary_large_image" />
<meta name="twitter:label1" content="Est. reading time" />
	<meta name="twitter:data1" content="1 minute" />
<script type="application/ld+json" class="yoast-schema-graph">{"@context":"https://schema.org","@graph":[{"@type":"WebPage","@id":"https://lovingdiversity.es/events/presentacio-economies-feministes/","url":"https://lovingdiversity.es/events/presentacio-economies-feministes/","name":"Presentació Economías Feministas - Loving Diversity VLC","isPartOf":{"@id":"https://lovingdiversity.es/#website"},"primaryImageOfPage":{"@id":"https://lovingdiversity.es/events/presentacio-economies-feministes/#primaryimage"},"image":{"@id":"https://lovingdiversity.es/events/presentacio-economies-feministes/#primaryimage"},"thumbnailUrl":"https://lovingdiversity.es/wp-content/uploads/2025/02/Banner-Eventos-Web-100.png","datePublished":"2025-02-11T09:12:00+00:00","dateModified":"2025-02-11T09:14:02+00:00","breadcrumb":{"@id":"https://lovingdiversity.es/events/presentacio-economies-feministes/#breadcrumb"},"inLanguage":"es-VAL","potentialAction":[{"@type":"ReadAction","target":["https://lovingdiversity.es/events/presentacio-economies-feministes/"]}]},{"@type":"ImageObject","inLanguage":"es-VAL","@id":"https://lovingdiversity.es/events/presentacio-economies-feministes/#primaryimage","url":"https://lovingdiversity.es/wp-content/uploads/2025/02/Banner-Eventos-Web-100.png","contentUrl":"https://lovingdiversity.es/wp-content/uploads/2025/02/Banner-Eventos-Web-100.png","width":1400,"height":500},{"@type":"BreadcrumbList","@id":"https://lovingdiversity.es/events/presentacio-economies-feministes/#breadcrumb","itemListElement":[{"@type":"ListItem","position":1,"name":"Portada","item":"https://lovingdiversity.es/"},{"@type":"ListItem","position":2,"name":"Events","item":"https://lovingdiversity.es/events/"},{"@type":"ListItem","position":3,"name":"Presentació Economías Feministas"}]},{"@type":"WebSite","@id":"https://lovingdiversity.es/#website","url":"https://lovingdiversity.es/","name":"Loving Diversity VLC","description":"Agenda de Ocio LGTBI","publisher":{"@id":"https://lovingdiversity.es/#organization"},"potentialAction":[{"@type":"SearchAction","target":{"@type":"EntryPoint","urlTemplate":"https://lovingdiversity.es/?s={search_term_string}"},"query-input":{"@type":"PropertyValueSpecification","valueRequired":true,"valueName":"search_term_string"}}],"inLanguage":"es-VAL"},{"@type":"Organization","@id":"https://lovingdiversity.es/#organization","name":"Loving Diversity VLC","url":"https://lovingdiversity.es/","logo":{"@type":"ImageObject","inLanguage":"es-VAL","@id":"https://lovingdiversity.es/#/schema/logo/image/","url":"https://lovingdiversity.es/wp-content/uploads/2024/12/logotipo_loving.png","contentUrl":"https://lovingdiversity.es/wp-content/uploads/2024/12/logotipo_loving.png","width":400,"height":112,"caption":"Loving Diversity VLC"},"image":{"@id":"https://lovingdiversity.es/#/schema/logo/image/"},"sameAs":["https://www.facebook.com/ComiteVLC/","https://www.instagram.com/comitevlc/","https://www.tiktok.com/@comitevlc"]}]}</script>
<!-- / Yoast SEO plugin. -->

Presentació Economías Feministas - Loving Diversity VLC

L&#8217;economia feminista és un marc polític d&#8217;anàlisi i acció que aposta per desplaçar l&#8217;eix central entorn al qual entenem l&#8217;economia: abandonar la centralitat dels mercats i la valorització del capital...
