{"id":5553,"date":"2025-02-27T11:09:29","date_gmt":"2025-02-27T11:09:29","guid":{"rendered":"https:\/\/lovingdiversity.es\/events\/parlem-dhabitatge-al-nostre-barri\/"},"modified":"2025-02-27T11:11:09","modified_gmt":"2025-02-27T11:11:09","slug":"parlem-dhabitatge-al-nostre-barri","status":"publish","type":"ajde_events","link":"https:\/\/lovingdiversity.es\/val\/events\/parlem-dhabitatge-al-nostre-barri\/","title":{"rendered":"Parlem d&#8217;habitatge al nostre barri"},"content":{"rendered":"<h4><span style=\"color: #000000;\">\ud83c\udfe0\ud83d\udd25 Parlem d\u2019habitatge al nostre barri! \ud83d\udd25\ud83c\udfe0<\/span><\/h4>\n<p><span style=\"color: #000000;\">\ud83d\udcc5 Diumenge 02 de mar\u00e7 a les 11h<\/span><\/p>\n<p><span style=\"color: #000000;\">\ud83d\udccdEl Bac, espai d&#8217;art, pol\u00edtica i cultura popular (carrer metge Esteve 13, La Ra\u00efosa)<\/span><\/p>\n<p><span style=\"color: #000000;\">\ud83e\udef6\ud83c\udffd \ud83e\uddf6 Ens presentem! Vine a con\u00e9ixer-nos i a compartir un mat\u00ed de debat i aprenentatge en comunitat.<\/span><\/p>\n<p><span style=\"color: #000000;\">\u27a1\ufe0f Parlarem de la problem\u00e0tica de l&#8217;habitatge al barri, de com ens afecta a totis i com podem organitzar-nos per defensar-nos.<\/span><\/p>\n<p><span style=\"color: #000000;\">\ud83d\udde3 Comptarem amb les ve\u00efnes de NICET Patraix, que lluiten front a la invasi\u00f3 dels baixos tur\u00edstics al seu bloc, i amb les nostres companyes del BSOA La Caixeta i Mar\u00eda de <a class=\"x1i10hfl xjbqb8w x1ejq31n xd10rxx x1sy0etr x17r0tee x972fbf xcfux6l x1qhh985 xm0m39n x9f619 x1ypdohk xt0psk2 xe8uvvx xdj266r x11i5rnm xat24cr x1mh8g0r xexx8yu x4uap5 x18d9i69 xkhd6sd x16tdsg8 x1hl2dhg xggy1nq x1a2a7pz notranslate _a6hd\" style=\"color: #000000;\" tabindex=\"0\" role=\"link\" href=\"https:\/\/www.instagram.com\/lamataobras\/\">@lamataobras<\/a> , que ens contaran de primera m\u00e0 les seues experi\u00e8ncies i donaran estrat\u00e8gies de resist\u00e8ncia comunit\u00e0ria \u270a\ud83c\udffd.<\/span><\/p>\n<p><span style=\"color: #000000;\">\ud83c\udf77\ud83c\udfb6 Despr\u00e9s de la xarrada, farem picaeta i m\u00fasica, per seguir lluitant per\u00f2 tamb\u00e9 gaudint un poc, fent barri i fent xarxa.<\/span><\/p>\n<p><span style=\"color: #000000;\">\ud83d\udca5 No t\u2019ho perdes! Organitzar-nos \u00e9s defensar-nos \ud83d\udca5<\/span><\/p>","protected":false},"author":1,"featured_media":5554,"menu_order":0,"comment_status":"open","ping_status":"closed","template":"","meta":[],"tags":[],"event_type":[45],"event_type_2":[],"class_list":{"0":"post-5553","1":"ajde_events","2":"type-ajde_events","3":"status-publish","4":"has-post-thumbnail","6":"event_location-el-bac","7":"event_organizer-teixint-patraix","8":"event_type-reivindicaciones"},"yoast_head":"<!-- This site is optimized with the Yoast SEO plugin v26.8 - https:\/\/yoast.com\/product\/yoast-seo-wordpress\/ -->\n<title>Parlem d&#039;habitatge al nostre barri - Loving Diversity VLC<\/title>\n<meta name=\"robots\" content=\"index, follow, max-snippet:-1, max-image-preview:large, max-video-preview:-1\" \/>\n<link rel=\"canonical\" href=\"https:\/\/lovingdiversity.es\/val\/events\/parlem-dhabitatge-al-nostre-barri\/\" \/>\n<meta property=\"og:locale\" content=\"es_ES\" \/>\n<meta property=\"og:type\" content=\"article\" \/>\n<meta property=\"og:title\" content=\"Parlem d&#039;habitatge al nostre barri - Loving Diversity VLC\" \/>\n<meta property=\"og:description\" content=\"\ud83c\udfe0\ud83d\udd25 Parlem d\u2019habitatge al nostre barri! \ud83d\udd25\ud83c\udfe0 \ud83d\udcc5 Diumenge 02 de mar\u00e7 a les 11h \ud83d\udccdEl Bac, espai d&#8217;art, pol\u00edtica i cultura popular (carrer metge Esteve 13, La Ra\u00efosa) \ud83e\udef6\ud83c\udffd...\" \/>\n<meta property=\"og:url\" content=\"https:\/\/lovingdiversity.es\/val\/events\/parlem-dhabitatge-al-nostre-barri\/\" \/>\n<meta property=\"og:site_name\" content=\"Loving Diversity VLC\" \/>\n<meta property=\"article:publisher\" content=\"https:\/\/www.facebook.com\/ComiteVLC\/\" \/>\n<meta property=\"article:modified_time\" content=\"2025-02-27T11:11:09+00:00\" \/>\n<meta property=\"og:image\" content=\"http:\/\/lovingdiversity.es\/wp-content\/uploads\/2025\/02\/Banner-Eventos-Web-2025-02-27T120648.362.png\" \/>\n\t<meta property=\"og:image:width\" content=\"1400\" \/>\n\t<meta property=\"og:image:height\" content=\"500\" \/>\n\t<meta property=\"og:image:type\" content=\"image\/png\" \/>\n<meta name=\"twitter:card\" content=\"summary_large_image\" \/>\n<meta name=\"twitter:label1\" content=\"Est. reading time\" \/>\n\t<meta name=\"twitter:data1\" content=\"1 minute\" \/>\n<script type=\"application\/ld+json\" class=\"yoast-schema-graph\">{\"@context\":\"https:\/\/schema.org\",\"@graph\":[{\"@type\":\"WebPage\",\"@id\":\"https:\/\/lovingdiversity.es\/events\/parlem-dhabitatge-al-nostre-barri\/\",\"url\":\"https:\/\/lovingdiversity.es\/events\/parlem-dhabitatge-al-nostre-barri\/\",\"name\":\"Parlem d'habitatge al nostre barri - Loving Diversity VLC\",\"isPartOf\":{\"@id\":\"https:\/\/lovingdiversity.es\/#website\"},\"primaryImageOfPage\":{\"@id\":\"https:\/\/lovingdiversity.es\/events\/parlem-dhabitatge-al-nostre-barri\/#primaryimage\"},\"image\":{\"@id\":\"https:\/\/lovingdiversity.es\/events\/parlem-dhabitatge-al-nostre-barri\/#primaryimage\"},\"thumbnailUrl\":\"https:\/\/lovingdiversity.es\/wp-content\/uploads\/2025\/02\/Banner-Eventos-Web-2025-02-27T120648.362.png\",\"datePublished\":\"2025-02-27T11:09:29+00:00\",\"dateModified\":\"2025-02-27T11:11:09+00:00\",\"breadcrumb\":{\"@id\":\"https:\/\/lovingdiversity.es\/events\/parlem-dhabitatge-al-nostre-barri\/#breadcrumb\"},\"inLanguage\":\"es-VAL\",\"potentialAction\":[{\"@type\":\"ReadAction\",\"target\":[\"https:\/\/lovingdiversity.es\/events\/parlem-dhabitatge-al-nostre-barri\/\"]}]},{\"@type\":\"ImageObject\",\"inLanguage\":\"es-VAL\",\"@id\":\"https:\/\/lovingdiversity.es\/events\/parlem-dhabitatge-al-nostre-barri\/#primaryimage\",\"url\":\"https:\/\/lovingdiversity.es\/wp-content\/uploads\/2025\/02\/Banner-Eventos-Web-2025-02-27T120648.362.png\",\"contentUrl\":\"https:\/\/lovingdiversity.es\/wp-content\/uploads\/2025\/02\/Banner-Eventos-Web-2025-02-27T120648.362.png\",\"width\":1400,\"height\":500},{\"@type\":\"BreadcrumbList\",\"@id\":\"https:\/\/lovingdiversity.es\/events\/parlem-dhabitatge-al-nostre-barri\/#breadcrumb\",\"itemListElement\":[{\"@type\":\"ListItem\",\"position\":1,\"name\":\"Portada\",\"item\":\"https:\/\/lovingdiversity.es\/\"},{\"@type\":\"ListItem\",\"position\":2,\"name\":\"Events\",\"item\":\"https:\/\/lovingdiversity.es\/events\/\"},{\"@type\":\"ListItem\",\"position\":3,\"name\":\"Parlem d&#8217;habitatge al nostre barri\"}]},{\"@type\":\"WebSite\",\"@id\":\"https:\/\/lovingdiversity.es\/#website\",\"url\":\"https:\/\/lovingdiversity.es\/\",\"name\":\"Loving Diversity VLC\",\"description\":\"Agenda de Ocio LGTBI\",\"publisher\":{\"@id\":\"https:\/\/lovingdiversity.es\/#organization\"},\"potentialAction\":[{\"@type\":\"SearchAction\",\"target\":{\"@type\":\"EntryPoint\",\"urlTemplate\":\"https:\/\/lovingdiversity.es\/?s={search_term_string}\"},\"query-input\":{\"@type\":\"PropertyValueSpecification\",\"valueRequired\":true,\"valueName\":\"search_term_string\"}}],\"inLanguage\":\"es-VAL\"},{\"@type\":\"Organization\",\"@id\":\"https:\/\/lovingdiversity.es\/#organization\",\"name\":\"Loving Diversity VLC\",\"url\":\"https:\/\/lovingdiversity.es\/\",\"logo\":{\"@type\":\"ImageObject\",\"inLanguage\":\"es-VAL\",\"@id\":\"https:\/\/lovingdiversity.es\/#\/schema\/logo\/image\/\",\"url\":\"https:\/\/lovingdiversity.es\/wp-content\/uploads\/2024\/12\/logotipo_loving.png\",\"contentUrl\":\"https:\/\/lovingdiversity.es\/wp-content\/uploads\/2024\/12\/logotipo_loving.png\",\"width\":400,\"height\":112,\"caption\":\"Loving Diversity VLC\"},\"image\":{\"@id\":\"https:\/\/lovingdiversity.es\/#\/schema\/logo\/image\/\"},\"sameAs\":[\"https:\/\/www.facebook.com\/ComiteVLC\/\",\"https:\/\/www.instagram.com\/comitevlc\/\",\"https:\/\/www.tiktok.com\/@comitevlc\"]}]}<\/script>\n<!-- \/ Yoast SEO plugin. -->","yoast_head_json":{"title":"Parlem d'habitatge al nostre barri - Loving Diversity VLC","robots":{"index":"index","follow":"follow","max-snippet":"max-snippet:-1","max-image-preview":"max-image-preview:large","max-video-preview":"max-video-preview:-1"},"canonical":"https:\/\/lovingdiversity.es\/val\/events\/parlem-dhabitatge-al-nostre-barri\/","og_locale":"es_ES","og_type":"article","og_title":"Parlem d'habitatge al nostre barri - Loving Diversity VLC","og_description":"\ud83c\udfe0\ud83d\udd25 Parlem d\u2019habitatge al nostre barri! \ud83d\udd25\ud83c\udfe0 \ud83d\udcc5 Diumenge 02 de mar\u00e7 a les 11h \ud83d\udccdEl Bac, espai d&#8217;art, pol\u00edtica i cultura popular (carrer metge Esteve 13, La Ra\u00efosa) \ud83e\udef6\ud83c\udffd...","og_url":"https:\/\/lovingdiversity.es\/val\/events\/parlem-dhabitatge-al-nostre-barri\/","og_site_name":"Loving Diversity VLC","article_publisher":"https:\/\/www.facebook.com\/ComiteVLC\/","article_modified_time":"2025-02-27T11:11:09+00:00","og_image":[{"width":1400,"height":500,"url":"http:\/\/lovingdiversity.es\/wp-content\/uploads\/2025\/02\/Banner-Eventos-Web-2025-02-27T120648.362.png","type":"image\/png"}],"twitter_card":"summary_large_image","twitter_misc":{"Est. reading time":"1 minute"},"schema":{"@context":"https:\/\/schema.org","@graph":[{"@type":"WebPage","@id":"https:\/\/lovingdiversity.es\/events\/parlem-dhabitatge-al-nostre-barri\/","url":"https:\/\/lovingdiversity.es\/events\/parlem-dhabitatge-al-nostre-barri\/","name":"Parlem d'habitatge al nostre barri - Loving Diversity VLC","isPartOf":{"@id":"https:\/\/lovingdiversity.es\/#website"},"primaryImageOfPage":{"@id":"https:\/\/lovingdiversity.es\/events\/parlem-dhabitatge-al-nostre-barri\/#primaryimage"},"image":{"@id":"https:\/\/lovingdiversity.es\/events\/parlem-dhabitatge-al-nostre-barri\/#primaryimage"},"thumbnailUrl":"https:\/\/lovingdiversity.es\/wp-content\/uploads\/2025\/02\/Banner-Eventos-Web-2025-02-27T120648.362.png","datePublished":"2025-02-27T11:09:29+00:00","dateModified":"2025-02-27T11:11:09+00:00","breadcrumb":{"@id":"https:\/\/lovingdiversity.es\/events\/parlem-dhabitatge-al-nostre-barri\/#breadcrumb"},"inLanguage":"es-VAL","potentialAction":[{"@type":"ReadAction","target":["https:\/\/lovingdiversity.es\/events\/parlem-dhabitatge-al-nostre-barri\/"]}]},{"@type":"ImageObject","inLanguage":"es-VAL","@id":"https:\/\/lovingdiversity.es\/events\/parlem-dhabitatge-al-nostre-barri\/#primaryimage","url":"https:\/\/lovingdiversity.es\/wp-content\/uploads\/2025\/02\/Banner-Eventos-Web-2025-02-27T120648.362.png","contentUrl":"https:\/\/lovingdiversity.es\/wp-content\/uploads\/2025\/02\/Banner-Eventos-Web-2025-02-27T120648.362.png","width":1400,"height":500},{"@type":"BreadcrumbList","@id":"https:\/\/lovingdiversity.es\/events\/parlem-dhabitatge-al-nostre-barri\/#breadcrumb","itemListElement":[{"@type":"ListItem","position":1,"name":"Portada","item":"https:\/\/lovingdiversity.es\/"},{"@type":"ListItem","position":2,"name":"Events","item":"https:\/\/lovingdiversity.es\/events\/"},{"@type":"ListItem","position":3,"name":"Parlem d&#8217;habitatge al nostre barri"}]},{"@type":"WebSite","@id":"https:\/\/lovingdiversity.es\/#website","url":"https:\/\/lovingdiversity.es\/","name":"Loving Diversity VLC","description":"Agenda de Ocio LGTBI","publisher":{"@id":"https:\/\/lovingdiversity.es\/#organization"},"potentialAction":[{"@type":"SearchAction","target":{"@type":"EntryPoint","urlTemplate":"https:\/\/lovingdiversity.es\/?s={search_term_string}"},"query-input":{"@type":"PropertyValueSpecification","valueRequired":true,"valueName":"search_term_string"}}],"inLanguage":"es-VAL"},{"@type":"Organization","@id":"https:\/\/lovingdiversity.es\/#organization","name":"Loving Diversity VLC","url":"https:\/\/lovingdiversity.es\/","logo":{"@type":"ImageObject","inLanguage":"es-VAL","@id":"https:\/\/lovingdiversity.es\/#\/schema\/logo\/image\/","url":"https:\/\/lovingdiversity.es\/wp-content\/uploads\/2024\/12\/logotipo_loving.png","contentUrl":"https:\/\/lovingdiversity.es\/wp-content\/uploads\/2024\/12\/logotipo_loving.png","width":400,"height":112,"caption":"Loving Diversity VLC"},"image":{"@id":"https:\/\/lovingdiversity.es\/#\/schema\/logo\/image\/"},"sameAs":["https:\/\/www.facebook.com\/ComiteVLC\/","https:\/\/www.instagram.com\/comitevlc\/","https:\/\/www.tiktok.com\/@comitevlc"]}]}},"_links":{"self":[{"href":"https:\/\/lovingdiversity.es\/val\/wp-json\/wp\/v2\/ajde_events\/5553","targetHints":{"allow":["GET"]}}],"collection":[{"href":"https:\/\/lovingdiversity.es\/val\/wp-json\/wp\/v2\/ajde_events"}],"about":[{"href":"https:\/\/lovingdiversity.es\/val\/wp-json\/wp\/v2\/types\/ajde_events"}],"author":[{"embeddable":true,"href":"https:\/\/lovingdiversity.es\/val\/wp-json\/wp\/v2\/users\/1"}],"replies":[{"embeddable":true,"href":"https:\/\/lovingdiversity.es\/val\/wp-json\/wp\/v2\/comments?post=5553"}],"wp:featuredmedia":[{"embeddable":true,"href":"https:\/\/lovingdiversity.es\/val\/wp-json\/wp\/v2\/media\/5554"}],"wp:attachment":[{"href":"https:\/\/lovingdiversity.es\/val\/wp-json\/wp\/v2\/media?parent=5553"}],"wp:term":[{"taxonomy":"post_tag","embeddable":true,"href":"https:\/\/lovingdiversity.es\/val\/wp-json\/wp\/v2\/tags?post=5553"},{"taxonomy":"event_type","embeddable":true,"href":"https:\/\/lovingdiversity.es\/val\/wp-json\/wp\/v2\/event_type?post=5553"},{"taxonomy":"event_type_2","embeddable":true,"href":"https:\/\/lovingdiversity.es\/val\/wp-json\/wp\/v2\/event_type_2?post=5553"}],"curies":[{"name":"wp","href":"https:\/\/api.w.org\/{rel}","templated":true}]}}

<h4><span style="color: #000000;">🏠🔥 Parlem d’habitatge al nostre barri! 🔥🏠</span></h4>
<p><span style="color: #000000;">📅 Diumenge 02 de març a les 11h</span></p>
<p><span style="color: #000000;">📍El Bac, espai d&#8217;art, política i cultura popular (carrer metge Esteve 13, La Raïosa)</span></p>
<p><span style="color: #000000;">🫶🏽 🧶 Ens presentem! Vine a conéixer-nos i a compartir un matí de debat i aprenentatge en comunitat.</span></p>
<p><span style="color: #000000;">➡️ Parlarem de la problemàtica de l&#8217;habitatge al barri, de com ens afecta a totis i com podem organitzar-nos per defensar-nos.</span></p>
<p><span style="color: #000000;">🗣 Comptarem amb les veïnes de NICET Patraix, que lluiten front a la invasió dels baixos turístics al seu bloc, i amb les nostres companyes del BSOA La Caixeta i María de <a class="x1i10hfl xjbqb8w x1ejq31n xd10rxx x1sy0etr x17r0tee x972fbf xcfux6l x1qhh985 xm0m39n x9f619 x1ypdohk xt0psk2 xe8uvvx xdj266r x11i5rnm xat24cr x1mh8g0r xexx8yu x4uap5 x18d9i69 xkhd6sd x16tdsg8 x1hl2dhg xggy1nq x1a2a7pz notranslate _a6hd" style="color: #000000;" tabindex="0" role="link" href="https://www.instagram.com/lamataobras/">@lamataobras</a> , que ens contaran de primera mà les seues experiències i donaran estratègies de resistència comunitària ✊🏽.</span></p>
<p><span style="color: #000000;">🍷🎶 Després de la xarrada, farem picaeta i música, per seguir lluitant però també gaudint un poc, fent barri i fent xarxa.</span></p>
<p><span style="color: #000000;">💥 No t’ho perdes! Organitzar-nos és defensar-nos 💥</span></p>

<!-- This site is optimized with the Yoast SEO plugin v26.8 - https://yoast.com/product/yoast-seo-wordpress/ -->
<title>Parlem d&#039;habitatge al nostre barri - Loving Diversity VLC</title>
<meta name="robots" content="index, follow, max-snippet:-1, max-image-preview:large, max-video-preview:-1" />
<link rel="canonical" href="https://lovingdiversity.es/val/events/parlem-dhabitatge-al-nostre-barri/" />
<meta property="og:locale" content="es_ES" />
<meta property="og:type" content="article" />
<meta property="og:title" content="Parlem d&#039;habitatge al nostre barri - Loving Diversity VLC" />
<meta property="og:description" content="🏠🔥 Parlem d’habitatge al nostre barri! 🔥🏠 📅 Diumenge 02 de març a les 11h 📍El Bac, espai d&#8217;art, política i cultura popular (carrer metge Esteve 13, La Raïosa) 🫶🏽..." />
<meta property="og:url" content="https://lovingdiversity.es/val/events/parlem-dhabitatge-al-nostre-barri/" />
<meta property="og:site_name" content="Loving Diversity VLC" />
<meta property="article:publisher" content="https://www.facebook.com/ComiteVLC/" />
<meta property="article:modified_time" content="2025-02-27T11:11:09+00:00" />
<meta property="og:image" content="http://lovingdiversity.es/wp-content/uploads/2025/02/Banner-Eventos-Web-2025-02-27T120648.362.png" />
	<meta property="og:image:width" content="1400" />
	<meta property="og:image:height" content="500" />
	<meta property="og:image:type" content="image/png" />
<meta name="twitter:card" content="summary_large_image" />
<meta name="twitter:label1" content="Est. reading time" />
	<meta name="twitter:data1" content="1 minute" />
<script type="application/ld+json" class="yoast-schema-graph">{"@context":"https://schema.org","@graph":[{"@type":"WebPage","@id":"https://lovingdiversity.es/events/parlem-dhabitatge-al-nostre-barri/","url":"https://lovingdiversity.es/events/parlem-dhabitatge-al-nostre-barri/","name":"Parlem d'habitatge al nostre barri - Loving Diversity VLC","isPartOf":{"@id":"https://lovingdiversity.es/#website"},"primaryImageOfPage":{"@id":"https://lovingdiversity.es/events/parlem-dhabitatge-al-nostre-barri/#primaryimage"},"image":{"@id":"https://lovingdiversity.es/events/parlem-dhabitatge-al-nostre-barri/#primaryimage"},"thumbnailUrl":"https://lovingdiversity.es/wp-content/uploads/2025/02/Banner-Eventos-Web-2025-02-27T120648.362.png","datePublished":"2025-02-27T11:09:29+00:00","dateModified":"2025-02-27T11:11:09+00:00","breadcrumb":{"@id":"https://lovingdiversity.es/events/parlem-dhabitatge-al-nostre-barri/#breadcrumb"},"inLanguage":"es-VAL","potentialAction":[{"@type":"ReadAction","target":["https://lovingdiversity.es/events/parlem-dhabitatge-al-nostre-barri/"]}]},{"@type":"ImageObject","inLanguage":"es-VAL","@id":"https://lovingdiversity.es/events/parlem-dhabitatge-al-nostre-barri/#primaryimage","url":"https://lovingdiversity.es/wp-content/uploads/2025/02/Banner-Eventos-Web-2025-02-27T120648.362.png","contentUrl":"https://lovingdiversity.es/wp-content/uploads/2025/02/Banner-Eventos-Web-2025-02-27T120648.362.png","width":1400,"height":500},{"@type":"BreadcrumbList","@id":"https://lovingdiversity.es/events/parlem-dhabitatge-al-nostre-barri/#breadcrumb","itemListElement":[{"@type":"ListItem","position":1,"name":"Portada","item":"https://lovingdiversity.es/"},{"@type":"ListItem","position":2,"name":"Events","item":"https://lovingdiversity.es/events/"},{"@type":"ListItem","position":3,"name":"Parlem d&#8217;habitatge al nostre barri"}]},{"@type":"WebSite","@id":"https://lovingdiversity.es/#website","url":"https://lovingdiversity.es/","name":"Loving Diversity VLC","description":"Agenda de Ocio LGTBI","publisher":{"@id":"https://lovingdiversity.es/#organization"},"potentialAction":[{"@type":"SearchAction","target":{"@type":"EntryPoint","urlTemplate":"https://lovingdiversity.es/?s={search_term_string}"},"query-input":{"@type":"PropertyValueSpecification","valueRequired":true,"valueName":"search_term_string"}}],"inLanguage":"es-VAL"},{"@type":"Organization","@id":"https://lovingdiversity.es/#organization","name":"Loving Diversity VLC","url":"https://lovingdiversity.es/","logo":{"@type":"ImageObject","inLanguage":"es-VAL","@id":"https://lovingdiversity.es/#/schema/logo/image/","url":"https://lovingdiversity.es/wp-content/uploads/2024/12/logotipo_loving.png","contentUrl":"https://lovingdiversity.es/wp-content/uploads/2024/12/logotipo_loving.png","width":400,"height":112,"caption":"Loving Diversity VLC"},"image":{"@id":"https://lovingdiversity.es/#/schema/logo/image/"},"sameAs":["https://www.facebook.com/ComiteVLC/","https://www.instagram.com/comitevlc/","https://www.tiktok.com/@comitevlc"]}]}</script>
<!-- / Yoast SEO plugin. -->

🏠🔥 Parlem d’habitatge al nostre barri! 🔥🏠 📅 Diumenge 02 de març a les 11h 📍El Bac, espai d&#8217;art, política i cultura popular (carrer metge Esteve 13, La Raïosa) 🫶🏽...
