{"id":5690,"date":"2025-03-21T12:31:07","date_gmt":"2025-03-21T12:31:07","guid":{"rendered":"https:\/\/lovingdiversity.es\/events\/la-estirpe-de-lilith-amanecer-en-el-bac\/"},"modified":"2025-03-21T12:33:04","modified_gmt":"2025-03-21T12:33:04","slug":"la-estirpe-de-lilith-amanecer-en-el-bac","status":"publish","type":"ajde_events","link":"https:\/\/lovingdiversity.es\/val\/events\/la-estirpe-de-lilith-amanecer-en-el-bac\/","title":{"rendered":"La estirpe de Lilith: Amanecer en El Bac"},"content":{"rendered":"<p>Ens alegra anunciar-vos que el proper ARA ENtre llibres tindr\u00e0 lloc el dissabte 12 d\u2019abril a les 18:00h a El Bac <a class=\"x1i10hfl xjbqb8w x1ejq31n xd10rxx x1sy0etr x17r0tee x972fbf xcfux6l x1qhh985 xm0m39n x9f619 x1ypdohk xt0psk2 xe8uvvx xdj266r x11i5rnm xat24cr x1mh8g0r xexx8yu x4uap5 x18d9i69 xkhd6sd x16tdsg8 x1hl2dhg xggy1nq x1a2a7pz notranslate _a6hd\" tabindex=\"0\" role=\"link\" href=\"https:\/\/www.instagram.com\/el_bac_valencia\/\">@el_bac_valencia<\/a> Espai d&#8217;art, pol\u00edtica i cultura popular (C\/ del Metge Esteve, 13).<\/p>\n<p>A aquesta trobada parlarem del llibre \u00abLa estirpe de Lilith: Amanecer\u201d, d\u2019Octavia E. Butler.<\/p>\n<p>\u26a0\ufe0f Aquest llibre aborda temes delicats que podrien remoure algunes persones. A continuaci\u00f3, deixem un llistat de temes que hem considerat sensibles, per promoure decisions informades abans de comen\u00e7ar amb el llibre o acudir a l\u2019esdeveniment: viol\u00e8ncia sexual, ab\u00fas f\u00edsic i psicol\u00f2gic, racisme, xenof\u00f2bia, deshumanitzaci\u00f3, eugen\u00e8sia, masclisme i l&#8217;\u00fas de drogues\/narc\u00f2tics.<\/p>\n<p>Per poder tindre una previsi\u00f3 de la gent que vindr\u00e0 i organitzar-nos, haureu d&#8217;enviar un correu a l&#8217;adre\u00e7a araentrellibres@araenvalencia.es per inscriure-vos a l&#8217;esdeveniment. Les places s\u00f3n limitades, podreu assistir a l&#8217;activitat amb el correu de confirmaci\u00f3. Preguem puntualitat per no interrompre la din\u00e0mica.<\/p>\n<p>Vos informem que, per tal de poder mantindre l&#8217;espai que ens cedeixen lis companyis d&#8217;El Bac, es far\u00e0 una aportaci\u00f3 conscient de 2\u20ac\/persona. Si teniu algun dubte o suggeriment, podeu escriure&#8217;ns a aquesta mateixa adre\u00e7a de correu.<\/p>\n<p>Com sempre, la perspectiva de g\u00e8nere des del feminisme es d\u00f3na per descomptada i no \u00e9s un aspecte a discutir o posar en dubte. Si tens retic\u00e8ncies al respecte, \u00e9s preferible no acudir a trobades proposades per aquesta associaci\u00f3.<\/p>\n<p>Ens veiem el dissabte 12 d\u2019abril a les 18h!<\/p>","protected":false},"author":1,"featured_media":5686,"menu_order":0,"comment_status":"open","ping_status":"closed","template":"","meta":[],"tags":[],"event_type":[12],"event_type_2":[],"class_list":{"0":"post-5690","1":"ajde_events","2":"type-ajde_events","3":"status-publish","4":"has-post-thumbnail","6":"event_location-el-bac","7":"event_organizer-araen-valencia","8":"event_type-libros"},"yoast_head":"<!-- This site is optimized with the Yoast SEO plugin v26.8 - https:\/\/yoast.com\/product\/yoast-seo-wordpress\/ -->\n<title>La estirpe de Lilith: Amanecer en El Bac - Loving Diversity VLC<\/title>\n<meta name=\"robots\" content=\"index, follow, max-snippet:-1, max-image-preview:large, max-video-preview:-1\" \/>\n<link rel=\"canonical\" href=\"https:\/\/lovingdiversity.es\/val\/events\/la-estirpe-de-lilith-amanecer-en-el-bac\/\" \/>\n<meta property=\"og:locale\" content=\"es_ES\" \/>\n<meta property=\"og:type\" content=\"article\" \/>\n<meta property=\"og:title\" content=\"La estirpe de Lilith: Amanecer en El Bac - Loving Diversity VLC\" \/>\n<meta property=\"og:description\" content=\"Ens alegra anunciar-vos que el proper ARA ENtre llibres tindr\u00e0 lloc el dissabte 12 d\u2019abril a les 18:00h a El Bac @el_bac_valencia Espai d&#8217;art, pol\u00edtica i cultura popular (C\/ del...\" \/>\n<meta property=\"og:url\" content=\"https:\/\/lovingdiversity.es\/val\/events\/la-estirpe-de-lilith-amanecer-en-el-bac\/\" \/>\n<meta property=\"og:site_name\" content=\"Loving Diversity VLC\" \/>\n<meta property=\"article:publisher\" content=\"https:\/\/www.facebook.com\/ComiteVLC\/\" \/>\n<meta property=\"article:modified_time\" content=\"2025-03-21T12:33:04+00:00\" \/>\n<meta property=\"og:image\" content=\"http:\/\/lovingdiversity.es\/wp-content\/uploads\/2025\/03\/Banner-Eventos-Web-31.png\" \/>\n\t<meta property=\"og:image:width\" content=\"1400\" \/>\n\t<meta property=\"og:image:height\" content=\"500\" \/>\n\t<meta property=\"og:image:type\" content=\"image\/png\" \/>\n<meta name=\"twitter:card\" content=\"summary_large_image\" \/>\n<meta name=\"twitter:label1\" content=\"Est. reading time\" \/>\n\t<meta name=\"twitter:data1\" content=\"2 minutes\" \/>\n<script type=\"application\/ld+json\" class=\"yoast-schema-graph\">{\"@context\":\"https:\/\/schema.org\",\"@graph\":[{\"@type\":\"WebPage\",\"@id\":\"https:\/\/lovingdiversity.es\/events\/la-estirpe-de-lilith-amanecer-en-el-bac\/\",\"url\":\"https:\/\/lovingdiversity.es\/events\/la-estirpe-de-lilith-amanecer-en-el-bac\/\",\"name\":\"La estirpe de Lilith: Amanecer en El Bac - Loving Diversity VLC\",\"isPartOf\":{\"@id\":\"https:\/\/lovingdiversity.es\/#website\"},\"primaryImageOfPage\":{\"@id\":\"https:\/\/lovingdiversity.es\/events\/la-estirpe-de-lilith-amanecer-en-el-bac\/#primaryimage\"},\"image\":{\"@id\":\"https:\/\/lovingdiversity.es\/events\/la-estirpe-de-lilith-amanecer-en-el-bac\/#primaryimage\"},\"thumbnailUrl\":\"https:\/\/lovingdiversity.es\/wp-content\/uploads\/2025\/03\/Banner-Eventos-Web-31.png\",\"datePublished\":\"2025-03-21T12:31:07+00:00\",\"dateModified\":\"2025-03-21T12:33:04+00:00\",\"breadcrumb\":{\"@id\":\"https:\/\/lovingdiversity.es\/events\/la-estirpe-de-lilith-amanecer-en-el-bac\/#breadcrumb\"},\"inLanguage\":\"es-VAL\",\"potentialAction\":[{\"@type\":\"ReadAction\",\"target\":[\"https:\/\/lovingdiversity.es\/events\/la-estirpe-de-lilith-amanecer-en-el-bac\/\"]}]},{\"@type\":\"ImageObject\",\"inLanguage\":\"es-VAL\",\"@id\":\"https:\/\/lovingdiversity.es\/events\/la-estirpe-de-lilith-amanecer-en-el-bac\/#primaryimage\",\"url\":\"https:\/\/lovingdiversity.es\/wp-content\/uploads\/2025\/03\/Banner-Eventos-Web-31.png\",\"contentUrl\":\"https:\/\/lovingdiversity.es\/wp-content\/uploads\/2025\/03\/Banner-Eventos-Web-31.png\",\"width\":1400,\"height\":500},{\"@type\":\"BreadcrumbList\",\"@id\":\"https:\/\/lovingdiversity.es\/events\/la-estirpe-de-lilith-amanecer-en-el-bac\/#breadcrumb\",\"itemListElement\":[{\"@type\":\"ListItem\",\"position\":1,\"name\":\"Portada\",\"item\":\"https:\/\/lovingdiversity.es\/\"},{\"@type\":\"ListItem\",\"position\":2,\"name\":\"Events\",\"item\":\"https:\/\/lovingdiversity.es\/events\/\"},{\"@type\":\"ListItem\",\"position\":3,\"name\":\"La estirpe de Lilith: Amanecer en El Bac\"}]},{\"@type\":\"WebSite\",\"@id\":\"https:\/\/lovingdiversity.es\/#website\",\"url\":\"https:\/\/lovingdiversity.es\/\",\"name\":\"Loving Diversity VLC\",\"description\":\"Agenda de Ocio LGTBI\",\"publisher\":{\"@id\":\"https:\/\/lovingdiversity.es\/#organization\"},\"potentialAction\":[{\"@type\":\"SearchAction\",\"target\":{\"@type\":\"EntryPoint\",\"urlTemplate\":\"https:\/\/lovingdiversity.es\/?s={search_term_string}\"},\"query-input\":{\"@type\":\"PropertyValueSpecification\",\"valueRequired\":true,\"valueName\":\"search_term_string\"}}],\"inLanguage\":\"es-VAL\"},{\"@type\":\"Organization\",\"@id\":\"https:\/\/lovingdiversity.es\/#organization\",\"name\":\"Loving Diversity VLC\",\"url\":\"https:\/\/lovingdiversity.es\/\",\"logo\":{\"@type\":\"ImageObject\",\"inLanguage\":\"es-VAL\",\"@id\":\"https:\/\/lovingdiversity.es\/#\/schema\/logo\/image\/\",\"url\":\"https:\/\/lovingdiversity.es\/wp-content\/uploads\/2024\/12\/logotipo_loving.png\",\"contentUrl\":\"https:\/\/lovingdiversity.es\/wp-content\/uploads\/2024\/12\/logotipo_loving.png\",\"width\":400,\"height\":112,\"caption\":\"Loving Diversity VLC\"},\"image\":{\"@id\":\"https:\/\/lovingdiversity.es\/#\/schema\/logo\/image\/\"},\"sameAs\":[\"https:\/\/www.facebook.com\/ComiteVLC\/\",\"https:\/\/www.instagram.com\/comitevlc\/\",\"https:\/\/www.tiktok.com\/@comitevlc\"]}]}<\/script>\n<!-- \/ Yoast SEO plugin. -->","yoast_head_json":{"title":"La estirpe de Lilith: Amanecer en El Bac - Loving Diversity VLC","robots":{"index":"index","follow":"follow","max-snippet":"max-snippet:-1","max-image-preview":"max-image-preview:large","max-video-preview":"max-video-preview:-1"},"canonical":"https:\/\/lovingdiversity.es\/val\/events\/la-estirpe-de-lilith-amanecer-en-el-bac\/","og_locale":"es_ES","og_type":"article","og_title":"La estirpe de Lilith: Amanecer en El Bac - Loving Diversity VLC","og_description":"Ens alegra anunciar-vos que el proper ARA ENtre llibres tindr\u00e0 lloc el dissabte 12 d\u2019abril a les 18:00h a El Bac @el_bac_valencia Espai d&#8217;art, pol\u00edtica i cultura popular (C\/ del...","og_url":"https:\/\/lovingdiversity.es\/val\/events\/la-estirpe-de-lilith-amanecer-en-el-bac\/","og_site_name":"Loving Diversity VLC","article_publisher":"https:\/\/www.facebook.com\/ComiteVLC\/","article_modified_time":"2025-03-21T12:33:04+00:00","og_image":[{"width":1400,"height":500,"url":"http:\/\/lovingdiversity.es\/wp-content\/uploads\/2025\/03\/Banner-Eventos-Web-31.png","type":"image\/png"}],"twitter_card":"summary_large_image","twitter_misc":{"Est. reading time":"2 minutes"},"schema":{"@context":"https:\/\/schema.org","@graph":[{"@type":"WebPage","@id":"https:\/\/lovingdiversity.es\/events\/la-estirpe-de-lilith-amanecer-en-el-bac\/","url":"https:\/\/lovingdiversity.es\/events\/la-estirpe-de-lilith-amanecer-en-el-bac\/","name":"La estirpe de Lilith: Amanecer en El Bac - Loving Diversity VLC","isPartOf":{"@id":"https:\/\/lovingdiversity.es\/#website"},"primaryImageOfPage":{"@id":"https:\/\/lovingdiversity.es\/events\/la-estirpe-de-lilith-amanecer-en-el-bac\/#primaryimage"},"image":{"@id":"https:\/\/lovingdiversity.es\/events\/la-estirpe-de-lilith-amanecer-en-el-bac\/#primaryimage"},"thumbnailUrl":"https:\/\/lovingdiversity.es\/wp-content\/uploads\/2025\/03\/Banner-Eventos-Web-31.png","datePublished":"2025-03-21T12:31:07+00:00","dateModified":"2025-03-21T12:33:04+00:00","breadcrumb":{"@id":"https:\/\/lovingdiversity.es\/events\/la-estirpe-de-lilith-amanecer-en-el-bac\/#breadcrumb"},"inLanguage":"es-VAL","potentialAction":[{"@type":"ReadAction","target":["https:\/\/lovingdiversity.es\/events\/la-estirpe-de-lilith-amanecer-en-el-bac\/"]}]},{"@type":"ImageObject","inLanguage":"es-VAL","@id":"https:\/\/lovingdiversity.es\/events\/la-estirpe-de-lilith-amanecer-en-el-bac\/#primaryimage","url":"https:\/\/lovingdiversity.es\/wp-content\/uploads\/2025\/03\/Banner-Eventos-Web-31.png","contentUrl":"https:\/\/lovingdiversity.es\/wp-content\/uploads\/2025\/03\/Banner-Eventos-Web-31.png","width":1400,"height":500},{"@type":"BreadcrumbList","@id":"https:\/\/lovingdiversity.es\/events\/la-estirpe-de-lilith-amanecer-en-el-bac\/#breadcrumb","itemListElement":[{"@type":"ListItem","position":1,"name":"Portada","item":"https:\/\/lovingdiversity.es\/"},{"@type":"ListItem","position":2,"name":"Events","item":"https:\/\/lovingdiversity.es\/events\/"},{"@type":"ListItem","position":3,"name":"La estirpe de Lilith: Amanecer en El Bac"}]},{"@type":"WebSite","@id":"https:\/\/lovingdiversity.es\/#website","url":"https:\/\/lovingdiversity.es\/","name":"Loving Diversity VLC","description":"Agenda de Ocio LGTBI","publisher":{"@id":"https:\/\/lovingdiversity.es\/#organization"},"potentialAction":[{"@type":"SearchAction","target":{"@type":"EntryPoint","urlTemplate":"https:\/\/lovingdiversity.es\/?s={search_term_string}"},"query-input":{"@type":"PropertyValueSpecification","valueRequired":true,"valueName":"search_term_string"}}],"inLanguage":"es-VAL"},{"@type":"Organization","@id":"https:\/\/lovingdiversity.es\/#organization","name":"Loving Diversity VLC","url":"https:\/\/lovingdiversity.es\/","logo":{"@type":"ImageObject","inLanguage":"es-VAL","@id":"https:\/\/lovingdiversity.es\/#\/schema\/logo\/image\/","url":"https:\/\/lovingdiversity.es\/wp-content\/uploads\/2024\/12\/logotipo_loving.png","contentUrl":"https:\/\/lovingdiversity.es\/wp-content\/uploads\/2024\/12\/logotipo_loving.png","width":400,"height":112,"caption":"Loving Diversity VLC"},"image":{"@id":"https:\/\/lovingdiversity.es\/#\/schema\/logo\/image\/"},"sameAs":["https:\/\/www.facebook.com\/ComiteVLC\/","https:\/\/www.instagram.com\/comitevlc\/","https:\/\/www.tiktok.com\/@comitevlc"]}]}},"_links":{"self":[{"href":"https:\/\/lovingdiversity.es\/val\/wp-json\/wp\/v2\/ajde_events\/5690","targetHints":{"allow":["GET"]}}],"collection":[{"href":"https:\/\/lovingdiversity.es\/val\/wp-json\/wp\/v2\/ajde_events"}],"about":[{"href":"https:\/\/lovingdiversity.es\/val\/wp-json\/wp\/v2\/types\/ajde_events"}],"author":[{"embeddable":true,"href":"https:\/\/lovingdiversity.es\/val\/wp-json\/wp\/v2\/users\/1"}],"replies":[{"embeddable":true,"href":"https:\/\/lovingdiversity.es\/val\/wp-json\/wp\/v2\/comments?post=5690"}],"wp:featuredmedia":[{"embeddable":true,"href":"https:\/\/lovingdiversity.es\/val\/wp-json\/wp\/v2\/media\/5686"}],"wp:attachment":[{"href":"https:\/\/lovingdiversity.es\/val\/wp-json\/wp\/v2\/media?parent=5690"}],"wp:term":[{"taxonomy":"post_tag","embeddable":true,"href":"https:\/\/lovingdiversity.es\/val\/wp-json\/wp\/v2\/tags?post=5690"},{"taxonomy":"event_type","embeddable":true,"href":"https:\/\/lovingdiversity.es\/val\/wp-json\/wp\/v2\/event_type?post=5690"},{"taxonomy":"event_type_2","embeddable":true,"href":"https:\/\/lovingdiversity.es\/val\/wp-json\/wp\/v2\/event_type_2?post=5690"}],"curies":[{"name":"wp","href":"https:\/\/api.w.org\/{rel}","templated":true}]}}

<p>Ens alegra anunciar-vos que el proper ARA ENtre llibres tindrà lloc el dissabte 12 d’abril a les 18:00h a El Bac <a class="x1i10hfl xjbqb8w x1ejq31n xd10rxx x1sy0etr x17r0tee x972fbf xcfux6l x1qhh985 xm0m39n x9f619 x1ypdohk xt0psk2 xe8uvvx xdj266r x11i5rnm xat24cr x1mh8g0r xexx8yu x4uap5 x18d9i69 xkhd6sd x16tdsg8 x1hl2dhg xggy1nq x1a2a7pz notranslate _a6hd" tabindex="0" role="link" href="https://www.instagram.com/el_bac_valencia/">@el_bac_valencia</a> Espai d&#8217;art, política i cultura popular (C/ del Metge Esteve, 13).</p>
<p>A aquesta trobada parlarem del llibre «La estirpe de Lilith: Amanecer”, d’Octavia E. Butler.</p>
<p>⚠️ Aquest llibre aborda temes delicats que podrien remoure algunes persones. A continuació, deixem un llistat de temes que hem considerat sensibles, per promoure decisions informades abans de començar amb el llibre o acudir a l’esdeveniment: violència sexual, abús físic i psicològic, racisme, xenofòbia, deshumanització, eugenèsia, masclisme i l&#8217;ús de drogues/narcòtics.</p>
<p>Per poder tindre una previsió de la gent que vindrà i organitzar-nos, haureu d&#8217;enviar un correu a l&#8217;adreça araentrellibres@araenvalencia.es per inscriure-vos a l&#8217;esdeveniment. Les places són limitades, podreu assistir a l&#8217;activitat amb el correu de confirmació. Preguem puntualitat per no interrompre la dinàmica.</p>
<p>Vos informem que, per tal de poder mantindre l&#8217;espai que ens cedeixen lis companyis d&#8217;El Bac, es farà una aportació conscient de 2€/persona. Si teniu algun dubte o suggeriment, podeu escriure&#8217;ns a aquesta mateixa adreça de correu.</p>
<p>Com sempre, la perspectiva de gènere des del feminisme es dóna per descomptada i no és un aspecte a discutir o posar en dubte. Si tens reticències al respecte, és preferible no acudir a trobades proposades per aquesta associació.</p>
<p>Ens veiem el dissabte 12 d’abril a les 18h!</p>

<!-- This site is optimized with the Yoast SEO plugin v26.8 - https://yoast.com/product/yoast-seo-wordpress/ -->
<title>La estirpe de Lilith: Amanecer en El Bac - Loving Diversity VLC</title>
<meta name="robots" content="index, follow, max-snippet:-1, max-image-preview:large, max-video-preview:-1" />
<link rel="canonical" href="https://lovingdiversity.es/val/events/la-estirpe-de-lilith-amanecer-en-el-bac/" />
<meta property="og:locale" content="es_ES" />
<meta property="og:type" content="article" />
<meta property="og:title" content="La estirpe de Lilith: Amanecer en El Bac - Loving Diversity VLC" />
<meta property="og:description" content="Ens alegra anunciar-vos que el proper ARA ENtre llibres tindrà lloc el dissabte 12 d’abril a les 18:00h a El Bac @el_bac_valencia Espai d&#8217;art, política i cultura popular (C/ del..." />
<meta property="og:url" content="https://lovingdiversity.es/val/events/la-estirpe-de-lilith-amanecer-en-el-bac/" />
<meta property="og:site_name" content="Loving Diversity VLC" />
<meta property="article:publisher" content="https://www.facebook.com/ComiteVLC/" />
<meta property="article:modified_time" content="2025-03-21T12:33:04+00:00" />
<meta property="og:image" content="http://lovingdiversity.es/wp-content/uploads/2025/03/Banner-Eventos-Web-31.png" />
	<meta property="og:image:width" content="1400" />
	<meta property="og:image:height" content="500" />
	<meta property="og:image:type" content="image/png" />
<meta name="twitter:card" content="summary_large_image" />
<meta name="twitter:label1" content="Est. reading time" />
	<meta name="twitter:data1" content="2 minutes" />
<script type="application/ld+json" class="yoast-schema-graph">{"@context":"https://schema.org","@graph":[{"@type":"WebPage","@id":"https://lovingdiversity.es/events/la-estirpe-de-lilith-amanecer-en-el-bac/","url":"https://lovingdiversity.es/events/la-estirpe-de-lilith-amanecer-en-el-bac/","name":"La estirpe de Lilith: Amanecer en El Bac - Loving Diversity VLC","isPartOf":{"@id":"https://lovingdiversity.es/#website"},"primaryImageOfPage":{"@id":"https://lovingdiversity.es/events/la-estirpe-de-lilith-amanecer-en-el-bac/#primaryimage"},"image":{"@id":"https://lovingdiversity.es/events/la-estirpe-de-lilith-amanecer-en-el-bac/#primaryimage"},"thumbnailUrl":"https://lovingdiversity.es/wp-content/uploads/2025/03/Banner-Eventos-Web-31.png","datePublished":"2025-03-21T12:31:07+00:00","dateModified":"2025-03-21T12:33:04+00:00","breadcrumb":{"@id":"https://lovingdiversity.es/events/la-estirpe-de-lilith-amanecer-en-el-bac/#breadcrumb"},"inLanguage":"es-VAL","potentialAction":[{"@type":"ReadAction","target":["https://lovingdiversity.es/events/la-estirpe-de-lilith-amanecer-en-el-bac/"]}]},{"@type":"ImageObject","inLanguage":"es-VAL","@id":"https://lovingdiversity.es/events/la-estirpe-de-lilith-amanecer-en-el-bac/#primaryimage","url":"https://lovingdiversity.es/wp-content/uploads/2025/03/Banner-Eventos-Web-31.png","contentUrl":"https://lovingdiversity.es/wp-content/uploads/2025/03/Banner-Eventos-Web-31.png","width":1400,"height":500},{"@type":"BreadcrumbList","@id":"https://lovingdiversity.es/events/la-estirpe-de-lilith-amanecer-en-el-bac/#breadcrumb","itemListElement":[{"@type":"ListItem","position":1,"name":"Portada","item":"https://lovingdiversity.es/"},{"@type":"ListItem","position":2,"name":"Events","item":"https://lovingdiversity.es/events/"},{"@type":"ListItem","position":3,"name":"La estirpe de Lilith: Amanecer en El Bac"}]},{"@type":"WebSite","@id":"https://lovingdiversity.es/#website","url":"https://lovingdiversity.es/","name":"Loving Diversity VLC","description":"Agenda de Ocio LGTBI","publisher":{"@id":"https://lovingdiversity.es/#organization"},"potentialAction":[{"@type":"SearchAction","target":{"@type":"EntryPoint","urlTemplate":"https://lovingdiversity.es/?s={search_term_string}"},"query-input":{"@type":"PropertyValueSpecification","valueRequired":true,"valueName":"search_term_string"}}],"inLanguage":"es-VAL"},{"@type":"Organization","@id":"https://lovingdiversity.es/#organization","name":"Loving Diversity VLC","url":"https://lovingdiversity.es/","logo":{"@type":"ImageObject","inLanguage":"es-VAL","@id":"https://lovingdiversity.es/#/schema/logo/image/","url":"https://lovingdiversity.es/wp-content/uploads/2024/12/logotipo_loving.png","contentUrl":"https://lovingdiversity.es/wp-content/uploads/2024/12/logotipo_loving.png","width":400,"height":112,"caption":"Loving Diversity VLC"},"image":{"@id":"https://lovingdiversity.es/#/schema/logo/image/"},"sameAs":["https://www.facebook.com/ComiteVLC/","https://www.instagram.com/comitevlc/","https://www.tiktok.com/@comitevlc"]}]}</script>
<!-- / Yoast SEO plugin. -->

Ens alegra anunciar-vos que el proper ARA ENtre llibres tindrà lloc el dissabte 12 d’abril a les 18:00h a El Bac @el_bac_valencia Espai d&#8217;art, política i cultura popular (C/ del...
