{"id":5751,"date":"2025-03-27T13:12:34","date_gmt":"2025-03-27T13:12:34","guid":{"rendered":"https:\/\/lovingdiversity.es\/?post_type=ajde_events&#038;p=5751"},"modified":"2025-03-27T13:12:34","modified_gmt":"2025-03-27T13:12:34","slug":"carrera-de-la-mujer","status":"publish","type":"ajde_events","link":"https:\/\/lovingdiversity.es\/val\/events\/carrera-de-la-mujer\/","title":{"rendered":"Carrera de la Mujer"},"content":{"rendered":"<p><span style=\"color: #000000;\">El pr\u00f3ximo\u00a0<strong>30 de marzo<\/strong>, a las\u00a0<strong>09:00h<\/strong>. se celebrar\u00e1 una nueva edici\u00f3n de la esperada\u00a0<strong>Carrera de la Mujer Central Lechera Asturiana de Val\u00e8ncia<\/strong>\u00a0y ya posible inscribirse a esta cita a trav\u00e9s de la web\u00a0<a style=\"color: #000000;\" href=\"https:\/\/www.carreradelamujer.com\/muj-valencia\" target=\"_blank\" rel=\"noopener external noreferrer\" data-wpel-link=\"external\">https:\/\/www.carreradelamujer.com\/muj-valencia<\/a>.<\/span><\/p>\n<p><span style=\"color: #000000;\">Val\u00e8ncia ser\u00e1 la segunda prueba del a\u00f1o tras la de Gran Canaria que inicia el circuito nacional de la Carrera de la Mujer, y se esperan unas 9.000 participantes que se unir\u00e1n a la \u201c<strong>Marea Rosa<\/strong>\u201d, en un<strong>\u00a0evento deportivo<\/strong>\u00a0y de<strong>\u00a0car\u00e1cter solidario<\/strong>\u00a0y\u00a0<strong>reivindicativo<\/strong>\u00a0del papel de la mujer en el deporte y en la sociedad.<\/span><\/p>","protected":false},"author":1,"featured_media":5752,"menu_order":0,"comment_status":"open","ping_status":"closed","template":"","meta":[],"tags":[],"event_type":[16],"event_type_2":[],"class_list":{"0":"post-5751","1":"ajde_events","2":"type-ajde_events","3":"status-publish","4":"has-post-thumbnail","6":"event_type-salud"},"yoast_head":"<!-- This site is optimized with the Yoast SEO plugin v26.8 - https:\/\/yoast.com\/product\/yoast-seo-wordpress\/ -->\n<title>Carrera de la Mujer - Loving Diversity VLC<\/title>\n<meta name=\"robots\" content=\"index, follow, max-snippet:-1, max-image-preview:large, max-video-preview:-1\" \/>\n<link rel=\"canonical\" href=\"https:\/\/lovingdiversity.es\/val\/events\/carrera-de-la-mujer\/\" \/>\n<meta property=\"og:locale\" content=\"es_ES\" \/>\n<meta property=\"og:type\" content=\"article\" \/>\n<meta property=\"og:title\" content=\"Carrera de la Mujer - Loving Diversity VLC\" \/>\n<meta property=\"og:description\" content=\"El pr\u00f3ximo\u00a030 de marzo, a las\u00a009:00h. se celebrar\u00e1 una nueva edici\u00f3n de la esperada\u00a0Carrera de la Mujer Central Lechera Asturiana de Val\u00e8ncia\u00a0y ya posible inscribirse a esta cita a trav\u00e9s...\" \/>\n<meta property=\"og:url\" content=\"https:\/\/lovingdiversity.es\/val\/events\/carrera-de-la-mujer\/\" \/>\n<meta property=\"og:site_name\" content=\"Loving Diversity VLC\" \/>\n<meta property=\"article:publisher\" content=\"https:\/\/www.facebook.com\/ComiteVLC\/\" \/>\n<meta property=\"og:image\" content=\"http:\/\/lovingdiversity.es\/wp-content\/uploads\/2025\/03\/Banner-Eventos-Web-11-1.png\" \/>\n\t<meta property=\"og:image:width\" content=\"1400\" \/>\n\t<meta property=\"og:image:height\" content=\"500\" \/>\n\t<meta property=\"og:image:type\" content=\"image\/png\" \/>\n<meta name=\"twitter:card\" content=\"summary_large_image\" \/>\n<meta name=\"twitter:label1\" content=\"Est. reading time\" \/>\n\t<meta name=\"twitter:data1\" content=\"1 minute\" \/>\n<script type=\"application\/ld+json\" class=\"yoast-schema-graph\">{\"@context\":\"https:\/\/schema.org\",\"@graph\":[{\"@type\":\"WebPage\",\"@id\":\"https:\/\/lovingdiversity.es\/events\/carrera-de-la-mujer\/\",\"url\":\"https:\/\/lovingdiversity.es\/events\/carrera-de-la-mujer\/\",\"name\":\"Carrera de la Mujer - Loving Diversity VLC\",\"isPartOf\":{\"@id\":\"https:\/\/lovingdiversity.es\/#website\"},\"primaryImageOfPage\":{\"@id\":\"https:\/\/lovingdiversity.es\/events\/carrera-de-la-mujer\/#primaryimage\"},\"image\":{\"@id\":\"https:\/\/lovingdiversity.es\/events\/carrera-de-la-mujer\/#primaryimage\"},\"thumbnailUrl\":\"https:\/\/lovingdiversity.es\/wp-content\/uploads\/2025\/03\/Banner-Eventos-Web-11-1.png\",\"datePublished\":\"2025-03-27T13:12:34+00:00\",\"breadcrumb\":{\"@id\":\"https:\/\/lovingdiversity.es\/events\/carrera-de-la-mujer\/#breadcrumb\"},\"inLanguage\":\"es-VAL\",\"potentialAction\":[{\"@type\":\"ReadAction\",\"target\":[\"https:\/\/lovingdiversity.es\/events\/carrera-de-la-mujer\/\"]}]},{\"@type\":\"ImageObject\",\"inLanguage\":\"es-VAL\",\"@id\":\"https:\/\/lovingdiversity.es\/events\/carrera-de-la-mujer\/#primaryimage\",\"url\":\"https:\/\/lovingdiversity.es\/wp-content\/uploads\/2025\/03\/Banner-Eventos-Web-11-1.png\",\"contentUrl\":\"https:\/\/lovingdiversity.es\/wp-content\/uploads\/2025\/03\/Banner-Eventos-Web-11-1.png\",\"width\":1400,\"height\":500},{\"@type\":\"BreadcrumbList\",\"@id\":\"https:\/\/lovingdiversity.es\/events\/carrera-de-la-mujer\/#breadcrumb\",\"itemListElement\":[{\"@type\":\"ListItem\",\"position\":1,\"name\":\"Portada\",\"item\":\"https:\/\/lovingdiversity.es\/\"},{\"@type\":\"ListItem\",\"position\":2,\"name\":\"Events\",\"item\":\"https:\/\/lovingdiversity.es\/events\/\"},{\"@type\":\"ListItem\",\"position\":3,\"name\":\"Carrera de la Mujer\"}]},{\"@type\":\"WebSite\",\"@id\":\"https:\/\/lovingdiversity.es\/#website\",\"url\":\"https:\/\/lovingdiversity.es\/\",\"name\":\"Loving Diversity VLC\",\"description\":\"Agenda de Ocio LGTBI\",\"publisher\":{\"@id\":\"https:\/\/lovingdiversity.es\/#organization\"},\"potentialAction\":[{\"@type\":\"SearchAction\",\"target\":{\"@type\":\"EntryPoint\",\"urlTemplate\":\"https:\/\/lovingdiversity.es\/?s={search_term_string}\"},\"query-input\":{\"@type\":\"PropertyValueSpecification\",\"valueRequired\":true,\"valueName\":\"search_term_string\"}}],\"inLanguage\":\"es-VAL\"},{\"@type\":\"Organization\",\"@id\":\"https:\/\/lovingdiversity.es\/#organization\",\"name\":\"Loving Diversity VLC\",\"url\":\"https:\/\/lovingdiversity.es\/\",\"logo\":{\"@type\":\"ImageObject\",\"inLanguage\":\"es-VAL\",\"@id\":\"https:\/\/lovingdiversity.es\/#\/schema\/logo\/image\/\",\"url\":\"https:\/\/lovingdiversity.es\/wp-content\/uploads\/2024\/12\/logotipo_loving.png\",\"contentUrl\":\"https:\/\/lovingdiversity.es\/wp-content\/uploads\/2024\/12\/logotipo_loving.png\",\"width\":400,\"height\":112,\"caption\":\"Loving Diversity VLC\"},\"image\":{\"@id\":\"https:\/\/lovingdiversity.es\/#\/schema\/logo\/image\/\"},\"sameAs\":[\"https:\/\/www.facebook.com\/ComiteVLC\/\",\"https:\/\/www.instagram.com\/comitevlc\/\",\"https:\/\/www.tiktok.com\/@comitevlc\"]}]}<\/script>\n<!-- \/ Yoast SEO plugin. -->","yoast_head_json":{"title":"Carrera de la Mujer - Loving Diversity VLC","robots":{"index":"index","follow":"follow","max-snippet":"max-snippet:-1","max-image-preview":"max-image-preview:large","max-video-preview":"max-video-preview:-1"},"canonical":"https:\/\/lovingdiversity.es\/val\/events\/carrera-de-la-mujer\/","og_locale":"es_ES","og_type":"article","og_title":"Carrera de la Mujer - Loving Diversity VLC","og_description":"El pr\u00f3ximo\u00a030 de marzo, a las\u00a009:00h. se celebrar\u00e1 una nueva edici\u00f3n de la esperada\u00a0Carrera de la Mujer Central Lechera Asturiana de Val\u00e8ncia\u00a0y ya posible inscribirse a esta cita a trav\u00e9s...","og_url":"https:\/\/lovingdiversity.es\/val\/events\/carrera-de-la-mujer\/","og_site_name":"Loving Diversity VLC","article_publisher":"https:\/\/www.facebook.com\/ComiteVLC\/","og_image":[{"width":1400,"height":500,"url":"http:\/\/lovingdiversity.es\/wp-content\/uploads\/2025\/03\/Banner-Eventos-Web-11-1.png","type":"image\/png"}],"twitter_card":"summary_large_image","twitter_misc":{"Est. reading time":"1 minute"},"schema":{"@context":"https:\/\/schema.org","@graph":[{"@type":"WebPage","@id":"https:\/\/lovingdiversity.es\/events\/carrera-de-la-mujer\/","url":"https:\/\/lovingdiversity.es\/events\/carrera-de-la-mujer\/","name":"Carrera de la Mujer - Loving Diversity VLC","isPartOf":{"@id":"https:\/\/lovingdiversity.es\/#website"},"primaryImageOfPage":{"@id":"https:\/\/lovingdiversity.es\/events\/carrera-de-la-mujer\/#primaryimage"},"image":{"@id":"https:\/\/lovingdiversity.es\/events\/carrera-de-la-mujer\/#primaryimage"},"thumbnailUrl":"https:\/\/lovingdiversity.es\/wp-content\/uploads\/2025\/03\/Banner-Eventos-Web-11-1.png","datePublished":"2025-03-27T13:12:34+00:00","breadcrumb":{"@id":"https:\/\/lovingdiversity.es\/events\/carrera-de-la-mujer\/#breadcrumb"},"inLanguage":"es-VAL","potentialAction":[{"@type":"ReadAction","target":["https:\/\/lovingdiversity.es\/events\/carrera-de-la-mujer\/"]}]},{"@type":"ImageObject","inLanguage":"es-VAL","@id":"https:\/\/lovingdiversity.es\/events\/carrera-de-la-mujer\/#primaryimage","url":"https:\/\/lovingdiversity.es\/wp-content\/uploads\/2025\/03\/Banner-Eventos-Web-11-1.png","contentUrl":"https:\/\/lovingdiversity.es\/wp-content\/uploads\/2025\/03\/Banner-Eventos-Web-11-1.png","width":1400,"height":500},{"@type":"BreadcrumbList","@id":"https:\/\/lovingdiversity.es\/events\/carrera-de-la-mujer\/#breadcrumb","itemListElement":[{"@type":"ListItem","position":1,"name":"Portada","item":"https:\/\/lovingdiversity.es\/"},{"@type":"ListItem","position":2,"name":"Events","item":"https:\/\/lovingdiversity.es\/events\/"},{"@type":"ListItem","position":3,"name":"Carrera de la Mujer"}]},{"@type":"WebSite","@id":"https:\/\/lovingdiversity.es\/#website","url":"https:\/\/lovingdiversity.es\/","name":"Loving Diversity VLC","description":"Agenda de Ocio LGTBI","publisher":{"@id":"https:\/\/lovingdiversity.es\/#organization"},"potentialAction":[{"@type":"SearchAction","target":{"@type":"EntryPoint","urlTemplate":"https:\/\/lovingdiversity.es\/?s={search_term_string}"},"query-input":{"@type":"PropertyValueSpecification","valueRequired":true,"valueName":"search_term_string"}}],"inLanguage":"es-VAL"},{"@type":"Organization","@id":"https:\/\/lovingdiversity.es\/#organization","name":"Loving Diversity VLC","url":"https:\/\/lovingdiversity.es\/","logo":{"@type":"ImageObject","inLanguage":"es-VAL","@id":"https:\/\/lovingdiversity.es\/#\/schema\/logo\/image\/","url":"https:\/\/lovingdiversity.es\/wp-content\/uploads\/2024\/12\/logotipo_loving.png","contentUrl":"https:\/\/lovingdiversity.es\/wp-content\/uploads\/2024\/12\/logotipo_loving.png","width":400,"height":112,"caption":"Loving Diversity VLC"},"image":{"@id":"https:\/\/lovingdiversity.es\/#\/schema\/logo\/image\/"},"sameAs":["https:\/\/www.facebook.com\/ComiteVLC\/","https:\/\/www.instagram.com\/comitevlc\/","https:\/\/www.tiktok.com\/@comitevlc"]}]}},"_links":{"self":[{"href":"https:\/\/lovingdiversity.es\/val\/wp-json\/wp\/v2\/ajde_events\/5751","targetHints":{"allow":["GET"]}}],"collection":[{"href":"https:\/\/lovingdiversity.es\/val\/wp-json\/wp\/v2\/ajde_events"}],"about":[{"href":"https:\/\/lovingdiversity.es\/val\/wp-json\/wp\/v2\/types\/ajde_events"}],"author":[{"embeddable":true,"href":"https:\/\/lovingdiversity.es\/val\/wp-json\/wp\/v2\/users\/1"}],"replies":[{"embeddable":true,"href":"https:\/\/lovingdiversity.es\/val\/wp-json\/wp\/v2\/comments?post=5751"}],"wp:featuredmedia":[{"embeddable":true,"href":"https:\/\/lovingdiversity.es\/val\/wp-json\/wp\/v2\/media\/5752"}],"wp:attachment":[{"href":"https:\/\/lovingdiversity.es\/val\/wp-json\/wp\/v2\/media?parent=5751"}],"wp:term":[{"taxonomy":"post_tag","embeddable":true,"href":"https:\/\/lovingdiversity.es\/val\/wp-json\/wp\/v2\/tags?post=5751"},{"taxonomy":"event_type","embeddable":true,"href":"https:\/\/lovingdiversity.es\/val\/wp-json\/wp\/v2\/event_type?post=5751"},{"taxonomy":"event_type_2","embeddable":true,"href":"https:\/\/lovingdiversity.es\/val\/wp-json\/wp\/v2\/event_type_2?post=5751"}],"curies":[{"name":"wp","href":"https:\/\/api.w.org\/{rel}","templated":true}]}}

<p><span style="color: #000000;">El próximo <strong>30 de marzo</strong>, a las <strong>09:00h</strong>. se celebrará una nueva edición de la esperada <strong>Carrera de la Mujer Central Lechera Asturiana de València</strong> y ya posible inscribirse a esta cita a través de la web <a style="color: #000000;" href="https://www.carreradelamujer.com/muj-valencia" target="_blank" rel="noopener external noreferrer" data-wpel-link="external">https://www.carreradelamujer.com/muj-valencia</a>.</span></p>
<p><span style="color: #000000;">València será la segunda prueba del año tras la de Gran Canaria que inicia el circuito nacional de la Carrera de la Mujer, y se esperan unas 9.000 participantes que se unirán a la “<strong>Marea Rosa</strong>”, en un<strong> evento deportivo</strong> y de<strong> carácter solidario</strong> y <strong>reivindicativo</strong> del papel de la mujer en el deporte y en la sociedad.</span></p>

<!-- This site is optimized with the Yoast SEO plugin v26.8 - https://yoast.com/product/yoast-seo-wordpress/ -->
<title>Carrera de la Mujer - Loving Diversity VLC</title>
<meta name="robots" content="index, follow, max-snippet:-1, max-image-preview:large, max-video-preview:-1" />
<link rel="canonical" href="https://lovingdiversity.es/val/events/carrera-de-la-mujer/" />
<meta property="og:locale" content="es_ES" />
<meta property="og:type" content="article" />
<meta property="og:title" content="Carrera de la Mujer - Loving Diversity VLC" />
<meta property="og:description" content="El próximo 30 de marzo, a las 09:00h. se celebrará una nueva edición de la esperada Carrera de la Mujer Central Lechera Asturiana de València y ya posible inscribirse a esta cita a través..." />
<meta property="og:url" content="https://lovingdiversity.es/val/events/carrera-de-la-mujer/" />
<meta property="og:site_name" content="Loving Diversity VLC" />
<meta property="article:publisher" content="https://www.facebook.com/ComiteVLC/" />
<meta property="og:image" content="http://lovingdiversity.es/wp-content/uploads/2025/03/Banner-Eventos-Web-11-1.png" />
	<meta property="og:image:width" content="1400" />
	<meta property="og:image:height" content="500" />
	<meta property="og:image:type" content="image/png" />
<meta name="twitter:card" content="summary_large_image" />
<meta name="twitter:label1" content="Est. reading time" />
	<meta name="twitter:data1" content="1 minute" />
<script type="application/ld+json" class="yoast-schema-graph">{"@context":"https://schema.org","@graph":[{"@type":"WebPage","@id":"https://lovingdiversity.es/events/carrera-de-la-mujer/","url":"https://lovingdiversity.es/events/carrera-de-la-mujer/","name":"Carrera de la Mujer - Loving Diversity VLC","isPartOf":{"@id":"https://lovingdiversity.es/#website"},"primaryImageOfPage":{"@id":"https://lovingdiversity.es/events/carrera-de-la-mujer/#primaryimage"},"image":{"@id":"https://lovingdiversity.es/events/carrera-de-la-mujer/#primaryimage"},"thumbnailUrl":"https://lovingdiversity.es/wp-content/uploads/2025/03/Banner-Eventos-Web-11-1.png","datePublished":"2025-03-27T13:12:34+00:00","breadcrumb":{"@id":"https://lovingdiversity.es/events/carrera-de-la-mujer/#breadcrumb"},"inLanguage":"es-VAL","potentialAction":[{"@type":"ReadAction","target":["https://lovingdiversity.es/events/carrera-de-la-mujer/"]}]},{"@type":"ImageObject","inLanguage":"es-VAL","@id":"https://lovingdiversity.es/events/carrera-de-la-mujer/#primaryimage","url":"https://lovingdiversity.es/wp-content/uploads/2025/03/Banner-Eventos-Web-11-1.png","contentUrl":"https://lovingdiversity.es/wp-content/uploads/2025/03/Banner-Eventos-Web-11-1.png","width":1400,"height":500},{"@type":"BreadcrumbList","@id":"https://lovingdiversity.es/events/carrera-de-la-mujer/#breadcrumb","itemListElement":[{"@type":"ListItem","position":1,"name":"Portada","item":"https://lovingdiversity.es/"},{"@type":"ListItem","position":2,"name":"Events","item":"https://lovingdiversity.es/events/"},{"@type":"ListItem","position":3,"name":"Carrera de la Mujer"}]},{"@type":"WebSite","@id":"https://lovingdiversity.es/#website","url":"https://lovingdiversity.es/","name":"Loving Diversity VLC","description":"Agenda de Ocio LGTBI","publisher":{"@id":"https://lovingdiversity.es/#organization"},"potentialAction":[{"@type":"SearchAction","target":{"@type":"EntryPoint","urlTemplate":"https://lovingdiversity.es/?s={search_term_string}"},"query-input":{"@type":"PropertyValueSpecification","valueRequired":true,"valueName":"search_term_string"}}],"inLanguage":"es-VAL"},{"@type":"Organization","@id":"https://lovingdiversity.es/#organization","name":"Loving Diversity VLC","url":"https://lovingdiversity.es/","logo":{"@type":"ImageObject","inLanguage":"es-VAL","@id":"https://lovingdiversity.es/#/schema/logo/image/","url":"https://lovingdiversity.es/wp-content/uploads/2024/12/logotipo_loving.png","contentUrl":"https://lovingdiversity.es/wp-content/uploads/2024/12/logotipo_loving.png","width":400,"height":112,"caption":"Loving Diversity VLC"},"image":{"@id":"https://lovingdiversity.es/#/schema/logo/image/"},"sameAs":["https://www.facebook.com/ComiteVLC/","https://www.instagram.com/comitevlc/","https://www.tiktok.com/@comitevlc"]}]}</script>
<!-- / Yoast SEO plugin. -->

El próximo 30 de marzo, a las 09:00h. se celebrará una nueva edición de la esperada Carrera de la Mujer Central Lechera Asturiana de València y ya posible inscribirse a esta cita a través...
