{"id":6033,"date":"2025-05-08T11:55:12","date_gmt":"2025-05-08T11:55:12","guid":{"rendered":"https:\/\/lovingdiversity.es\/events\/presentacion-del-libro-espana-racista\/"},"modified":"2025-05-08T12:09:22","modified_gmt":"2025-05-08T12:09:22","slug":"presentacion-del-libro-espana-racista","status":"publish","type":"ajde_events","link":"https:\/\/lovingdiversity.es\/val\/events\/presentacion-del-libro-espana-racista\/","title":{"rendered":"Presentaci\u00f3n del libro \u00abEspa\u00f1a, \u00bfRacista?\u00bb"},"content":{"rendered":"<p>El Club de Lectura Cr\u00edtic de Maricuir presentar\u00e0 el pr\u00f2xim dia 7 de juny, a les 12.00, en la llibreria La Rossa, a l&#8217;escriptora Safia El Aaddam que presentar\u00e0 el seu \u00faltim llibre \u2018\u2019Espa\u00f1a, \u00bfRacista?\u2019\u2019<\/p>\n<p>A la xerrada tamb\u00e9 acudir\u00e0 Paola Larco Mu\u00f1oz, de Mujeres, Voces y Resistencias, per a enriquir (encara m\u00e9s) la conversa. No ho dubtes i ves a compartir amb elles una xerrada sobre antirracisme amb una de les autores del moment.<\/p>","protected":false},"author":1,"featured_media":6036,"menu_order":0,"comment_status":"open","ping_status":"closed","template":"","meta":[],"tags":[],"event_type":[12],"event_type_2":[],"class_list":{"0":"post-6033","1":"ajde_events","2":"type-ajde_events","3":"status-publish","4":"has-post-thumbnail","6":"event_location-llibreria-la-rossa","7":"event_organizer-club-de-lectura-critic-de-maricuir","8":"event_type-libros"},"yoast_head":"<!-- This site is optimized with the Yoast SEO plugin v26.8 - https:\/\/yoast.com\/product\/yoast-seo-wordpress\/ -->\n<title>Presentaci\u00f3n del libro &quot;Espa\u00f1a, \u00bfRacista?&quot; - Loving Diversity VLC<\/title>\n<meta name=\"robots\" content=\"index, follow, max-snippet:-1, max-image-preview:large, max-video-preview:-1\" \/>\n<link rel=\"canonical\" href=\"https:\/\/lovingdiversity.es\/val\/events\/presentacion-del-libro-espana-racista\/\" \/>\n<meta property=\"og:locale\" content=\"es_ES\" \/>\n<meta property=\"og:type\" content=\"article\" \/>\n<meta property=\"og:title\" content=\"Presentaci\u00f3n del libro &quot;Espa\u00f1a, \u00bfRacista?&quot; - Loving Diversity VLC\" \/>\n<meta property=\"og:description\" content=\"El Club de Lectura Cr\u00edtic de Maricuir presentar\u00e0 el pr\u00f2xim dia 7 de juny, a les 12.00, en la llibreria La Rossa, a l&#8217;escriptora Safia El Aaddam que presentar\u00e0 el...\" \/>\n<meta property=\"og:url\" content=\"https:\/\/lovingdiversity.es\/val\/events\/presentacion-del-libro-espana-racista\/\" \/>\n<meta property=\"og:site_name\" content=\"Loving Diversity VLC\" \/>\n<meta property=\"article:publisher\" content=\"https:\/\/www.facebook.com\/ComiteVLC\/\" \/>\n<meta property=\"article:modified_time\" content=\"2025-05-08T12:09:22+00:00\" \/>\n<meta property=\"og:image\" content=\"http:\/\/lovingdiversity.es\/wp-content\/uploads\/2025\/05\/7J-espana-racista.png\" \/>\n\t<meta property=\"og:image:width\" content=\"1400\" \/>\n\t<meta property=\"og:image:height\" content=\"500\" \/>\n\t<meta property=\"og:image:type\" content=\"image\/png\" \/>\n<meta name=\"twitter:card\" content=\"summary_large_image\" \/>\n<meta name=\"twitter:label1\" content=\"Est. reading time\" \/>\n\t<meta name=\"twitter:data1\" content=\"1 minute\" \/>\n<script type=\"application\/ld+json\" class=\"yoast-schema-graph\">{\"@context\":\"https:\/\/schema.org\",\"@graph\":[{\"@type\":\"WebPage\",\"@id\":\"https:\/\/lovingdiversity.es\/events\/presentacion-del-libro-espana-racista\/\",\"url\":\"https:\/\/lovingdiversity.es\/events\/presentacion-del-libro-espana-racista\/\",\"name\":\"Presentaci\u00f3n del libro \\\"Espa\u00f1a, \u00bfRacista?\\\" - Loving Diversity VLC\",\"isPartOf\":{\"@id\":\"https:\/\/lovingdiversity.es\/#website\"},\"primaryImageOfPage\":{\"@id\":\"https:\/\/lovingdiversity.es\/events\/presentacion-del-libro-espana-racista\/#primaryimage\"},\"image\":{\"@id\":\"https:\/\/lovingdiversity.es\/events\/presentacion-del-libro-espana-racista\/#primaryimage\"},\"thumbnailUrl\":\"https:\/\/lovingdiversity.es\/wp-content\/uploads\/2025\/05\/7J-espana-racista.png\",\"datePublished\":\"2025-05-08T11:55:12+00:00\",\"dateModified\":\"2025-05-08T12:09:22+00:00\",\"breadcrumb\":{\"@id\":\"https:\/\/lovingdiversity.es\/events\/presentacion-del-libro-espana-racista\/#breadcrumb\"},\"inLanguage\":\"es-VAL\",\"potentialAction\":[{\"@type\":\"ReadAction\",\"target\":[\"https:\/\/lovingdiversity.es\/events\/presentacion-del-libro-espana-racista\/\"]}]},{\"@type\":\"ImageObject\",\"inLanguage\":\"es-VAL\",\"@id\":\"https:\/\/lovingdiversity.es\/events\/presentacion-del-libro-espana-racista\/#primaryimage\",\"url\":\"https:\/\/lovingdiversity.es\/wp-content\/uploads\/2025\/05\/7J-espana-racista.png\",\"contentUrl\":\"https:\/\/lovingdiversity.es\/wp-content\/uploads\/2025\/05\/7J-espana-racista.png\",\"width\":1400,\"height\":500},{\"@type\":\"BreadcrumbList\",\"@id\":\"https:\/\/lovingdiversity.es\/events\/presentacion-del-libro-espana-racista\/#breadcrumb\",\"itemListElement\":[{\"@type\":\"ListItem\",\"position\":1,\"name\":\"Portada\",\"item\":\"https:\/\/lovingdiversity.es\/\"},{\"@type\":\"ListItem\",\"position\":2,\"name\":\"Events\",\"item\":\"https:\/\/lovingdiversity.es\/events\/\"},{\"@type\":\"ListItem\",\"position\":3,\"name\":\"Presentaci\u00f3n del libro \u00abEspa\u00f1a, \u00bfRacista?\u00bb\"}]},{\"@type\":\"WebSite\",\"@id\":\"https:\/\/lovingdiversity.es\/#website\",\"url\":\"https:\/\/lovingdiversity.es\/\",\"name\":\"Loving Diversity VLC\",\"description\":\"Agenda de Ocio LGTBI\",\"publisher\":{\"@id\":\"https:\/\/lovingdiversity.es\/#organization\"},\"potentialAction\":[{\"@type\":\"SearchAction\",\"target\":{\"@type\":\"EntryPoint\",\"urlTemplate\":\"https:\/\/lovingdiversity.es\/?s={search_term_string}\"},\"query-input\":{\"@type\":\"PropertyValueSpecification\",\"valueRequired\":true,\"valueName\":\"search_term_string\"}}],\"inLanguage\":\"es-VAL\"},{\"@type\":\"Organization\",\"@id\":\"https:\/\/lovingdiversity.es\/#organization\",\"name\":\"Loving Diversity VLC\",\"url\":\"https:\/\/lovingdiversity.es\/\",\"logo\":{\"@type\":\"ImageObject\",\"inLanguage\":\"es-VAL\",\"@id\":\"https:\/\/lovingdiversity.es\/#\/schema\/logo\/image\/\",\"url\":\"https:\/\/lovingdiversity.es\/wp-content\/uploads\/2024\/12\/logotipo_loving.png\",\"contentUrl\":\"https:\/\/lovingdiversity.es\/wp-content\/uploads\/2024\/12\/logotipo_loving.png\",\"width\":400,\"height\":112,\"caption\":\"Loving Diversity VLC\"},\"image\":{\"@id\":\"https:\/\/lovingdiversity.es\/#\/schema\/logo\/image\/\"},\"sameAs\":[\"https:\/\/www.facebook.com\/ComiteVLC\/\",\"https:\/\/www.instagram.com\/comitevlc\/\",\"https:\/\/www.tiktok.com\/@comitevlc\"]}]}<\/script>\n<!-- \/ Yoast SEO plugin. -->","yoast_head_json":{"title":"Presentaci\u00f3n del libro \"Espa\u00f1a, \u00bfRacista?\" - Loving Diversity VLC","robots":{"index":"index","follow":"follow","max-snippet":"max-snippet:-1","max-image-preview":"max-image-preview:large","max-video-preview":"max-video-preview:-1"},"canonical":"https:\/\/lovingdiversity.es\/val\/events\/presentacion-del-libro-espana-racista\/","og_locale":"es_ES","og_type":"article","og_title":"Presentaci\u00f3n del libro \"Espa\u00f1a, \u00bfRacista?\" - Loving Diversity VLC","og_description":"El Club de Lectura Cr\u00edtic de Maricuir presentar\u00e0 el pr\u00f2xim dia 7 de juny, a les 12.00, en la llibreria La Rossa, a l&#8217;escriptora Safia El Aaddam que presentar\u00e0 el...","og_url":"https:\/\/lovingdiversity.es\/val\/events\/presentacion-del-libro-espana-racista\/","og_site_name":"Loving Diversity VLC","article_publisher":"https:\/\/www.facebook.com\/ComiteVLC\/","article_modified_time":"2025-05-08T12:09:22+00:00","og_image":[{"width":1400,"height":500,"url":"http:\/\/lovingdiversity.es\/wp-content\/uploads\/2025\/05\/7J-espana-racista.png","type":"image\/png"}],"twitter_card":"summary_large_image","twitter_misc":{"Est. reading time":"1 minute"},"schema":{"@context":"https:\/\/schema.org","@graph":[{"@type":"WebPage","@id":"https:\/\/lovingdiversity.es\/events\/presentacion-del-libro-espana-racista\/","url":"https:\/\/lovingdiversity.es\/events\/presentacion-del-libro-espana-racista\/","name":"Presentaci\u00f3n del libro \"Espa\u00f1a, \u00bfRacista?\" - Loving Diversity VLC","isPartOf":{"@id":"https:\/\/lovingdiversity.es\/#website"},"primaryImageOfPage":{"@id":"https:\/\/lovingdiversity.es\/events\/presentacion-del-libro-espana-racista\/#primaryimage"},"image":{"@id":"https:\/\/lovingdiversity.es\/events\/presentacion-del-libro-espana-racista\/#primaryimage"},"thumbnailUrl":"https:\/\/lovingdiversity.es\/wp-content\/uploads\/2025\/05\/7J-espana-racista.png","datePublished":"2025-05-08T11:55:12+00:00","dateModified":"2025-05-08T12:09:22+00:00","breadcrumb":{"@id":"https:\/\/lovingdiversity.es\/events\/presentacion-del-libro-espana-racista\/#breadcrumb"},"inLanguage":"es-VAL","potentialAction":[{"@type":"ReadAction","target":["https:\/\/lovingdiversity.es\/events\/presentacion-del-libro-espana-racista\/"]}]},{"@type":"ImageObject","inLanguage":"es-VAL","@id":"https:\/\/lovingdiversity.es\/events\/presentacion-del-libro-espana-racista\/#primaryimage","url":"https:\/\/lovingdiversity.es\/wp-content\/uploads\/2025\/05\/7J-espana-racista.png","contentUrl":"https:\/\/lovingdiversity.es\/wp-content\/uploads\/2025\/05\/7J-espana-racista.png","width":1400,"height":500},{"@type":"BreadcrumbList","@id":"https:\/\/lovingdiversity.es\/events\/presentacion-del-libro-espana-racista\/#breadcrumb","itemListElement":[{"@type":"ListItem","position":1,"name":"Portada","item":"https:\/\/lovingdiversity.es\/"},{"@type":"ListItem","position":2,"name":"Events","item":"https:\/\/lovingdiversity.es\/events\/"},{"@type":"ListItem","position":3,"name":"Presentaci\u00f3n del libro \u00abEspa\u00f1a, \u00bfRacista?\u00bb"}]},{"@type":"WebSite","@id":"https:\/\/lovingdiversity.es\/#website","url":"https:\/\/lovingdiversity.es\/","name":"Loving Diversity VLC","description":"Agenda de Ocio LGTBI","publisher":{"@id":"https:\/\/lovingdiversity.es\/#organization"},"potentialAction":[{"@type":"SearchAction","target":{"@type":"EntryPoint","urlTemplate":"https:\/\/lovingdiversity.es\/?s={search_term_string}"},"query-input":{"@type":"PropertyValueSpecification","valueRequired":true,"valueName":"search_term_string"}}],"inLanguage":"es-VAL"},{"@type":"Organization","@id":"https:\/\/lovingdiversity.es\/#organization","name":"Loving Diversity VLC","url":"https:\/\/lovingdiversity.es\/","logo":{"@type":"ImageObject","inLanguage":"es-VAL","@id":"https:\/\/lovingdiversity.es\/#\/schema\/logo\/image\/","url":"https:\/\/lovingdiversity.es\/wp-content\/uploads\/2024\/12\/logotipo_loving.png","contentUrl":"https:\/\/lovingdiversity.es\/wp-content\/uploads\/2024\/12\/logotipo_loving.png","width":400,"height":112,"caption":"Loving Diversity VLC"},"image":{"@id":"https:\/\/lovingdiversity.es\/#\/schema\/logo\/image\/"},"sameAs":["https:\/\/www.facebook.com\/ComiteVLC\/","https:\/\/www.instagram.com\/comitevlc\/","https:\/\/www.tiktok.com\/@comitevlc"]}]}},"_links":{"self":[{"href":"https:\/\/lovingdiversity.es\/val\/wp-json\/wp\/v2\/ajde_events\/6033","targetHints":{"allow":["GET"]}}],"collection":[{"href":"https:\/\/lovingdiversity.es\/val\/wp-json\/wp\/v2\/ajde_events"}],"about":[{"href":"https:\/\/lovingdiversity.es\/val\/wp-json\/wp\/v2\/types\/ajde_events"}],"author":[{"embeddable":true,"href":"https:\/\/lovingdiversity.es\/val\/wp-json\/wp\/v2\/users\/1"}],"replies":[{"embeddable":true,"href":"https:\/\/lovingdiversity.es\/val\/wp-json\/wp\/v2\/comments?post=6033"}],"wp:featuredmedia":[{"embeddable":true,"href":"https:\/\/lovingdiversity.es\/val\/wp-json\/wp\/v2\/media\/6036"}],"wp:attachment":[{"href":"https:\/\/lovingdiversity.es\/val\/wp-json\/wp\/v2\/media?parent=6033"}],"wp:term":[{"taxonomy":"post_tag","embeddable":true,"href":"https:\/\/lovingdiversity.es\/val\/wp-json\/wp\/v2\/tags?post=6033"},{"taxonomy":"event_type","embeddable":true,"href":"https:\/\/lovingdiversity.es\/val\/wp-json\/wp\/v2\/event_type?post=6033"},{"taxonomy":"event_type_2","embeddable":true,"href":"https:\/\/lovingdiversity.es\/val\/wp-json\/wp\/v2\/event_type_2?post=6033"}],"curies":[{"name":"wp","href":"https:\/\/api.w.org\/{rel}","templated":true}]}}

Presentación del libro «España, ¿Racista?»

<p>El Club de Lectura Crític de Maricuir presentarà el pròxim dia 7 de juny, a les 12.00, en la llibreria La Rossa, a l&#8217;escriptora Safia El Aaddam que presentarà el seu últim llibre ‘’España, ¿Racista?’’</p>
<p>A la xerrada també acudirà Paola Larco Muñoz, de Mujeres, Voces y Resistencias, per a enriquir (encara més) la conversa. No ho dubtes i ves a compartir amb elles una xerrada sobre antirracisme amb una de les autores del moment.</p>

<!-- This site is optimized with the Yoast SEO plugin v26.8 - https://yoast.com/product/yoast-seo-wordpress/ -->
<title>Presentación del libro &quot;España, ¿Racista?&quot; - Loving Diversity VLC</title>
<meta name="robots" content="index, follow, max-snippet:-1, max-image-preview:large, max-video-preview:-1" />
<link rel="canonical" href="https://lovingdiversity.es/val/events/presentacion-del-libro-espana-racista/" />
<meta property="og:locale" content="es_ES" />
<meta property="og:type" content="article" />
<meta property="og:title" content="Presentación del libro &quot;España, ¿Racista?&quot; - Loving Diversity VLC" />
<meta property="og:description" content="El Club de Lectura Crític de Maricuir presentarà el pròxim dia 7 de juny, a les 12.00, en la llibreria La Rossa, a l&#8217;escriptora Safia El Aaddam que presentarà el..." />
<meta property="og:url" content="https://lovingdiversity.es/val/events/presentacion-del-libro-espana-racista/" />
<meta property="og:site_name" content="Loving Diversity VLC" />
<meta property="article:publisher" content="https://www.facebook.com/ComiteVLC/" />
<meta property="article:modified_time" content="2025-05-08T12:09:22+00:00" />
<meta property="og:image" content="http://lovingdiversity.es/wp-content/uploads/2025/05/7J-espana-racista.png" />
	<meta property="og:image:width" content="1400" />
	<meta property="og:image:height" content="500" />
	<meta property="og:image:type" content="image/png" />
<meta name="twitter:card" content="summary_large_image" />
<meta name="twitter:label1" content="Est. reading time" />
	<meta name="twitter:data1" content="1 minute" />
<script type="application/ld+json" class="yoast-schema-graph">{"@context":"https://schema.org","@graph":[{"@type":"WebPage","@id":"https://lovingdiversity.es/events/presentacion-del-libro-espana-racista/","url":"https://lovingdiversity.es/events/presentacion-del-libro-espana-racista/","name":"Presentación del libro \"España, ¿Racista?\" - Loving Diversity VLC","isPartOf":{"@id":"https://lovingdiversity.es/#website"},"primaryImageOfPage":{"@id":"https://lovingdiversity.es/events/presentacion-del-libro-espana-racista/#primaryimage"},"image":{"@id":"https://lovingdiversity.es/events/presentacion-del-libro-espana-racista/#primaryimage"},"thumbnailUrl":"https://lovingdiversity.es/wp-content/uploads/2025/05/7J-espana-racista.png","datePublished":"2025-05-08T11:55:12+00:00","dateModified":"2025-05-08T12:09:22+00:00","breadcrumb":{"@id":"https://lovingdiversity.es/events/presentacion-del-libro-espana-racista/#breadcrumb"},"inLanguage":"es-VAL","potentialAction":[{"@type":"ReadAction","target":["https://lovingdiversity.es/events/presentacion-del-libro-espana-racista/"]}]},{"@type":"ImageObject","inLanguage":"es-VAL","@id":"https://lovingdiversity.es/events/presentacion-del-libro-espana-racista/#primaryimage","url":"https://lovingdiversity.es/wp-content/uploads/2025/05/7J-espana-racista.png","contentUrl":"https://lovingdiversity.es/wp-content/uploads/2025/05/7J-espana-racista.png","width":1400,"height":500},{"@type":"BreadcrumbList","@id":"https://lovingdiversity.es/events/presentacion-del-libro-espana-racista/#breadcrumb","itemListElement":[{"@type":"ListItem","position":1,"name":"Portada","item":"https://lovingdiversity.es/"},{"@type":"ListItem","position":2,"name":"Events","item":"https://lovingdiversity.es/events/"},{"@type":"ListItem","position":3,"name":"Presentación del libro «España, ¿Racista?»"}]},{"@type":"WebSite","@id":"https://lovingdiversity.es/#website","url":"https://lovingdiversity.es/","name":"Loving Diversity VLC","description":"Agenda de Ocio LGTBI","publisher":{"@id":"https://lovingdiversity.es/#organization"},"potentialAction":[{"@type":"SearchAction","target":{"@type":"EntryPoint","urlTemplate":"https://lovingdiversity.es/?s={search_term_string}"},"query-input":{"@type":"PropertyValueSpecification","valueRequired":true,"valueName":"search_term_string"}}],"inLanguage":"es-VAL"},{"@type":"Organization","@id":"https://lovingdiversity.es/#organization","name":"Loving Diversity VLC","url":"https://lovingdiversity.es/","logo":{"@type":"ImageObject","inLanguage":"es-VAL","@id":"https://lovingdiversity.es/#/schema/logo/image/","url":"https://lovingdiversity.es/wp-content/uploads/2024/12/logotipo_loving.png","contentUrl":"https://lovingdiversity.es/wp-content/uploads/2024/12/logotipo_loving.png","width":400,"height":112,"caption":"Loving Diversity VLC"},"image":{"@id":"https://lovingdiversity.es/#/schema/logo/image/"},"sameAs":["https://www.facebook.com/ComiteVLC/","https://www.instagram.com/comitevlc/","https://www.tiktok.com/@comitevlc"]}]}</script>
<!-- / Yoast SEO plugin. -->

Presentación del libro "España, ¿Racista?" - Loving Diversity VLC

El Club de Lectura Crític de Maricuir presentarà el pròxim dia 7 de juny, a les 12.00, en la llibreria La Rossa, a l&#8217;escriptora Safia El Aaddam que presentarà el...
