{"id":6050,"date":"2025-05-13T09:53:28","date_gmt":"2025-05-13T09:53:28","guid":{"rendered":"https:\/\/lovingdiversity.es\/?post_type=ajde_events&#038;p=6050"},"modified":"2025-05-13T09:53:53","modified_gmt":"2025-05-13T09:53:53","slug":"bike-parade","status":"publish","type":"ajde_events","link":"https:\/\/lovingdiversity.es\/val\/events\/bike-parade\/","title":{"rendered":"Bike Parade"},"content":{"rendered":"<p>\ud83c\udf89 BIKE PARADE por Valencia. Ciclosferia por todo lo alto&#8230; \u00a1pedaleando al ritmo de la m\u00fasica! \ud83c\udfb6\ud83d\udeb4\u200d\u2640\ufe0f<\/p>\n<p>\ud83d\uddd3\ufe0f Domingo 18 de mayo<br \/>\n\ud83d\udccd 10:30 h en Plaza Zaragoza (Alameda)<br \/>\n\ud83d\udeb2 Salida a las 11:00 h<br \/>\n\ud83c\udfa7 M\u00fasica en directo por Gardux Live <a class=\"x1i10hfl xjbqb8w x1ejq31n xd10rxx x1sy0etr x17r0tee x972fbf xcfux6l x1qhh985 xm0m39n x9f619 x1ypdohk xt0psk2 xe8uvvx xdj266r x11i5rnm xat24cr x1mh8g0r xexx8yu x4uap5 x18d9i69 xkhd6sd x16tdsg8 x1hl2dhg xggy1nq x1a2a7pz notranslate _a6hd\" tabindex=\"0\" role=\"link\" href=\"https:\/\/www.instagram.com\/electropicnicfest\/\">@electropicnicfest<\/a><br \/>\n\ud83c\udfaf Recorrido: Alameda \u2192 Paseo Alameda \u2192 Puente Monteolivete \u2192 Av. de Francia \u2192 Menorca \u2192 Ibiza \u2192 Av. del Puerto \u2192 Passeig de Remor \u2192 Ciclosferia, Tinglado 2, La Marina de Val\u00e8ncia<\/p>\n<p>Llega la Bike Parade, el evento ciclista m\u00e1s divertido, festivo y gratuito del a\u00f1o. Una celebraci\u00f3n sobre ruedas para todos los p\u00fablicos: tr\u00e1ilers musicales, bicis de colores, altavoces, disfraces, luces, familias, urbanitas y mucha alegr\u00eda.<br \/>\n\ud83d\udc49 No hay que inscribirse: solo pres\u00e9ntate con tu bici y ganas de pasarlo bien.<\/p>\n<p>\ud83c\udf89 Al llegar a Ciclosferia by Clover te esperan:<br \/>\n\ud83c\udd7f\ufe0f Aparcabicis vigilado y gratuito by <a class=\"x1i10hfl xjbqb8w x1ejq31n xd10rxx x1sy0etr x17r0tee x972fbf xcfux6l x1qhh985 xm0m39n x9f619 x1ypdohk xt0psk2 xe8uvvx xdj266r x11i5rnm xat24cr x1mh8g0r xexx8yu x4uap5 x18d9i69 xkhd6sd x16tdsg8 x1hl2dhg xggy1nq x1a2a7pz notranslate _a6hd\" tabindex=\"0\" role=\"link\" href=\"https:\/\/www.instagram.com\/wheels_keep\/\">@wheels_keep<\/a><br \/>\n\ud83c\udf55 Foodtrucks y bebida<br \/>\n\ud83d\udeb2 Stands y marcas top<br \/>\n\ud83c\udf81 \u00a1Sorteos!<\/p>\n<p>&nbsp;<\/p>","protected":false},"author":1,"featured_media":6045,"menu_order":0,"comment_status":"open","ping_status":"closed","template":"","meta":[],"tags":[],"event_type":[16],"event_type_2":[],"class_list":{"0":"post-6050","1":"ajde_events","2":"type-ajde_events","3":"status-publish","4":"has-post-thumbnail","6":"event_location-plaza-zaragoza-alameda-hasta-el-tinglado-2-la-marina","7":"event_organizer-ciclosfera","8":"event_type-salud"},"yoast_head":"<!-- This site is optimized with the Yoast SEO plugin v26.8 - https:\/\/yoast.com\/product\/yoast-seo-wordpress\/ -->\n<title>Bike Parade - Loving Diversity VLC<\/title>\n<meta name=\"robots\" content=\"index, follow, max-snippet:-1, max-image-preview:large, max-video-preview:-1\" \/>\n<link rel=\"canonical\" href=\"https:\/\/lovingdiversity.es\/val\/events\/bike-parade\/\" \/>\n<meta property=\"og:locale\" content=\"es_ES\" \/>\n<meta property=\"og:type\" content=\"article\" \/>\n<meta property=\"og:title\" content=\"Bike Parade - Loving Diversity VLC\" \/>\n<meta property=\"og:description\" content=\"\ud83c\udf89 BIKE PARADE por Valencia. Ciclosferia por todo lo alto&#8230; \u00a1pedaleando al ritmo de la m\u00fasica! \ud83c\udfb6\ud83d\udeb4\u200d\u2640\ufe0f \ud83d\uddd3\ufe0f Domingo 18 de mayo \ud83d\udccd 10:30 h en Plaza Zaragoza (Alameda) \ud83d\udeb2...\" \/>\n<meta property=\"og:url\" content=\"https:\/\/lovingdiversity.es\/val\/events\/bike-parade\/\" \/>\n<meta property=\"og:site_name\" content=\"Loving Diversity VLC\" \/>\n<meta property=\"article:publisher\" content=\"https:\/\/www.facebook.com\/ComiteVLC\/\" \/>\n<meta property=\"article:modified_time\" content=\"2025-05-13T09:53:53+00:00\" \/>\n<meta property=\"og:image\" content=\"http:\/\/lovingdiversity.es\/wp-content\/uploads\/2025\/05\/Banner-Eventos-Web-2025-05-13T113600.861.png\" \/>\n\t<meta property=\"og:image:width\" content=\"1400\" \/>\n\t<meta property=\"og:image:height\" content=\"500\" \/>\n\t<meta property=\"og:image:type\" content=\"image\/png\" \/>\n<meta name=\"twitter:card\" content=\"summary_large_image\" \/>\n<meta name=\"twitter:label1\" content=\"Est. reading time\" \/>\n\t<meta name=\"twitter:data1\" content=\"1 minute\" \/>\n<script type=\"application\/ld+json\" class=\"yoast-schema-graph\">{\"@context\":\"https:\/\/schema.org\",\"@graph\":[{\"@type\":\"WebPage\",\"@id\":\"https:\/\/lovingdiversity.es\/events\/bike-parade\/\",\"url\":\"https:\/\/lovingdiversity.es\/events\/bike-parade\/\",\"name\":\"Bike Parade - Loving Diversity VLC\",\"isPartOf\":{\"@id\":\"https:\/\/lovingdiversity.es\/#website\"},\"primaryImageOfPage\":{\"@id\":\"https:\/\/lovingdiversity.es\/events\/bike-parade\/#primaryimage\"},\"image\":{\"@id\":\"https:\/\/lovingdiversity.es\/events\/bike-parade\/#primaryimage\"},\"thumbnailUrl\":\"https:\/\/lovingdiversity.es\/wp-content\/uploads\/2025\/05\/Banner-Eventos-Web-2025-05-13T113600.861.png\",\"datePublished\":\"2025-05-13T09:53:28+00:00\",\"dateModified\":\"2025-05-13T09:53:53+00:00\",\"breadcrumb\":{\"@id\":\"https:\/\/lovingdiversity.es\/events\/bike-parade\/#breadcrumb\"},\"inLanguage\":\"es-VAL\",\"potentialAction\":[{\"@type\":\"ReadAction\",\"target\":[\"https:\/\/lovingdiversity.es\/events\/bike-parade\/\"]}]},{\"@type\":\"ImageObject\",\"inLanguage\":\"es-VAL\",\"@id\":\"https:\/\/lovingdiversity.es\/events\/bike-parade\/#primaryimage\",\"url\":\"https:\/\/lovingdiversity.es\/wp-content\/uploads\/2025\/05\/Banner-Eventos-Web-2025-05-13T113600.861.png\",\"contentUrl\":\"https:\/\/lovingdiversity.es\/wp-content\/uploads\/2025\/05\/Banner-Eventos-Web-2025-05-13T113600.861.png\",\"width\":1400,\"height\":500},{\"@type\":\"BreadcrumbList\",\"@id\":\"https:\/\/lovingdiversity.es\/events\/bike-parade\/#breadcrumb\",\"itemListElement\":[{\"@type\":\"ListItem\",\"position\":1,\"name\":\"Portada\",\"item\":\"https:\/\/lovingdiversity.es\/\"},{\"@type\":\"ListItem\",\"position\":2,\"name\":\"Events\",\"item\":\"https:\/\/lovingdiversity.es\/events\/\"},{\"@type\":\"ListItem\",\"position\":3,\"name\":\"Bike Parade\"}]},{\"@type\":\"WebSite\",\"@id\":\"https:\/\/lovingdiversity.es\/#website\",\"url\":\"https:\/\/lovingdiversity.es\/\",\"name\":\"Loving Diversity VLC\",\"description\":\"Agenda de Ocio LGTBI\",\"publisher\":{\"@id\":\"https:\/\/lovingdiversity.es\/#organization\"},\"potentialAction\":[{\"@type\":\"SearchAction\",\"target\":{\"@type\":\"EntryPoint\",\"urlTemplate\":\"https:\/\/lovingdiversity.es\/?s={search_term_string}\"},\"query-input\":{\"@type\":\"PropertyValueSpecification\",\"valueRequired\":true,\"valueName\":\"search_term_string\"}}],\"inLanguage\":\"es-VAL\"},{\"@type\":\"Organization\",\"@id\":\"https:\/\/lovingdiversity.es\/#organization\",\"name\":\"Loving Diversity VLC\",\"url\":\"https:\/\/lovingdiversity.es\/\",\"logo\":{\"@type\":\"ImageObject\",\"inLanguage\":\"es-VAL\",\"@id\":\"https:\/\/lovingdiversity.es\/#\/schema\/logo\/image\/\",\"url\":\"https:\/\/lovingdiversity.es\/wp-content\/uploads\/2024\/12\/logotipo_loving.png\",\"contentUrl\":\"https:\/\/lovingdiversity.es\/wp-content\/uploads\/2024\/12\/logotipo_loving.png\",\"width\":400,\"height\":112,\"caption\":\"Loving Diversity VLC\"},\"image\":{\"@id\":\"https:\/\/lovingdiversity.es\/#\/schema\/logo\/image\/\"},\"sameAs\":[\"https:\/\/www.facebook.com\/ComiteVLC\/\",\"https:\/\/www.instagram.com\/comitevlc\/\",\"https:\/\/www.tiktok.com\/@comitevlc\"]}]}<\/script>\n<!-- \/ Yoast SEO plugin. -->","yoast_head_json":{"title":"Bike Parade - Loving Diversity VLC","robots":{"index":"index","follow":"follow","max-snippet":"max-snippet:-1","max-image-preview":"max-image-preview:large","max-video-preview":"max-video-preview:-1"},"canonical":"https:\/\/lovingdiversity.es\/val\/events\/bike-parade\/","og_locale":"es_ES","og_type":"article","og_title":"Bike Parade - Loving Diversity VLC","og_description":"\ud83c\udf89 BIKE PARADE por Valencia. Ciclosferia por todo lo alto&#8230; \u00a1pedaleando al ritmo de la m\u00fasica! \ud83c\udfb6\ud83d\udeb4\u200d\u2640\ufe0f \ud83d\uddd3\ufe0f Domingo 18 de mayo \ud83d\udccd 10:30 h en Plaza Zaragoza (Alameda) \ud83d\udeb2...","og_url":"https:\/\/lovingdiversity.es\/val\/events\/bike-parade\/","og_site_name":"Loving Diversity VLC","article_publisher":"https:\/\/www.facebook.com\/ComiteVLC\/","article_modified_time":"2025-05-13T09:53:53+00:00","og_image":[{"width":1400,"height":500,"url":"http:\/\/lovingdiversity.es\/wp-content\/uploads\/2025\/05\/Banner-Eventos-Web-2025-05-13T113600.861.png","type":"image\/png"}],"twitter_card":"summary_large_image","twitter_misc":{"Est. reading time":"1 minute"},"schema":{"@context":"https:\/\/schema.org","@graph":[{"@type":"WebPage","@id":"https:\/\/lovingdiversity.es\/events\/bike-parade\/","url":"https:\/\/lovingdiversity.es\/events\/bike-parade\/","name":"Bike Parade - Loving Diversity VLC","isPartOf":{"@id":"https:\/\/lovingdiversity.es\/#website"},"primaryImageOfPage":{"@id":"https:\/\/lovingdiversity.es\/events\/bike-parade\/#primaryimage"},"image":{"@id":"https:\/\/lovingdiversity.es\/events\/bike-parade\/#primaryimage"},"thumbnailUrl":"https:\/\/lovingdiversity.es\/wp-content\/uploads\/2025\/05\/Banner-Eventos-Web-2025-05-13T113600.861.png","datePublished":"2025-05-13T09:53:28+00:00","dateModified":"2025-05-13T09:53:53+00:00","breadcrumb":{"@id":"https:\/\/lovingdiversity.es\/events\/bike-parade\/#breadcrumb"},"inLanguage":"es-VAL","potentialAction":[{"@type":"ReadAction","target":["https:\/\/lovingdiversity.es\/events\/bike-parade\/"]}]},{"@type":"ImageObject","inLanguage":"es-VAL","@id":"https:\/\/lovingdiversity.es\/events\/bike-parade\/#primaryimage","url":"https:\/\/lovingdiversity.es\/wp-content\/uploads\/2025\/05\/Banner-Eventos-Web-2025-05-13T113600.861.png","contentUrl":"https:\/\/lovingdiversity.es\/wp-content\/uploads\/2025\/05\/Banner-Eventos-Web-2025-05-13T113600.861.png","width":1400,"height":500},{"@type":"BreadcrumbList","@id":"https:\/\/lovingdiversity.es\/events\/bike-parade\/#breadcrumb","itemListElement":[{"@type":"ListItem","position":1,"name":"Portada","item":"https:\/\/lovingdiversity.es\/"},{"@type":"ListItem","position":2,"name":"Events","item":"https:\/\/lovingdiversity.es\/events\/"},{"@type":"ListItem","position":3,"name":"Bike Parade"}]},{"@type":"WebSite","@id":"https:\/\/lovingdiversity.es\/#website","url":"https:\/\/lovingdiversity.es\/","name":"Loving Diversity VLC","description":"Agenda de Ocio LGTBI","publisher":{"@id":"https:\/\/lovingdiversity.es\/#organization"},"potentialAction":[{"@type":"SearchAction","target":{"@type":"EntryPoint","urlTemplate":"https:\/\/lovingdiversity.es\/?s={search_term_string}"},"query-input":{"@type":"PropertyValueSpecification","valueRequired":true,"valueName":"search_term_string"}}],"inLanguage":"es-VAL"},{"@type":"Organization","@id":"https:\/\/lovingdiversity.es\/#organization","name":"Loving Diversity VLC","url":"https:\/\/lovingdiversity.es\/","logo":{"@type":"ImageObject","inLanguage":"es-VAL","@id":"https:\/\/lovingdiversity.es\/#\/schema\/logo\/image\/","url":"https:\/\/lovingdiversity.es\/wp-content\/uploads\/2024\/12\/logotipo_loving.png","contentUrl":"https:\/\/lovingdiversity.es\/wp-content\/uploads\/2024\/12\/logotipo_loving.png","width":400,"height":112,"caption":"Loving Diversity VLC"},"image":{"@id":"https:\/\/lovingdiversity.es\/#\/schema\/logo\/image\/"},"sameAs":["https:\/\/www.facebook.com\/ComiteVLC\/","https:\/\/www.instagram.com\/comitevlc\/","https:\/\/www.tiktok.com\/@comitevlc"]}]}},"_links":{"self":[{"href":"https:\/\/lovingdiversity.es\/val\/wp-json\/wp\/v2\/ajde_events\/6050","targetHints":{"allow":["GET"]}}],"collection":[{"href":"https:\/\/lovingdiversity.es\/val\/wp-json\/wp\/v2\/ajde_events"}],"about":[{"href":"https:\/\/lovingdiversity.es\/val\/wp-json\/wp\/v2\/types\/ajde_events"}],"author":[{"embeddable":true,"href":"https:\/\/lovingdiversity.es\/val\/wp-json\/wp\/v2\/users\/1"}],"replies":[{"embeddable":true,"href":"https:\/\/lovingdiversity.es\/val\/wp-json\/wp\/v2\/comments?post=6050"}],"wp:featuredmedia":[{"embeddable":true,"href":"https:\/\/lovingdiversity.es\/val\/wp-json\/wp\/v2\/media\/6045"}],"wp:attachment":[{"href":"https:\/\/lovingdiversity.es\/val\/wp-json\/wp\/v2\/media?parent=6050"}],"wp:term":[{"taxonomy":"post_tag","embeddable":true,"href":"https:\/\/lovingdiversity.es\/val\/wp-json\/wp\/v2\/tags?post=6050"},{"taxonomy":"event_type","embeddable":true,"href":"https:\/\/lovingdiversity.es\/val\/wp-json\/wp\/v2\/event_type?post=6050"},{"taxonomy":"event_type_2","embeddable":true,"href":"https:\/\/lovingdiversity.es\/val\/wp-json\/wp\/v2\/event_type_2?post=6050"}],"curies":[{"name":"wp","href":"https:\/\/api.w.org\/{rel}","templated":true}]}}

<p>🎉 BIKE PARADE por Valencia. Ciclosferia por todo lo alto&#8230; ¡pedaleando al ritmo de la música! 🎶🚴‍♀️</p>
<p>🗓️ Domingo 18 de mayo<br />
📍 10:30 h en Plaza Zaragoza (Alameda)<br />
🚲 Salida a las 11:00 h<br />
🎧 Música en directo por Gardux Live <a class="x1i10hfl xjbqb8w x1ejq31n xd10rxx x1sy0etr x17r0tee x972fbf xcfux6l x1qhh985 xm0m39n x9f619 x1ypdohk xt0psk2 xe8uvvx xdj266r x11i5rnm xat24cr x1mh8g0r xexx8yu x4uap5 x18d9i69 xkhd6sd x16tdsg8 x1hl2dhg xggy1nq x1a2a7pz notranslate _a6hd" tabindex="0" role="link" href="https://www.instagram.com/electropicnicfest/">@electropicnicfest</a><br />
🎯 Recorrido: Alameda → Paseo Alameda → Puente Monteolivete → Av. de Francia → Menorca → Ibiza → Av. del Puerto → Passeig de Remor → Ciclosferia, Tinglado 2, La Marina de València</p>
<p>Llega la Bike Parade, el evento ciclista más divertido, festivo y gratuito del año. Una celebración sobre ruedas para todos los públicos: tráilers musicales, bicis de colores, altavoces, disfraces, luces, familias, urbanitas y mucha alegría.<br />
👉 No hay que inscribirse: solo preséntate con tu bici y ganas de pasarlo bien.</p>
<p>🎉 Al llegar a Ciclosferia by Clover te esperan:<br />
🅿️ Aparcabicis vigilado y gratuito by <a class="x1i10hfl xjbqb8w x1ejq31n xd10rxx x1sy0etr x17r0tee x972fbf xcfux6l x1qhh985 xm0m39n x9f619 x1ypdohk xt0psk2 xe8uvvx xdj266r x11i5rnm xat24cr x1mh8g0r xexx8yu x4uap5 x18d9i69 xkhd6sd x16tdsg8 x1hl2dhg xggy1nq x1a2a7pz notranslate _a6hd" tabindex="0" role="link" href="https://www.instagram.com/wheels_keep/">@wheels_keep</a><br />
🍕 Foodtrucks y bebida<br />
🚲 Stands y marcas top<br />
🎁 ¡Sorteos!</p>
<p>&nbsp;</p>

<!-- This site is optimized with the Yoast SEO plugin v26.8 - https://yoast.com/product/yoast-seo-wordpress/ -->
<title>Bike Parade - Loving Diversity VLC</title>
<meta name="robots" content="index, follow, max-snippet:-1, max-image-preview:large, max-video-preview:-1" />
<link rel="canonical" href="https://lovingdiversity.es/val/events/bike-parade/" />
<meta property="og:locale" content="es_ES" />
<meta property="og:type" content="article" />
<meta property="og:title" content="Bike Parade - Loving Diversity VLC" />
<meta property="og:description" content="🎉 BIKE PARADE por Valencia. Ciclosferia por todo lo alto&#8230; ¡pedaleando al ritmo de la música! 🎶🚴‍♀️ 🗓️ Domingo 18 de mayo 📍 10:30 h en Plaza Zaragoza (Alameda) 🚲..." />
<meta property="og:url" content="https://lovingdiversity.es/val/events/bike-parade/" />
<meta property="og:site_name" content="Loving Diversity VLC" />
<meta property="article:publisher" content="https://www.facebook.com/ComiteVLC/" />
<meta property="article:modified_time" content="2025-05-13T09:53:53+00:00" />
<meta property="og:image" content="http://lovingdiversity.es/wp-content/uploads/2025/05/Banner-Eventos-Web-2025-05-13T113600.861.png" />
	<meta property="og:image:width" content="1400" />
	<meta property="og:image:height" content="500" />
	<meta property="og:image:type" content="image/png" />
<meta name="twitter:card" content="summary_large_image" />
<meta name="twitter:label1" content="Est. reading time" />
	<meta name="twitter:data1" content="1 minute" />
<script type="application/ld+json" class="yoast-schema-graph">{"@context":"https://schema.org","@graph":[{"@type":"WebPage","@id":"https://lovingdiversity.es/events/bike-parade/","url":"https://lovingdiversity.es/events/bike-parade/","name":"Bike Parade - Loving Diversity VLC","isPartOf":{"@id":"https://lovingdiversity.es/#website"},"primaryImageOfPage":{"@id":"https://lovingdiversity.es/events/bike-parade/#primaryimage"},"image":{"@id":"https://lovingdiversity.es/events/bike-parade/#primaryimage"},"thumbnailUrl":"https://lovingdiversity.es/wp-content/uploads/2025/05/Banner-Eventos-Web-2025-05-13T113600.861.png","datePublished":"2025-05-13T09:53:28+00:00","dateModified":"2025-05-13T09:53:53+00:00","breadcrumb":{"@id":"https://lovingdiversity.es/events/bike-parade/#breadcrumb"},"inLanguage":"es-VAL","potentialAction":[{"@type":"ReadAction","target":["https://lovingdiversity.es/events/bike-parade/"]}]},{"@type":"ImageObject","inLanguage":"es-VAL","@id":"https://lovingdiversity.es/events/bike-parade/#primaryimage","url":"https://lovingdiversity.es/wp-content/uploads/2025/05/Banner-Eventos-Web-2025-05-13T113600.861.png","contentUrl":"https://lovingdiversity.es/wp-content/uploads/2025/05/Banner-Eventos-Web-2025-05-13T113600.861.png","width":1400,"height":500},{"@type":"BreadcrumbList","@id":"https://lovingdiversity.es/events/bike-parade/#breadcrumb","itemListElement":[{"@type":"ListItem","position":1,"name":"Portada","item":"https://lovingdiversity.es/"},{"@type":"ListItem","position":2,"name":"Events","item":"https://lovingdiversity.es/events/"},{"@type":"ListItem","position":3,"name":"Bike Parade"}]},{"@type":"WebSite","@id":"https://lovingdiversity.es/#website","url":"https://lovingdiversity.es/","name":"Loving Diversity VLC","description":"Agenda de Ocio LGTBI","publisher":{"@id":"https://lovingdiversity.es/#organization"},"potentialAction":[{"@type":"SearchAction","target":{"@type":"EntryPoint","urlTemplate":"https://lovingdiversity.es/?s={search_term_string}"},"query-input":{"@type":"PropertyValueSpecification","valueRequired":true,"valueName":"search_term_string"}}],"inLanguage":"es-VAL"},{"@type":"Organization","@id":"https://lovingdiversity.es/#organization","name":"Loving Diversity VLC","url":"https://lovingdiversity.es/","logo":{"@type":"ImageObject","inLanguage":"es-VAL","@id":"https://lovingdiversity.es/#/schema/logo/image/","url":"https://lovingdiversity.es/wp-content/uploads/2024/12/logotipo_loving.png","contentUrl":"https://lovingdiversity.es/wp-content/uploads/2024/12/logotipo_loving.png","width":400,"height":112,"caption":"Loving Diversity VLC"},"image":{"@id":"https://lovingdiversity.es/#/schema/logo/image/"},"sameAs":["https://www.facebook.com/ComiteVLC/","https://www.instagram.com/comitevlc/","https://www.tiktok.com/@comitevlc"]}]}</script>
<!-- / Yoast SEO plugin. -->

🎉 BIKE PARADE por Valencia. Ciclosferia por todo lo alto&#8230; ¡pedaleando al ritmo de la música! 🎶🚴‍♀️ 🗓️ Domingo 18 de mayo 📍 10:30 h en Plaza Zaragoza (Alameda) 🚲...
