{"id":6100,"date":"2025-05-16T10:31:25","date_gmt":"2025-05-16T10:31:25","guid":{"rendered":"https:\/\/lovingdiversity.es\/?post_type=ajde_events&#038;p=6100"},"modified":"2025-05-16T10:31:37","modified_gmt":"2025-05-16T10:31:37","slug":"la-ferni-en-valencia","status":"publish","type":"ajde_events","link":"https:\/\/lovingdiversity.es\/val\/events\/la-ferni-en-valencia\/","title":{"rendered":"La Ferni en Val\u00e8ncia"},"content":{"rendered":"<p>La Ferni se presenta por primera vez en Val\u00e8ncia con un concierto que resignifica el cancionero popular argentino, desde Atahualpa Yupanqui hasta nuevos autores y autoras disidentes. Esta interpretaci\u00f3n que realiza la cantora refleja su sensibilidad y compromiso po\u00e9tico con las luchas de la sociedad actual. \u00danica funci\u00f3n, \u00a1no te la pierdas!<\/p>\n<p>Artivista, docente, comunicadora y cantora trans no binaria. Ferni canta m\u00fasica popular, l\u00edrico y \u00f3pera. Realiz\u00f3 su formaci\u00f3n en la Universidad Nacional de las Artes y fue docente de m\u00fasica en la escuela media. Desde 2023 ha recorrido festivales y escenarios como ECUNHI, CCK, Centro Cultural Conti, Casa Brandon, Parque Centenario, Centro Cultural San Mart\u00edn, Teatro 25 de Mayo, Centro Cultural Borges, Tecn\u00f3polis, Caf\u00e9 Berlin, Teatro Lavard\u00e9n, de Rosario, y Teatro Argentino de La Plata. Su participaci\u00f3n en el pre Cosqu\u00edn Folklore 2022 modific\u00f3 los estatutos del festival tras una denuncia en el INADI, que termin\u00f3 en una conquista para el colectivo travesti \u2013 trans.<\/p>","protected":false},"author":1,"featured_media":6101,"menu_order":0,"comment_status":"open","ping_status":"closed","template":"","meta":[],"tags":[],"event_type":[21],"event_type_2":[],"class_list":{"0":"post-6100","1":"ajde_events","2":"type-ajde_events","3":"status-publish","4":"has-post-thumbnail","6":"event_location-astor-gastrobar-cultural","7":"event_type-escenicas"},"yoast_head":"<!-- This site is optimized with the Yoast SEO plugin v26.8 - https:\/\/yoast.com\/product\/yoast-seo-wordpress\/ -->\n<title>La Ferni en Val\u00e8ncia - Loving Diversity VLC<\/title>\n<meta name=\"robots\" content=\"index, follow, max-snippet:-1, max-image-preview:large, max-video-preview:-1\" \/>\n<link rel=\"canonical\" href=\"https:\/\/lovingdiversity.es\/val\/events\/la-ferni-en-valencia\/\" \/>\n<meta property=\"og:locale\" content=\"es_ES\" \/>\n<meta property=\"og:type\" content=\"article\" \/>\n<meta property=\"og:title\" content=\"La Ferni en Val\u00e8ncia - Loving Diversity VLC\" \/>\n<meta property=\"og:description\" content=\"La Ferni se presenta por primera vez en Val\u00e8ncia con un concierto que resignifica el cancionero popular argentino, desde Atahualpa Yupanqui hasta nuevos autores y autoras disidentes. Esta interpretaci\u00f3n que...\" \/>\n<meta property=\"og:url\" content=\"https:\/\/lovingdiversity.es\/val\/events\/la-ferni-en-valencia\/\" \/>\n<meta property=\"og:site_name\" content=\"Loving Diversity VLC\" \/>\n<meta property=\"article:publisher\" content=\"https:\/\/www.facebook.com\/ComiteVLC\/\" \/>\n<meta property=\"article:modified_time\" content=\"2025-05-16T10:31:37+00:00\" \/>\n<meta property=\"og:image\" content=\"http:\/\/lovingdiversity.es\/wp-content\/uploads\/2025\/05\/Banner-Eventos-Web-2025-05-16T122810.097.png\" \/>\n\t<meta property=\"og:image:width\" content=\"1400\" \/>\n\t<meta property=\"og:image:height\" content=\"500\" \/>\n\t<meta property=\"og:image:type\" content=\"image\/png\" \/>\n<meta name=\"twitter:card\" content=\"summary_large_image\" \/>\n<meta name=\"twitter:label1\" content=\"Est. reading time\" \/>\n\t<meta name=\"twitter:data1\" content=\"1 minute\" \/>\n<script type=\"application\/ld+json\" class=\"yoast-schema-graph\">{\"@context\":\"https:\/\/schema.org\",\"@graph\":[{\"@type\":\"WebPage\",\"@id\":\"https:\/\/lovingdiversity.es\/events\/la-ferni-en-valencia\/\",\"url\":\"https:\/\/lovingdiversity.es\/events\/la-ferni-en-valencia\/\",\"name\":\"La Ferni en Val\u00e8ncia - Loving Diversity VLC\",\"isPartOf\":{\"@id\":\"https:\/\/lovingdiversity.es\/#website\"},\"primaryImageOfPage\":{\"@id\":\"https:\/\/lovingdiversity.es\/events\/la-ferni-en-valencia\/#primaryimage\"},\"image\":{\"@id\":\"https:\/\/lovingdiversity.es\/events\/la-ferni-en-valencia\/#primaryimage\"},\"thumbnailUrl\":\"https:\/\/lovingdiversity.es\/wp-content\/uploads\/2025\/05\/Banner-Eventos-Web-2025-05-16T122810.097.png\",\"datePublished\":\"2025-05-16T10:31:25+00:00\",\"dateModified\":\"2025-05-16T10:31:37+00:00\",\"breadcrumb\":{\"@id\":\"https:\/\/lovingdiversity.es\/events\/la-ferni-en-valencia\/#breadcrumb\"},\"inLanguage\":\"es-VAL\",\"potentialAction\":[{\"@type\":\"ReadAction\",\"target\":[\"https:\/\/lovingdiversity.es\/events\/la-ferni-en-valencia\/\"]}]},{\"@type\":\"ImageObject\",\"inLanguage\":\"es-VAL\",\"@id\":\"https:\/\/lovingdiversity.es\/events\/la-ferni-en-valencia\/#primaryimage\",\"url\":\"https:\/\/lovingdiversity.es\/wp-content\/uploads\/2025\/05\/Banner-Eventos-Web-2025-05-16T122810.097.png\",\"contentUrl\":\"https:\/\/lovingdiversity.es\/wp-content\/uploads\/2025\/05\/Banner-Eventos-Web-2025-05-16T122810.097.png\",\"width\":1400,\"height\":500},{\"@type\":\"BreadcrumbList\",\"@id\":\"https:\/\/lovingdiversity.es\/events\/la-ferni-en-valencia\/#breadcrumb\",\"itemListElement\":[{\"@type\":\"ListItem\",\"position\":1,\"name\":\"Portada\",\"item\":\"https:\/\/lovingdiversity.es\/\"},{\"@type\":\"ListItem\",\"position\":2,\"name\":\"Events\",\"item\":\"https:\/\/lovingdiversity.es\/events\/\"},{\"@type\":\"ListItem\",\"position\":3,\"name\":\"La Ferni en Val\u00e8ncia\"}]},{\"@type\":\"WebSite\",\"@id\":\"https:\/\/lovingdiversity.es\/#website\",\"url\":\"https:\/\/lovingdiversity.es\/\",\"name\":\"Loving Diversity VLC\",\"description\":\"Agenda de Ocio LGTBI\",\"publisher\":{\"@id\":\"https:\/\/lovingdiversity.es\/#organization\"},\"potentialAction\":[{\"@type\":\"SearchAction\",\"target\":{\"@type\":\"EntryPoint\",\"urlTemplate\":\"https:\/\/lovingdiversity.es\/?s={search_term_string}\"},\"query-input\":{\"@type\":\"PropertyValueSpecification\",\"valueRequired\":true,\"valueName\":\"search_term_string\"}}],\"inLanguage\":\"es-VAL\"},{\"@type\":\"Organization\",\"@id\":\"https:\/\/lovingdiversity.es\/#organization\",\"name\":\"Loving Diversity VLC\",\"url\":\"https:\/\/lovingdiversity.es\/\",\"logo\":{\"@type\":\"ImageObject\",\"inLanguage\":\"es-VAL\",\"@id\":\"https:\/\/lovingdiversity.es\/#\/schema\/logo\/image\/\",\"url\":\"https:\/\/lovingdiversity.es\/wp-content\/uploads\/2024\/12\/logotipo_loving.png\",\"contentUrl\":\"https:\/\/lovingdiversity.es\/wp-content\/uploads\/2024\/12\/logotipo_loving.png\",\"width\":400,\"height\":112,\"caption\":\"Loving Diversity VLC\"},\"image\":{\"@id\":\"https:\/\/lovingdiversity.es\/#\/schema\/logo\/image\/\"},\"sameAs\":[\"https:\/\/www.facebook.com\/ComiteVLC\/\",\"https:\/\/www.instagram.com\/comitevlc\/\",\"https:\/\/www.tiktok.com\/@comitevlc\"]}]}<\/script>\n<!-- \/ Yoast SEO plugin. -->","yoast_head_json":{"title":"La Ferni en Val\u00e8ncia - Loving Diversity VLC","robots":{"index":"index","follow":"follow","max-snippet":"max-snippet:-1","max-image-preview":"max-image-preview:large","max-video-preview":"max-video-preview:-1"},"canonical":"https:\/\/lovingdiversity.es\/val\/events\/la-ferni-en-valencia\/","og_locale":"es_ES","og_type":"article","og_title":"La Ferni en Val\u00e8ncia - Loving Diversity VLC","og_description":"La Ferni se presenta por primera vez en Val\u00e8ncia con un concierto que resignifica el cancionero popular argentino, desde Atahualpa Yupanqui hasta nuevos autores y autoras disidentes. Esta interpretaci\u00f3n que...","og_url":"https:\/\/lovingdiversity.es\/val\/events\/la-ferni-en-valencia\/","og_site_name":"Loving Diversity VLC","article_publisher":"https:\/\/www.facebook.com\/ComiteVLC\/","article_modified_time":"2025-05-16T10:31:37+00:00","og_image":[{"width":1400,"height":500,"url":"http:\/\/lovingdiversity.es\/wp-content\/uploads\/2025\/05\/Banner-Eventos-Web-2025-05-16T122810.097.png","type":"image\/png"}],"twitter_card":"summary_large_image","twitter_misc":{"Est. reading time":"1 minute"},"schema":{"@context":"https:\/\/schema.org","@graph":[{"@type":"WebPage","@id":"https:\/\/lovingdiversity.es\/events\/la-ferni-en-valencia\/","url":"https:\/\/lovingdiversity.es\/events\/la-ferni-en-valencia\/","name":"La Ferni en Val\u00e8ncia - Loving Diversity VLC","isPartOf":{"@id":"https:\/\/lovingdiversity.es\/#website"},"primaryImageOfPage":{"@id":"https:\/\/lovingdiversity.es\/events\/la-ferni-en-valencia\/#primaryimage"},"image":{"@id":"https:\/\/lovingdiversity.es\/events\/la-ferni-en-valencia\/#primaryimage"},"thumbnailUrl":"https:\/\/lovingdiversity.es\/wp-content\/uploads\/2025\/05\/Banner-Eventos-Web-2025-05-16T122810.097.png","datePublished":"2025-05-16T10:31:25+00:00","dateModified":"2025-05-16T10:31:37+00:00","breadcrumb":{"@id":"https:\/\/lovingdiversity.es\/events\/la-ferni-en-valencia\/#breadcrumb"},"inLanguage":"es-VAL","potentialAction":[{"@type":"ReadAction","target":["https:\/\/lovingdiversity.es\/events\/la-ferni-en-valencia\/"]}]},{"@type":"ImageObject","inLanguage":"es-VAL","@id":"https:\/\/lovingdiversity.es\/events\/la-ferni-en-valencia\/#primaryimage","url":"https:\/\/lovingdiversity.es\/wp-content\/uploads\/2025\/05\/Banner-Eventos-Web-2025-05-16T122810.097.png","contentUrl":"https:\/\/lovingdiversity.es\/wp-content\/uploads\/2025\/05\/Banner-Eventos-Web-2025-05-16T122810.097.png","width":1400,"height":500},{"@type":"BreadcrumbList","@id":"https:\/\/lovingdiversity.es\/events\/la-ferni-en-valencia\/#breadcrumb","itemListElement":[{"@type":"ListItem","position":1,"name":"Portada","item":"https:\/\/lovingdiversity.es\/"},{"@type":"ListItem","position":2,"name":"Events","item":"https:\/\/lovingdiversity.es\/events\/"},{"@type":"ListItem","position":3,"name":"La Ferni en Val\u00e8ncia"}]},{"@type":"WebSite","@id":"https:\/\/lovingdiversity.es\/#website","url":"https:\/\/lovingdiversity.es\/","name":"Loving Diversity VLC","description":"Agenda de Ocio LGTBI","publisher":{"@id":"https:\/\/lovingdiversity.es\/#organization"},"potentialAction":[{"@type":"SearchAction","target":{"@type":"EntryPoint","urlTemplate":"https:\/\/lovingdiversity.es\/?s={search_term_string}"},"query-input":{"@type":"PropertyValueSpecification","valueRequired":true,"valueName":"search_term_string"}}],"inLanguage":"es-VAL"},{"@type":"Organization","@id":"https:\/\/lovingdiversity.es\/#organization","name":"Loving Diversity VLC","url":"https:\/\/lovingdiversity.es\/","logo":{"@type":"ImageObject","inLanguage":"es-VAL","@id":"https:\/\/lovingdiversity.es\/#\/schema\/logo\/image\/","url":"https:\/\/lovingdiversity.es\/wp-content\/uploads\/2024\/12\/logotipo_loving.png","contentUrl":"https:\/\/lovingdiversity.es\/wp-content\/uploads\/2024\/12\/logotipo_loving.png","width":400,"height":112,"caption":"Loving Diversity VLC"},"image":{"@id":"https:\/\/lovingdiversity.es\/#\/schema\/logo\/image\/"},"sameAs":["https:\/\/www.facebook.com\/ComiteVLC\/","https:\/\/www.instagram.com\/comitevlc\/","https:\/\/www.tiktok.com\/@comitevlc"]}]}},"_links":{"self":[{"href":"https:\/\/lovingdiversity.es\/val\/wp-json\/wp\/v2\/ajde_events\/6100","targetHints":{"allow":["GET"]}}],"collection":[{"href":"https:\/\/lovingdiversity.es\/val\/wp-json\/wp\/v2\/ajde_events"}],"about":[{"href":"https:\/\/lovingdiversity.es\/val\/wp-json\/wp\/v2\/types\/ajde_events"}],"author":[{"embeddable":true,"href":"https:\/\/lovingdiversity.es\/val\/wp-json\/wp\/v2\/users\/1"}],"replies":[{"embeddable":true,"href":"https:\/\/lovingdiversity.es\/val\/wp-json\/wp\/v2\/comments?post=6100"}],"wp:featuredmedia":[{"embeddable":true,"href":"https:\/\/lovingdiversity.es\/val\/wp-json\/wp\/v2\/media\/6101"}],"wp:attachment":[{"href":"https:\/\/lovingdiversity.es\/val\/wp-json\/wp\/v2\/media?parent=6100"}],"wp:term":[{"taxonomy":"post_tag","embeddable":true,"href":"https:\/\/lovingdiversity.es\/val\/wp-json\/wp\/v2\/tags?post=6100"},{"taxonomy":"event_type","embeddable":true,"href":"https:\/\/lovingdiversity.es\/val\/wp-json\/wp\/v2\/event_type?post=6100"},{"taxonomy":"event_type_2","embeddable":true,"href":"https:\/\/lovingdiversity.es\/val\/wp-json\/wp\/v2\/event_type_2?post=6100"}],"curies":[{"name":"wp","href":"https:\/\/api.w.org\/{rel}","templated":true}]}}

La Ferni en València

<p>La Ferni se presenta por primera vez en València con un concierto que resignifica el cancionero popular argentino, desde Atahualpa Yupanqui hasta nuevos autores y autoras disidentes. Esta interpretación que realiza la cantora refleja su sensibilidad y compromiso poético con las luchas de la sociedad actual. Única función, ¡no te la pierdas!</p>
<p>Artivista, docente, comunicadora y cantora trans no binaria. Ferni canta música popular, lírico y ópera. Realizó su formación en la Universidad Nacional de las Artes y fue docente de música en la escuela media. Desde 2023 ha recorrido festivales y escenarios como ECUNHI, CCK, Centro Cultural Conti, Casa Brandon, Parque Centenario, Centro Cultural San Martín, Teatro 25 de Mayo, Centro Cultural Borges, Tecnópolis, Café Berlin, Teatro Lavardén, de Rosario, y Teatro Argentino de La Plata. Su participación en el pre Cosquín Folklore 2022 modificó los estatutos del festival tras una denuncia en el INADI, que terminó en una conquista para el colectivo travesti – trans.</p>

<!-- This site is optimized with the Yoast SEO plugin v26.8 - https://yoast.com/product/yoast-seo-wordpress/ -->
<title>La Ferni en València - Loving Diversity VLC</title>
<meta name="robots" content="index, follow, max-snippet:-1, max-image-preview:large, max-video-preview:-1" />
<link rel="canonical" href="https://lovingdiversity.es/val/events/la-ferni-en-valencia/" />
<meta property="og:locale" content="es_ES" />
<meta property="og:type" content="article" />
<meta property="og:title" content="La Ferni en València - Loving Diversity VLC" />
<meta property="og:description" content="La Ferni se presenta por primera vez en València con un concierto que resignifica el cancionero popular argentino, desde Atahualpa Yupanqui hasta nuevos autores y autoras disidentes. Esta interpretación que..." />
<meta property="og:url" content="https://lovingdiversity.es/val/events/la-ferni-en-valencia/" />
<meta property="og:site_name" content="Loving Diversity VLC" />
<meta property="article:publisher" content="https://www.facebook.com/ComiteVLC/" />
<meta property="article:modified_time" content="2025-05-16T10:31:37+00:00" />
<meta property="og:image" content="http://lovingdiversity.es/wp-content/uploads/2025/05/Banner-Eventos-Web-2025-05-16T122810.097.png" />
	<meta property="og:image:width" content="1400" />
	<meta property="og:image:height" content="500" />
	<meta property="og:image:type" content="image/png" />
<meta name="twitter:card" content="summary_large_image" />
<meta name="twitter:label1" content="Est. reading time" />
	<meta name="twitter:data1" content="1 minute" />
<script type="application/ld+json" class="yoast-schema-graph">{"@context":"https://schema.org","@graph":[{"@type":"WebPage","@id":"https://lovingdiversity.es/events/la-ferni-en-valencia/","url":"https://lovingdiversity.es/events/la-ferni-en-valencia/","name":"La Ferni en València - Loving Diversity VLC","isPartOf":{"@id":"https://lovingdiversity.es/#website"},"primaryImageOfPage":{"@id":"https://lovingdiversity.es/events/la-ferni-en-valencia/#primaryimage"},"image":{"@id":"https://lovingdiversity.es/events/la-ferni-en-valencia/#primaryimage"},"thumbnailUrl":"https://lovingdiversity.es/wp-content/uploads/2025/05/Banner-Eventos-Web-2025-05-16T122810.097.png","datePublished":"2025-05-16T10:31:25+00:00","dateModified":"2025-05-16T10:31:37+00:00","breadcrumb":{"@id":"https://lovingdiversity.es/events/la-ferni-en-valencia/#breadcrumb"},"inLanguage":"es-VAL","potentialAction":[{"@type":"ReadAction","target":["https://lovingdiversity.es/events/la-ferni-en-valencia/"]}]},{"@type":"ImageObject","inLanguage":"es-VAL","@id":"https://lovingdiversity.es/events/la-ferni-en-valencia/#primaryimage","url":"https://lovingdiversity.es/wp-content/uploads/2025/05/Banner-Eventos-Web-2025-05-16T122810.097.png","contentUrl":"https://lovingdiversity.es/wp-content/uploads/2025/05/Banner-Eventos-Web-2025-05-16T122810.097.png","width":1400,"height":500},{"@type":"BreadcrumbList","@id":"https://lovingdiversity.es/events/la-ferni-en-valencia/#breadcrumb","itemListElement":[{"@type":"ListItem","position":1,"name":"Portada","item":"https://lovingdiversity.es/"},{"@type":"ListItem","position":2,"name":"Events","item":"https://lovingdiversity.es/events/"},{"@type":"ListItem","position":3,"name":"La Ferni en València"}]},{"@type":"WebSite","@id":"https://lovingdiversity.es/#website","url":"https://lovingdiversity.es/","name":"Loving Diversity VLC","description":"Agenda de Ocio LGTBI","publisher":{"@id":"https://lovingdiversity.es/#organization"},"potentialAction":[{"@type":"SearchAction","target":{"@type":"EntryPoint","urlTemplate":"https://lovingdiversity.es/?s={search_term_string}"},"query-input":{"@type":"PropertyValueSpecification","valueRequired":true,"valueName":"search_term_string"}}],"inLanguage":"es-VAL"},{"@type":"Organization","@id":"https://lovingdiversity.es/#organization","name":"Loving Diversity VLC","url":"https://lovingdiversity.es/","logo":{"@type":"ImageObject","inLanguage":"es-VAL","@id":"https://lovingdiversity.es/#/schema/logo/image/","url":"https://lovingdiversity.es/wp-content/uploads/2024/12/logotipo_loving.png","contentUrl":"https://lovingdiversity.es/wp-content/uploads/2024/12/logotipo_loving.png","width":400,"height":112,"caption":"Loving Diversity VLC"},"image":{"@id":"https://lovingdiversity.es/#/schema/logo/image/"},"sameAs":["https://www.facebook.com/ComiteVLC/","https://www.instagram.com/comitevlc/","https://www.tiktok.com/@comitevlc"]}]}</script>
<!-- / Yoast SEO plugin. -->

La Ferni en València - Loving Diversity VLC

La Ferni se presenta por primera vez en València con un concierto que resignifica el cancionero popular argentino, desde Atahualpa Yupanqui hasta nuevos autores y autoras disidentes. Esta interpretación que...
