{"id":6333,"date":"2025-07-07T07:42:48","date_gmt":"2025-07-07T07:42:48","guid":{"rendered":"https:\/\/lovingdiversity.es\/?post_type=ajde_events&#038;p=6333"},"modified":"2025-07-07T08:12:06","modified_gmt":"2025-07-07T08:12:06","slug":"cinema-a-la-fresca","status":"publish","type":"ajde_events","link":"https:\/\/lovingdiversity.es\/val\/events\/cinema-a-la-fresca\/","title":{"rendered":"Cinema a la fresca"},"content":{"rendered":"<p>\ud83d\udca5\ud83d\udca5 Torna a Velluters el cinema a la fresca i en valenci\u00e0!\ud83d\udca5\ud83d\udca5<\/p>\n<p>\ud83d\uddd3 Com ja \u00e9s habitual, els dijous de juliol tenim cinema comprom\u00e9s, gratu\u00eft i en valenci\u00e0 a la pla\u00e7a del Pilar de Val\u00e8ncia.<\/p>\n<ul>\n<li><strong>Cada dijous a les 22.00h\u00a0<\/strong><\/li>\n<li><strong>Pla\u00e7a del Pilar\u00a0<\/strong><\/li>\n<\/ul>\n<p>Enguany, les pel\u00b7l\u00edcules s\u00f3n:<\/p>\n<p>\ud83c\udfa5 Dijous 10 de juliol<br \/>\n\ud83c\uddee\ud83c\uddea Kneecap,\u00a0de\u00a0Rich Peppiatt\u00a0(VOSC)<\/p>\n<p>\ud83c\udfa5 Dijous 17 de juliol,<br \/>\nL&#8217;\u00e0via i el foraster, de Sergi Miralles<\/p>\n<p>\ud83c\udfa5 Dijous 21 de juliol<br \/>\n\ud83c\uddf5\ud83c\uddf8 No Other Land,\u00a0de Yuval Abraham, Basel Adra, Hamdan Ballal i Rachel Szor\u00a0(VOSC)<\/p>\n<p>Recordeu que heu de portar-vos la vostra cadira \ud83e\ude91\ud83e\ude91\ud83e\ude91!<\/p>\n<p>\ud83d\udd8c\ufe0f Cartell dissenyat\u00a0 per <a class=\"x1i10hfl xjbqb8w x1ejq31n x18oe1m7 x1sy0etr xstzfhl x972fbf x10w94by x1qhh985 x14e42zd x9f619 x1ypdohk xt0psk2 xe8uvvx xdj266r x14z9mp xat24cr x1lziwak xexx8yu xyri2b x18d9i69 x1c1uobl x16tdsg8 x1hl2dhg xggy1nq x1a2a7pz notranslate _a6hd\" tabindex=\"0\" role=\"link\" href=\"https:\/\/www.instagram.com\/barbiturikills\/\">@barbiturikills<\/a><\/p>","protected":false},"author":1,"featured_media":6334,"menu_order":0,"comment_status":"open","ping_status":"closed","template":"","meta":[],"tags":[],"event_type":[14],"event_type_2":[],"class_list":{"0":"post-6333","1":"ajde_events","2":"type-ajde_events","3":"status-publish","4":"has-post-thumbnail","6":"event_location-placa-del-pilar","7":"event_organizer-veinat-en-perill-dextincio","8":"event_type-arteycine"},"yoast_head":"<!-- This site is optimized with the Yoast SEO plugin v26.8 - https:\/\/yoast.com\/product\/yoast-seo-wordpress\/ -->\n<title>Cinema a la fresca - Loving Diversity VLC<\/title>\n<meta name=\"robots\" content=\"index, follow, max-snippet:-1, max-image-preview:large, max-video-preview:-1\" \/>\n<link rel=\"canonical\" href=\"https:\/\/lovingdiversity.es\/val\/events\/cinema-a-la-fresca\/\" \/>\n<meta property=\"og:locale\" content=\"es_ES\" \/>\n<meta property=\"og:type\" content=\"article\" \/>\n<meta property=\"og:title\" content=\"Cinema a la fresca - Loving Diversity VLC\" \/>\n<meta property=\"og:description\" content=\"\ud83d\udca5\ud83d\udca5 Torna a Velluters el cinema a la fresca i en valenci\u00e0!\ud83d\udca5\ud83d\udca5 \ud83d\uddd3 Com ja \u00e9s habitual, els dijous de juliol tenim cinema comprom\u00e9s, gratu\u00eft i en valenci\u00e0 a la...\" \/>\n<meta property=\"og:url\" content=\"https:\/\/lovingdiversity.es\/val\/events\/cinema-a-la-fresca\/\" \/>\n<meta property=\"og:site_name\" content=\"Loving Diversity VLC\" \/>\n<meta property=\"article:publisher\" content=\"https:\/\/www.facebook.com\/ComiteVLC\/\" \/>\n<meta property=\"article:modified_time\" content=\"2025-07-07T08:12:06+00:00\" \/>\n<meta property=\"og:image\" content=\"http:\/\/lovingdiversity.es\/wp-content\/uploads\/2025\/07\/11JUL-cinema-a-la-fresca.png\" \/>\n\t<meta property=\"og:image:width\" content=\"1400\" \/>\n\t<meta property=\"og:image:height\" content=\"500\" \/>\n\t<meta property=\"og:image:type\" content=\"image\/png\" \/>\n<meta name=\"twitter:card\" content=\"summary_large_image\" \/>\n<meta name=\"twitter:label1\" content=\"Est. reading time\" \/>\n\t<meta name=\"twitter:data1\" content=\"1 minute\" \/>\n<script type=\"application\/ld+json\" class=\"yoast-schema-graph\">{\"@context\":\"https:\/\/schema.org\",\"@graph\":[{\"@type\":\"WebPage\",\"@id\":\"https:\/\/lovingdiversity.es\/events\/cinema-a-la-fresca\/\",\"url\":\"https:\/\/lovingdiversity.es\/events\/cinema-a-la-fresca\/\",\"name\":\"Cinema a la fresca - Loving Diversity VLC\",\"isPartOf\":{\"@id\":\"https:\/\/lovingdiversity.es\/#website\"},\"primaryImageOfPage\":{\"@id\":\"https:\/\/lovingdiversity.es\/events\/cinema-a-la-fresca\/#primaryimage\"},\"image\":{\"@id\":\"https:\/\/lovingdiversity.es\/events\/cinema-a-la-fresca\/#primaryimage\"},\"thumbnailUrl\":\"https:\/\/lovingdiversity.es\/wp-content\/uploads\/2025\/07\/11JUL-cinema-a-la-fresca.png\",\"datePublished\":\"2025-07-07T07:42:48+00:00\",\"dateModified\":\"2025-07-07T08:12:06+00:00\",\"breadcrumb\":{\"@id\":\"https:\/\/lovingdiversity.es\/events\/cinema-a-la-fresca\/#breadcrumb\"},\"inLanguage\":\"es-VAL\",\"potentialAction\":[{\"@type\":\"ReadAction\",\"target\":[\"https:\/\/lovingdiversity.es\/events\/cinema-a-la-fresca\/\"]}]},{\"@type\":\"ImageObject\",\"inLanguage\":\"es-VAL\",\"@id\":\"https:\/\/lovingdiversity.es\/events\/cinema-a-la-fresca\/#primaryimage\",\"url\":\"https:\/\/lovingdiversity.es\/wp-content\/uploads\/2025\/07\/11JUL-cinema-a-la-fresca.png\",\"contentUrl\":\"https:\/\/lovingdiversity.es\/wp-content\/uploads\/2025\/07\/11JUL-cinema-a-la-fresca.png\",\"width\":1400,\"height\":500},{\"@type\":\"BreadcrumbList\",\"@id\":\"https:\/\/lovingdiversity.es\/events\/cinema-a-la-fresca\/#breadcrumb\",\"itemListElement\":[{\"@type\":\"ListItem\",\"position\":1,\"name\":\"Portada\",\"item\":\"https:\/\/lovingdiversity.es\/\"},{\"@type\":\"ListItem\",\"position\":2,\"name\":\"Events\",\"item\":\"https:\/\/lovingdiversity.es\/events\/\"},{\"@type\":\"ListItem\",\"position\":3,\"name\":\"Cinema a la fresca\"}]},{\"@type\":\"WebSite\",\"@id\":\"https:\/\/lovingdiversity.es\/#website\",\"url\":\"https:\/\/lovingdiversity.es\/\",\"name\":\"Loving Diversity VLC\",\"description\":\"Agenda de Ocio LGTBI\",\"publisher\":{\"@id\":\"https:\/\/lovingdiversity.es\/#organization\"},\"potentialAction\":[{\"@type\":\"SearchAction\",\"target\":{\"@type\":\"EntryPoint\",\"urlTemplate\":\"https:\/\/lovingdiversity.es\/?s={search_term_string}\"},\"query-input\":{\"@type\":\"PropertyValueSpecification\",\"valueRequired\":true,\"valueName\":\"search_term_string\"}}],\"inLanguage\":\"es-VAL\"},{\"@type\":\"Organization\",\"@id\":\"https:\/\/lovingdiversity.es\/#organization\",\"name\":\"Loving Diversity VLC\",\"url\":\"https:\/\/lovingdiversity.es\/\",\"logo\":{\"@type\":\"ImageObject\",\"inLanguage\":\"es-VAL\",\"@id\":\"https:\/\/lovingdiversity.es\/#\/schema\/logo\/image\/\",\"url\":\"https:\/\/lovingdiversity.es\/wp-content\/uploads\/2024\/12\/logotipo_loving.png\",\"contentUrl\":\"https:\/\/lovingdiversity.es\/wp-content\/uploads\/2024\/12\/logotipo_loving.png\",\"width\":400,\"height\":112,\"caption\":\"Loving Diversity VLC\"},\"image\":{\"@id\":\"https:\/\/lovingdiversity.es\/#\/schema\/logo\/image\/\"},\"sameAs\":[\"https:\/\/www.facebook.com\/ComiteVLC\/\",\"https:\/\/www.instagram.com\/comitevlc\/\",\"https:\/\/www.tiktok.com\/@comitevlc\"]}]}<\/script>\n<!-- \/ Yoast SEO plugin. -->","yoast_head_json":{"title":"Cinema a la fresca - Loving Diversity VLC","robots":{"index":"index","follow":"follow","max-snippet":"max-snippet:-1","max-image-preview":"max-image-preview:large","max-video-preview":"max-video-preview:-1"},"canonical":"https:\/\/lovingdiversity.es\/val\/events\/cinema-a-la-fresca\/","og_locale":"es_ES","og_type":"article","og_title":"Cinema a la fresca - Loving Diversity VLC","og_description":"\ud83d\udca5\ud83d\udca5 Torna a Velluters el cinema a la fresca i en valenci\u00e0!\ud83d\udca5\ud83d\udca5 \ud83d\uddd3 Com ja \u00e9s habitual, els dijous de juliol tenim cinema comprom\u00e9s, gratu\u00eft i en valenci\u00e0 a la...","og_url":"https:\/\/lovingdiversity.es\/val\/events\/cinema-a-la-fresca\/","og_site_name":"Loving Diversity VLC","article_publisher":"https:\/\/www.facebook.com\/ComiteVLC\/","article_modified_time":"2025-07-07T08:12:06+00:00","og_image":[{"width":1400,"height":500,"url":"http:\/\/lovingdiversity.es\/wp-content\/uploads\/2025\/07\/11JUL-cinema-a-la-fresca.png","type":"image\/png"}],"twitter_card":"summary_large_image","twitter_misc":{"Est. reading time":"1 minute"},"schema":{"@context":"https:\/\/schema.org","@graph":[{"@type":"WebPage","@id":"https:\/\/lovingdiversity.es\/events\/cinema-a-la-fresca\/","url":"https:\/\/lovingdiversity.es\/events\/cinema-a-la-fresca\/","name":"Cinema a la fresca - Loving Diversity VLC","isPartOf":{"@id":"https:\/\/lovingdiversity.es\/#website"},"primaryImageOfPage":{"@id":"https:\/\/lovingdiversity.es\/events\/cinema-a-la-fresca\/#primaryimage"},"image":{"@id":"https:\/\/lovingdiversity.es\/events\/cinema-a-la-fresca\/#primaryimage"},"thumbnailUrl":"https:\/\/lovingdiversity.es\/wp-content\/uploads\/2025\/07\/11JUL-cinema-a-la-fresca.png","datePublished":"2025-07-07T07:42:48+00:00","dateModified":"2025-07-07T08:12:06+00:00","breadcrumb":{"@id":"https:\/\/lovingdiversity.es\/events\/cinema-a-la-fresca\/#breadcrumb"},"inLanguage":"es-VAL","potentialAction":[{"@type":"ReadAction","target":["https:\/\/lovingdiversity.es\/events\/cinema-a-la-fresca\/"]}]},{"@type":"ImageObject","inLanguage":"es-VAL","@id":"https:\/\/lovingdiversity.es\/events\/cinema-a-la-fresca\/#primaryimage","url":"https:\/\/lovingdiversity.es\/wp-content\/uploads\/2025\/07\/11JUL-cinema-a-la-fresca.png","contentUrl":"https:\/\/lovingdiversity.es\/wp-content\/uploads\/2025\/07\/11JUL-cinema-a-la-fresca.png","width":1400,"height":500},{"@type":"BreadcrumbList","@id":"https:\/\/lovingdiversity.es\/events\/cinema-a-la-fresca\/#breadcrumb","itemListElement":[{"@type":"ListItem","position":1,"name":"Portada","item":"https:\/\/lovingdiversity.es\/"},{"@type":"ListItem","position":2,"name":"Events","item":"https:\/\/lovingdiversity.es\/events\/"},{"@type":"ListItem","position":3,"name":"Cinema a la fresca"}]},{"@type":"WebSite","@id":"https:\/\/lovingdiversity.es\/#website","url":"https:\/\/lovingdiversity.es\/","name":"Loving Diversity VLC","description":"Agenda de Ocio LGTBI","publisher":{"@id":"https:\/\/lovingdiversity.es\/#organization"},"potentialAction":[{"@type":"SearchAction","target":{"@type":"EntryPoint","urlTemplate":"https:\/\/lovingdiversity.es\/?s={search_term_string}"},"query-input":{"@type":"PropertyValueSpecification","valueRequired":true,"valueName":"search_term_string"}}],"inLanguage":"es-VAL"},{"@type":"Organization","@id":"https:\/\/lovingdiversity.es\/#organization","name":"Loving Diversity VLC","url":"https:\/\/lovingdiversity.es\/","logo":{"@type":"ImageObject","inLanguage":"es-VAL","@id":"https:\/\/lovingdiversity.es\/#\/schema\/logo\/image\/","url":"https:\/\/lovingdiversity.es\/wp-content\/uploads\/2024\/12\/logotipo_loving.png","contentUrl":"https:\/\/lovingdiversity.es\/wp-content\/uploads\/2024\/12\/logotipo_loving.png","width":400,"height":112,"caption":"Loving Diversity VLC"},"image":{"@id":"https:\/\/lovingdiversity.es\/#\/schema\/logo\/image\/"},"sameAs":["https:\/\/www.facebook.com\/ComiteVLC\/","https:\/\/www.instagram.com\/comitevlc\/","https:\/\/www.tiktok.com\/@comitevlc"]}]}},"_links":{"self":[{"href":"https:\/\/lovingdiversity.es\/val\/wp-json\/wp\/v2\/ajde_events\/6333","targetHints":{"allow":["GET"]}}],"collection":[{"href":"https:\/\/lovingdiversity.es\/val\/wp-json\/wp\/v2\/ajde_events"}],"about":[{"href":"https:\/\/lovingdiversity.es\/val\/wp-json\/wp\/v2\/types\/ajde_events"}],"author":[{"embeddable":true,"href":"https:\/\/lovingdiversity.es\/val\/wp-json\/wp\/v2\/users\/1"}],"replies":[{"embeddable":true,"href":"https:\/\/lovingdiversity.es\/val\/wp-json\/wp\/v2\/comments?post=6333"}],"wp:featuredmedia":[{"embeddable":true,"href":"https:\/\/lovingdiversity.es\/val\/wp-json\/wp\/v2\/media\/6334"}],"wp:attachment":[{"href":"https:\/\/lovingdiversity.es\/val\/wp-json\/wp\/v2\/media?parent=6333"}],"wp:term":[{"taxonomy":"post_tag","embeddable":true,"href":"https:\/\/lovingdiversity.es\/val\/wp-json\/wp\/v2\/tags?post=6333"},{"taxonomy":"event_type","embeddable":true,"href":"https:\/\/lovingdiversity.es\/val\/wp-json\/wp\/v2\/event_type?post=6333"},{"taxonomy":"event_type_2","embeddable":true,"href":"https:\/\/lovingdiversity.es\/val\/wp-json\/wp\/v2\/event_type_2?post=6333"}],"curies":[{"name":"wp","href":"https:\/\/api.w.org\/{rel}","templated":true}]}}

<p>💥💥 Torna a Velluters el cinema a la fresca i en valencià!💥💥</p>
<p>🗓 Com ja és habitual, els dijous de juliol tenim cinema compromés, gratuït i en valencià a la plaça del Pilar de València.</p>
<ul>
<li><strong>Cada dijous a les 22.00h </strong></li>
<li><strong>Plaça del Pilar </strong></li>
</ul>
<p>Enguany, les pel·lícules són:</p>
<p>🎥 Dijous 10 de juliol<br />
🇮🇪 Kneecap, de Rich Peppiatt (VOSC)</p>
<p>🎥 Dijous 17 de juliol,<br />
L&#8217;àvia i el foraster, de Sergi Miralles</p>
<p>🎥 Dijous 21 de juliol<br />
🇵🇸 No Other Land, de Yuval Abraham, Basel Adra, Hamdan Ballal i Rachel Szor (VOSC)</p>
<p>Recordeu que heu de portar-vos la vostra cadira 🪑🪑🪑!</p>
<p>🖌️ Cartell dissenyat  per <a class="x1i10hfl xjbqb8w x1ejq31n x18oe1m7 x1sy0etr xstzfhl x972fbf x10w94by x1qhh985 x14e42zd x9f619 x1ypdohk xt0psk2 xe8uvvx xdj266r x14z9mp xat24cr x1lziwak xexx8yu xyri2b x18d9i69 x1c1uobl x16tdsg8 x1hl2dhg xggy1nq x1a2a7pz notranslate _a6hd" tabindex="0" role="link" href="https://www.instagram.com/barbiturikills/">@barbiturikills</a></p>

<!-- This site is optimized with the Yoast SEO plugin v26.8 - https://yoast.com/product/yoast-seo-wordpress/ -->
<title>Cinema a la fresca - Loving Diversity VLC</title>
<meta name="robots" content="index, follow, max-snippet:-1, max-image-preview:large, max-video-preview:-1" />
<link rel="canonical" href="https://lovingdiversity.es/val/events/cinema-a-la-fresca/" />
<meta property="og:locale" content="es_ES" />
<meta property="og:type" content="article" />
<meta property="og:title" content="Cinema a la fresca - Loving Diversity VLC" />
<meta property="og:description" content="💥💥 Torna a Velluters el cinema a la fresca i en valencià!💥💥 🗓 Com ja és habitual, els dijous de juliol tenim cinema compromés, gratuït i en valencià a la..." />
<meta property="og:url" content="https://lovingdiversity.es/val/events/cinema-a-la-fresca/" />
<meta property="og:site_name" content="Loving Diversity VLC" />
<meta property="article:publisher" content="https://www.facebook.com/ComiteVLC/" />
<meta property="article:modified_time" content="2025-07-07T08:12:06+00:00" />
<meta property="og:image" content="http://lovingdiversity.es/wp-content/uploads/2025/07/11JUL-cinema-a-la-fresca.png" />
	<meta property="og:image:width" content="1400" />
	<meta property="og:image:height" content="500" />
	<meta property="og:image:type" content="image/png" />
<meta name="twitter:card" content="summary_large_image" />
<meta name="twitter:label1" content="Est. reading time" />
	<meta name="twitter:data1" content="1 minute" />
<script type="application/ld+json" class="yoast-schema-graph">{"@context":"https://schema.org","@graph":[{"@type":"WebPage","@id":"https://lovingdiversity.es/events/cinema-a-la-fresca/","url":"https://lovingdiversity.es/events/cinema-a-la-fresca/","name":"Cinema a la fresca - Loving Diversity VLC","isPartOf":{"@id":"https://lovingdiversity.es/#website"},"primaryImageOfPage":{"@id":"https://lovingdiversity.es/events/cinema-a-la-fresca/#primaryimage"},"image":{"@id":"https://lovingdiversity.es/events/cinema-a-la-fresca/#primaryimage"},"thumbnailUrl":"https://lovingdiversity.es/wp-content/uploads/2025/07/11JUL-cinema-a-la-fresca.png","datePublished":"2025-07-07T07:42:48+00:00","dateModified":"2025-07-07T08:12:06+00:00","breadcrumb":{"@id":"https://lovingdiversity.es/events/cinema-a-la-fresca/#breadcrumb"},"inLanguage":"es-VAL","potentialAction":[{"@type":"ReadAction","target":["https://lovingdiversity.es/events/cinema-a-la-fresca/"]}]},{"@type":"ImageObject","inLanguage":"es-VAL","@id":"https://lovingdiversity.es/events/cinema-a-la-fresca/#primaryimage","url":"https://lovingdiversity.es/wp-content/uploads/2025/07/11JUL-cinema-a-la-fresca.png","contentUrl":"https://lovingdiversity.es/wp-content/uploads/2025/07/11JUL-cinema-a-la-fresca.png","width":1400,"height":500},{"@type":"BreadcrumbList","@id":"https://lovingdiversity.es/events/cinema-a-la-fresca/#breadcrumb","itemListElement":[{"@type":"ListItem","position":1,"name":"Portada","item":"https://lovingdiversity.es/"},{"@type":"ListItem","position":2,"name":"Events","item":"https://lovingdiversity.es/events/"},{"@type":"ListItem","position":3,"name":"Cinema a la fresca"}]},{"@type":"WebSite","@id":"https://lovingdiversity.es/#website","url":"https://lovingdiversity.es/","name":"Loving Diversity VLC","description":"Agenda de Ocio LGTBI","publisher":{"@id":"https://lovingdiversity.es/#organization"},"potentialAction":[{"@type":"SearchAction","target":{"@type":"EntryPoint","urlTemplate":"https://lovingdiversity.es/?s={search_term_string}"},"query-input":{"@type":"PropertyValueSpecification","valueRequired":true,"valueName":"search_term_string"}}],"inLanguage":"es-VAL"},{"@type":"Organization","@id":"https://lovingdiversity.es/#organization","name":"Loving Diversity VLC","url":"https://lovingdiversity.es/","logo":{"@type":"ImageObject","inLanguage":"es-VAL","@id":"https://lovingdiversity.es/#/schema/logo/image/","url":"https://lovingdiversity.es/wp-content/uploads/2024/12/logotipo_loving.png","contentUrl":"https://lovingdiversity.es/wp-content/uploads/2024/12/logotipo_loving.png","width":400,"height":112,"caption":"Loving Diversity VLC"},"image":{"@id":"https://lovingdiversity.es/#/schema/logo/image/"},"sameAs":["https://www.facebook.com/ComiteVLC/","https://www.instagram.com/comitevlc/","https://www.tiktok.com/@comitevlc"]}]}</script>
<!-- / Yoast SEO plugin. -->

💥💥 Torna a Velluters el cinema a la fresca i en valencià!💥💥 🗓 Com ja és habitual, els dijous de juliol tenim cinema compromés, gratuït i en valencià a la...
