{"id":6419,"date":"2025-07-31T09:22:33","date_gmt":"2025-07-31T09:22:33","guid":{"rendered":"https:\/\/lovingdiversity.es\/events\/concentracio-stop-vaixells-de-la-mort\/"},"modified":"2025-07-31T09:41:13","modified_gmt":"2025-07-31T09:41:13","slug":"concentracio-stop-vaixells-de-la-mort","status":"publish","type":"ajde_events","link":"https:\/\/lovingdiversity.es\/val\/events\/concentracio-stop-vaixells-de-la-mort\/","title":{"rendered":"CONCENTRACI\u00d3: STOP VAIXELLS DE LA MORT"},"content":{"rendered":"<p>\ud83d\udce3 Este divendres, es convoca una concentraci\u00f3 d\u2019urg\u00e8ncia al Port De Val\u00e8ncia per aturar el COSCO PISCES!!<\/p>\n<p>El vaixell Cosco Pisces, que forma part de la cadena de subministrament del genocidi, arriba a Val\u00e8ncia. Despr\u00e9s d&#8217;haver sigut bloquejat a Gr\u00e8cia i It\u00e0lia, ara toca a Fran\u00e7a i a Val\u00e8ncia.<\/p>\n<ul>\n<li>20.00 h<\/li>\n<li>\ud83d\udccdPla\u00e7a de les hores (Edifici del rellotge), port de Valencia<\/li>\n<\/ul>\n<p>Des de les associacions reclamen al govern de l&#8217;estat espanyol ni un vaixell de la mort m\u00e9s pels nostres ports!! Que es denegue l&#8217;assist\u00e8ncia al Cosco Pisces. I l&#8217;embargament integral a Israel per Decret Llei ja<\/p>\n<p>Davant un estat genocida i colonial les paraules compromeses serveixen de ben poc, calen accions. Per aix\u00f2 s&#8217;exigeix al govern espanyol la Fi al Comer\u00e7 d&#8217;armes i a les relacions amb Israel. A banda, la trobada tindr\u00e0 com a fi mostrar suport a la Flotilla de la Llibertat i per exigir les accions necess\u00e0ries per alliberar als companys Santi Gonz\u00e1lez i Sergio Toribio.<\/p>\n<p>\u270c\ud83c\udffe\ud83c\uddf5\ud83c\uddf8Fins que Palestina siga lliure!!<\/p>","protected":false},"author":1,"featured_media":6420,"menu_order":0,"comment_status":"open","ping_status":"closed","template":"","meta":[],"tags":[],"event_type":[45],"event_type_2":[],"class_list":{"0":"post-6419","1":"ajde_events","2":"type-ajde_events","3":"status-publish","4":"has-post-thumbnail","6":"event_location-placa-de-les-hores-edifici-de-rellotge","7":"event_organizer-bds-valencia","8":"event_type-reivindicaciones"},"yoast_head":"<!-- This site is optimized with the Yoast SEO plugin v26.8 - https:\/\/yoast.com\/product\/yoast-seo-wordpress\/ -->\n<title>CONCENTRACI\u00d3: STOP VAIXELLS DE LA MORT - Loving Diversity VLC<\/title>\n<meta name=\"robots\" content=\"index, follow, max-snippet:-1, max-image-preview:large, max-video-preview:-1\" \/>\n<link rel=\"canonical\" href=\"https:\/\/lovingdiversity.es\/val\/events\/concentracio-stop-vaixells-de-la-mort\/\" \/>\n<meta property=\"og:locale\" content=\"es_ES\" \/>\n<meta property=\"og:type\" content=\"article\" \/>\n<meta property=\"og:title\" content=\"CONCENTRACI\u00d3: STOP VAIXELLS DE LA MORT - Loving Diversity VLC\" \/>\n<meta property=\"og:description\" content=\"\ud83d\udce3 Este divendres, es convoca una concentraci\u00f3 d\u2019urg\u00e8ncia al Port De Val\u00e8ncia per aturar el COSCO PISCES!! El vaixell Cosco Pisces, que forma part de la cadena de subministrament del...\" \/>\n<meta property=\"og:url\" content=\"https:\/\/lovingdiversity.es\/val\/events\/concentracio-stop-vaixells-de-la-mort\/\" \/>\n<meta property=\"og:site_name\" content=\"Loving Diversity VLC\" \/>\n<meta property=\"article:publisher\" content=\"https:\/\/www.facebook.com\/ComiteVLC\/\" \/>\n<meta property=\"article:modified_time\" content=\"2025-07-31T09:41:13+00:00\" \/>\n<meta property=\"og:image\" content=\"http:\/\/lovingdiversity.es\/wp-content\/uploads\/2025\/07\/1AG-STOP-FLOTA.png\" \/>\n\t<meta property=\"og:image:width\" content=\"1400\" \/>\n\t<meta property=\"og:image:height\" content=\"500\" \/>\n\t<meta property=\"og:image:type\" content=\"image\/png\" \/>\n<meta name=\"twitter:card\" content=\"summary_large_image\" \/>\n<meta name=\"twitter:label1\" content=\"Est. reading time\" \/>\n\t<meta name=\"twitter:data1\" content=\"1 minute\" \/>\n<script type=\"application\/ld+json\" class=\"yoast-schema-graph\">{\"@context\":\"https:\/\/schema.org\",\"@graph\":[{\"@type\":\"WebPage\",\"@id\":\"https:\/\/lovingdiversity.es\/events\/concentracio-stop-vaixells-de-la-mort\/\",\"url\":\"https:\/\/lovingdiversity.es\/events\/concentracio-stop-vaixells-de-la-mort\/\",\"name\":\"CONCENTRACI\u00d3: STOP VAIXELLS DE LA MORT - Loving Diversity VLC\",\"isPartOf\":{\"@id\":\"https:\/\/lovingdiversity.es\/#website\"},\"primaryImageOfPage\":{\"@id\":\"https:\/\/lovingdiversity.es\/events\/concentracio-stop-vaixells-de-la-mort\/#primaryimage\"},\"image\":{\"@id\":\"https:\/\/lovingdiversity.es\/events\/concentracio-stop-vaixells-de-la-mort\/#primaryimage\"},\"thumbnailUrl\":\"https:\/\/lovingdiversity.es\/wp-content\/uploads\/2025\/07\/1AG-STOP-FLOTA.png\",\"datePublished\":\"2025-07-31T09:22:33+00:00\",\"dateModified\":\"2025-07-31T09:41:13+00:00\",\"breadcrumb\":{\"@id\":\"https:\/\/lovingdiversity.es\/events\/concentracio-stop-vaixells-de-la-mort\/#breadcrumb\"},\"inLanguage\":\"es-VAL\",\"potentialAction\":[{\"@type\":\"ReadAction\",\"target\":[\"https:\/\/lovingdiversity.es\/events\/concentracio-stop-vaixells-de-la-mort\/\"]}]},{\"@type\":\"ImageObject\",\"inLanguage\":\"es-VAL\",\"@id\":\"https:\/\/lovingdiversity.es\/events\/concentracio-stop-vaixells-de-la-mort\/#primaryimage\",\"url\":\"https:\/\/lovingdiversity.es\/wp-content\/uploads\/2025\/07\/1AG-STOP-FLOTA.png\",\"contentUrl\":\"https:\/\/lovingdiversity.es\/wp-content\/uploads\/2025\/07\/1AG-STOP-FLOTA.png\",\"width\":1400,\"height\":500},{\"@type\":\"BreadcrumbList\",\"@id\":\"https:\/\/lovingdiversity.es\/events\/concentracio-stop-vaixells-de-la-mort\/#breadcrumb\",\"itemListElement\":[{\"@type\":\"ListItem\",\"position\":1,\"name\":\"Portada\",\"item\":\"https:\/\/lovingdiversity.es\/\"},{\"@type\":\"ListItem\",\"position\":2,\"name\":\"Events\",\"item\":\"https:\/\/lovingdiversity.es\/events\/\"},{\"@type\":\"ListItem\",\"position\":3,\"name\":\"CONCENTRACI\u00d3: STOP VAIXELLS DE LA MORT\"}]},{\"@type\":\"WebSite\",\"@id\":\"https:\/\/lovingdiversity.es\/#website\",\"url\":\"https:\/\/lovingdiversity.es\/\",\"name\":\"Loving Diversity VLC\",\"description\":\"Agenda de Ocio LGTBI\",\"publisher\":{\"@id\":\"https:\/\/lovingdiversity.es\/#organization\"},\"potentialAction\":[{\"@type\":\"SearchAction\",\"target\":{\"@type\":\"EntryPoint\",\"urlTemplate\":\"https:\/\/lovingdiversity.es\/?s={search_term_string}\"},\"query-input\":{\"@type\":\"PropertyValueSpecification\",\"valueRequired\":true,\"valueName\":\"search_term_string\"}}],\"inLanguage\":\"es-VAL\"},{\"@type\":\"Organization\",\"@id\":\"https:\/\/lovingdiversity.es\/#organization\",\"name\":\"Loving Diversity VLC\",\"url\":\"https:\/\/lovingdiversity.es\/\",\"logo\":{\"@type\":\"ImageObject\",\"inLanguage\":\"es-VAL\",\"@id\":\"https:\/\/lovingdiversity.es\/#\/schema\/logo\/image\/\",\"url\":\"https:\/\/lovingdiversity.es\/wp-content\/uploads\/2024\/12\/logotipo_loving.png\",\"contentUrl\":\"https:\/\/lovingdiversity.es\/wp-content\/uploads\/2024\/12\/logotipo_loving.png\",\"width\":400,\"height\":112,\"caption\":\"Loving Diversity VLC\"},\"image\":{\"@id\":\"https:\/\/lovingdiversity.es\/#\/schema\/logo\/image\/\"},\"sameAs\":[\"https:\/\/www.facebook.com\/ComiteVLC\/\",\"https:\/\/www.instagram.com\/comitevlc\/\",\"https:\/\/www.tiktok.com\/@comitevlc\"]}]}<\/script>\n<!-- \/ Yoast SEO plugin. -->","yoast_head_json":{"title":"CONCENTRACI\u00d3: STOP VAIXELLS DE LA MORT - Loving Diversity VLC","robots":{"index":"index","follow":"follow","max-snippet":"max-snippet:-1","max-image-preview":"max-image-preview:large","max-video-preview":"max-video-preview:-1"},"canonical":"https:\/\/lovingdiversity.es\/val\/events\/concentracio-stop-vaixells-de-la-mort\/","og_locale":"es_ES","og_type":"article","og_title":"CONCENTRACI\u00d3: STOP VAIXELLS DE LA MORT - Loving Diversity VLC","og_description":"\ud83d\udce3 Este divendres, es convoca una concentraci\u00f3 d\u2019urg\u00e8ncia al Port De Val\u00e8ncia per aturar el COSCO PISCES!! El vaixell Cosco Pisces, que forma part de la cadena de subministrament del...","og_url":"https:\/\/lovingdiversity.es\/val\/events\/concentracio-stop-vaixells-de-la-mort\/","og_site_name":"Loving Diversity VLC","article_publisher":"https:\/\/www.facebook.com\/ComiteVLC\/","article_modified_time":"2025-07-31T09:41:13+00:00","og_image":[{"width":1400,"height":500,"url":"http:\/\/lovingdiversity.es\/wp-content\/uploads\/2025\/07\/1AG-STOP-FLOTA.png","type":"image\/png"}],"twitter_card":"summary_large_image","twitter_misc":{"Est. reading time":"1 minute"},"schema":{"@context":"https:\/\/schema.org","@graph":[{"@type":"WebPage","@id":"https:\/\/lovingdiversity.es\/events\/concentracio-stop-vaixells-de-la-mort\/","url":"https:\/\/lovingdiversity.es\/events\/concentracio-stop-vaixells-de-la-mort\/","name":"CONCENTRACI\u00d3: STOP VAIXELLS DE LA MORT - Loving Diversity VLC","isPartOf":{"@id":"https:\/\/lovingdiversity.es\/#website"},"primaryImageOfPage":{"@id":"https:\/\/lovingdiversity.es\/events\/concentracio-stop-vaixells-de-la-mort\/#primaryimage"},"image":{"@id":"https:\/\/lovingdiversity.es\/events\/concentracio-stop-vaixells-de-la-mort\/#primaryimage"},"thumbnailUrl":"https:\/\/lovingdiversity.es\/wp-content\/uploads\/2025\/07\/1AG-STOP-FLOTA.png","datePublished":"2025-07-31T09:22:33+00:00","dateModified":"2025-07-31T09:41:13+00:00","breadcrumb":{"@id":"https:\/\/lovingdiversity.es\/events\/concentracio-stop-vaixells-de-la-mort\/#breadcrumb"},"inLanguage":"es-VAL","potentialAction":[{"@type":"ReadAction","target":["https:\/\/lovingdiversity.es\/events\/concentracio-stop-vaixells-de-la-mort\/"]}]},{"@type":"ImageObject","inLanguage":"es-VAL","@id":"https:\/\/lovingdiversity.es\/events\/concentracio-stop-vaixells-de-la-mort\/#primaryimage","url":"https:\/\/lovingdiversity.es\/wp-content\/uploads\/2025\/07\/1AG-STOP-FLOTA.png","contentUrl":"https:\/\/lovingdiversity.es\/wp-content\/uploads\/2025\/07\/1AG-STOP-FLOTA.png","width":1400,"height":500},{"@type":"BreadcrumbList","@id":"https:\/\/lovingdiversity.es\/events\/concentracio-stop-vaixells-de-la-mort\/#breadcrumb","itemListElement":[{"@type":"ListItem","position":1,"name":"Portada","item":"https:\/\/lovingdiversity.es\/"},{"@type":"ListItem","position":2,"name":"Events","item":"https:\/\/lovingdiversity.es\/events\/"},{"@type":"ListItem","position":3,"name":"CONCENTRACI\u00d3: STOP VAIXELLS DE LA MORT"}]},{"@type":"WebSite","@id":"https:\/\/lovingdiversity.es\/#website","url":"https:\/\/lovingdiversity.es\/","name":"Loving Diversity VLC","description":"Agenda de Ocio LGTBI","publisher":{"@id":"https:\/\/lovingdiversity.es\/#organization"},"potentialAction":[{"@type":"SearchAction","target":{"@type":"EntryPoint","urlTemplate":"https:\/\/lovingdiversity.es\/?s={search_term_string}"},"query-input":{"@type":"PropertyValueSpecification","valueRequired":true,"valueName":"search_term_string"}}],"inLanguage":"es-VAL"},{"@type":"Organization","@id":"https:\/\/lovingdiversity.es\/#organization","name":"Loving Diversity VLC","url":"https:\/\/lovingdiversity.es\/","logo":{"@type":"ImageObject","inLanguage":"es-VAL","@id":"https:\/\/lovingdiversity.es\/#\/schema\/logo\/image\/","url":"https:\/\/lovingdiversity.es\/wp-content\/uploads\/2024\/12\/logotipo_loving.png","contentUrl":"https:\/\/lovingdiversity.es\/wp-content\/uploads\/2024\/12\/logotipo_loving.png","width":400,"height":112,"caption":"Loving Diversity VLC"},"image":{"@id":"https:\/\/lovingdiversity.es\/#\/schema\/logo\/image\/"},"sameAs":["https:\/\/www.facebook.com\/ComiteVLC\/","https:\/\/www.instagram.com\/comitevlc\/","https:\/\/www.tiktok.com\/@comitevlc"]}]}},"_links":{"self":[{"href":"https:\/\/lovingdiversity.es\/val\/wp-json\/wp\/v2\/ajde_events\/6419","targetHints":{"allow":["GET"]}}],"collection":[{"href":"https:\/\/lovingdiversity.es\/val\/wp-json\/wp\/v2\/ajde_events"}],"about":[{"href":"https:\/\/lovingdiversity.es\/val\/wp-json\/wp\/v2\/types\/ajde_events"}],"author":[{"embeddable":true,"href":"https:\/\/lovingdiversity.es\/val\/wp-json\/wp\/v2\/users\/1"}],"replies":[{"embeddable":true,"href":"https:\/\/lovingdiversity.es\/val\/wp-json\/wp\/v2\/comments?post=6419"}],"wp:featuredmedia":[{"embeddable":true,"href":"https:\/\/lovingdiversity.es\/val\/wp-json\/wp\/v2\/media\/6420"}],"wp:attachment":[{"href":"https:\/\/lovingdiversity.es\/val\/wp-json\/wp\/v2\/media?parent=6419"}],"wp:term":[{"taxonomy":"post_tag","embeddable":true,"href":"https:\/\/lovingdiversity.es\/val\/wp-json\/wp\/v2\/tags?post=6419"},{"taxonomy":"event_type","embeddable":true,"href":"https:\/\/lovingdiversity.es\/val\/wp-json\/wp\/v2\/event_type?post=6419"},{"taxonomy":"event_type_2","embeddable":true,"href":"https:\/\/lovingdiversity.es\/val\/wp-json\/wp\/v2\/event_type_2?post=6419"}],"curies":[{"name":"wp","href":"https:\/\/api.w.org\/{rel}","templated":true}]}}

CONCENTRACIÓ: STOP VAIXELLS DE LA MORT

<p>📣 Este divendres, es convoca una concentració d’urgència al Port De València per aturar el COSCO PISCES!!</p>
<p>El vaixell Cosco Pisces, que forma part de la cadena de subministrament del genocidi, arriba a València. Després d&#8217;haver sigut bloquejat a Grècia i Itàlia, ara toca a França i a València.</p>
<ul>
<li>20.00 h</li>
<li>📍Plaça de les hores (Edifici del rellotge), port de Valencia</li>
</ul>
<p>Des de les associacions reclamen al govern de l&#8217;estat espanyol ni un vaixell de la mort més pels nostres ports!! Que es denegue l&#8217;assistència al Cosco Pisces. I l&#8217;embargament integral a Israel per Decret Llei ja</p>
<p>Davant un estat genocida i colonial les paraules compromeses serveixen de ben poc, calen accions. Per això s&#8217;exigeix al govern espanyol la Fi al Comerç d&#8217;armes i a les relacions amb Israel. A banda, la trobada tindrà com a fi mostrar suport a la Flotilla de la Llibertat i per exigir les accions necessàries per alliberar als companys Santi González i Sergio Toribio.</p>
<p>✌🏾🇵🇸Fins que Palestina siga lliure!!</p>

<!-- This site is optimized with the Yoast SEO plugin v26.8 - https://yoast.com/product/yoast-seo-wordpress/ -->
<title>CONCENTRACIÓ: STOP VAIXELLS DE LA MORT - Loving Diversity VLC</title>
<meta name="robots" content="index, follow, max-snippet:-1, max-image-preview:large, max-video-preview:-1" />
<link rel="canonical" href="https://lovingdiversity.es/val/events/concentracio-stop-vaixells-de-la-mort/" />
<meta property="og:locale" content="es_ES" />
<meta property="og:type" content="article" />
<meta property="og:title" content="CONCENTRACIÓ: STOP VAIXELLS DE LA MORT - Loving Diversity VLC" />
<meta property="og:description" content="📣 Este divendres, es convoca una concentració d’urgència al Port De València per aturar el COSCO PISCES!! El vaixell Cosco Pisces, que forma part de la cadena de subministrament del..." />
<meta property="og:url" content="https://lovingdiversity.es/val/events/concentracio-stop-vaixells-de-la-mort/" />
<meta property="og:site_name" content="Loving Diversity VLC" />
<meta property="article:publisher" content="https://www.facebook.com/ComiteVLC/" />
<meta property="article:modified_time" content="2025-07-31T09:41:13+00:00" />
<meta property="og:image" content="http://lovingdiversity.es/wp-content/uploads/2025/07/1AG-STOP-FLOTA.png" />
	<meta property="og:image:width" content="1400" />
	<meta property="og:image:height" content="500" />
	<meta property="og:image:type" content="image/png" />
<meta name="twitter:card" content="summary_large_image" />
<meta name="twitter:label1" content="Est. reading time" />
	<meta name="twitter:data1" content="1 minute" />
<script type="application/ld+json" class="yoast-schema-graph">{"@context":"https://schema.org","@graph":[{"@type":"WebPage","@id":"https://lovingdiversity.es/events/concentracio-stop-vaixells-de-la-mort/","url":"https://lovingdiversity.es/events/concentracio-stop-vaixells-de-la-mort/","name":"CONCENTRACIÓ: STOP VAIXELLS DE LA MORT - Loving Diversity VLC","isPartOf":{"@id":"https://lovingdiversity.es/#website"},"primaryImageOfPage":{"@id":"https://lovingdiversity.es/events/concentracio-stop-vaixells-de-la-mort/#primaryimage"},"image":{"@id":"https://lovingdiversity.es/events/concentracio-stop-vaixells-de-la-mort/#primaryimage"},"thumbnailUrl":"https://lovingdiversity.es/wp-content/uploads/2025/07/1AG-STOP-FLOTA.png","datePublished":"2025-07-31T09:22:33+00:00","dateModified":"2025-07-31T09:41:13+00:00","breadcrumb":{"@id":"https://lovingdiversity.es/events/concentracio-stop-vaixells-de-la-mort/#breadcrumb"},"inLanguage":"es-VAL","potentialAction":[{"@type":"ReadAction","target":["https://lovingdiversity.es/events/concentracio-stop-vaixells-de-la-mort/"]}]},{"@type":"ImageObject","inLanguage":"es-VAL","@id":"https://lovingdiversity.es/events/concentracio-stop-vaixells-de-la-mort/#primaryimage","url":"https://lovingdiversity.es/wp-content/uploads/2025/07/1AG-STOP-FLOTA.png","contentUrl":"https://lovingdiversity.es/wp-content/uploads/2025/07/1AG-STOP-FLOTA.png","width":1400,"height":500},{"@type":"BreadcrumbList","@id":"https://lovingdiversity.es/events/concentracio-stop-vaixells-de-la-mort/#breadcrumb","itemListElement":[{"@type":"ListItem","position":1,"name":"Portada","item":"https://lovingdiversity.es/"},{"@type":"ListItem","position":2,"name":"Events","item":"https://lovingdiversity.es/events/"},{"@type":"ListItem","position":3,"name":"CONCENTRACIÓ: STOP VAIXELLS DE LA MORT"}]},{"@type":"WebSite","@id":"https://lovingdiversity.es/#website","url":"https://lovingdiversity.es/","name":"Loving Diversity VLC","description":"Agenda de Ocio LGTBI","publisher":{"@id":"https://lovingdiversity.es/#organization"},"potentialAction":[{"@type":"SearchAction","target":{"@type":"EntryPoint","urlTemplate":"https://lovingdiversity.es/?s={search_term_string}"},"query-input":{"@type":"PropertyValueSpecification","valueRequired":true,"valueName":"search_term_string"}}],"inLanguage":"es-VAL"},{"@type":"Organization","@id":"https://lovingdiversity.es/#organization","name":"Loving Diversity VLC","url":"https://lovingdiversity.es/","logo":{"@type":"ImageObject","inLanguage":"es-VAL","@id":"https://lovingdiversity.es/#/schema/logo/image/","url":"https://lovingdiversity.es/wp-content/uploads/2024/12/logotipo_loving.png","contentUrl":"https://lovingdiversity.es/wp-content/uploads/2024/12/logotipo_loving.png","width":400,"height":112,"caption":"Loving Diversity VLC"},"image":{"@id":"https://lovingdiversity.es/#/schema/logo/image/"},"sameAs":["https://www.facebook.com/ComiteVLC/","https://www.instagram.com/comitevlc/","https://www.tiktok.com/@comitevlc"]}]}</script>
<!-- / Yoast SEO plugin. -->

CONCENTRACIÓ: STOP VAIXELLS DE LA MORT - Loving Diversity VLC

📣 Este divendres, es convoca una concentració d’urgència al Port De València per aturar el COSCO PISCES!! El vaixell Cosco Pisces, que forma part de la cadena de subministrament del...
