{"id":6809,"date":"2025-11-13T13:50:07","date_gmt":"2025-11-13T13:50:07","guid":{"rendered":"https:\/\/lovingdiversity.es\/events\/antigues-i-modernes-amor-entre-dones-copy\/"},"modified":"2025-11-13T14:14:14","modified_gmt":"2025-11-13T14:14:14","slug":"antigues-i-modernes-amor-entre-dones-copy","status":"publish","type":"ajde_events","link":"https:\/\/lovingdiversity.es\/val\/events\/antigues-i-modernes-amor-entre-dones-copy\/","title":{"rendered":"Antigues i modernes: mem\u00f2ria trans"},"content":{"rendered":"<p>\ud835\udc00\ud835\udc27\ud835\udc2d\ud835\udc22\ud835\udc20\ud835\udc2e\ud835\udc1e\ud835\udc2c \ud835\udc22 \ud835\udc0c\ud835\udc28\ud835\udc1d\ud835\udc1e\ud835\udc2b\ud835\udc27\ud835\udc1e\ud835\udc2c: mem\u00f2ria trans amb Manuela Trasobares, Glamniss\u00a0 i Daniela Ferr\u00e1ndez P\u00e9rez. Modera: Liz Dust<\/p>\n<p>\ud83d\uddd3\ufe0f dissabte 15.11.2025<br \/>\n\ud83d\udd6319:30 h (obertura de portes 19:15 h)<br \/>\n\ud83d\udccdCC Nave 3 Ribes (Parc Central, Russafa, Val\u00e8ncia)<\/p>\n<p>\ud83d\udc49 entrada gratu\u00efta<br \/>\n\ud83d\udc49 aforament limitat<br \/>\n\ud83d\udc49 no cal inscripci\u00f3 pr\u00e8via<\/p>\n<p>En esta ocasi\u00f3 parlarem sobre mem\u00f2ria trans, analitzant el passat, present i futur de la comunitat, les diverses maneres que existeixen de ser una persona trans i de reivindicar la propia identitat, ja siga a trav\u00e9s de la investigaci\u00f3, l\u2019espectacle o l\u2019art, entre moltes altres formes d\u2019expressi\u00f3.<\/p>\n<p>Amb la sagacitat de l\u2019artista del drag Glamniss, les investigacions de la historiadora Daniela Ferr\u00e1ndez P\u00e9rez i les reflexions de Manuela Trasobares, cantant, artista i escriptora, i tota una icona LGTBIQ+, tra\u00e7arem genealogies, reivindicarem referents i reflexionarem al voltant de les identitats de les dones trans.<\/p>","protected":false},"author":1,"featured_media":6810,"menu_order":0,"comment_status":"open","ping_status":"closed","template":"","meta":[],"tags":[],"event_type":[45],"event_type_2":[],"class_list":{"0":"post-6809","1":"ajde_events","2":"type-ajde_events","3":"status-publish","4":"has-post-thumbnail","6":"event_location-centro-cultural-nave-3-ribes","7":"event_organizer-larmari-de-la-memoria","8":"event_type-reivindicaciones"},"yoast_head":"<!-- This site is optimized with the Yoast SEO plugin v26.8 - https:\/\/yoast.com\/product\/yoast-seo-wordpress\/ -->\n<title>Antigues i modernes: mem\u00f2ria trans - Loving Diversity VLC<\/title>\n<meta name=\"robots\" content=\"index, follow, max-snippet:-1, max-image-preview:large, max-video-preview:-1\" \/>\n<link rel=\"canonical\" href=\"https:\/\/lovingdiversity.es\/val\/events\/antigues-i-modernes-amor-entre-dones-copy\/\" \/>\n<meta property=\"og:locale\" content=\"es_ES\" \/>\n<meta property=\"og:type\" content=\"article\" \/>\n<meta property=\"og:title\" content=\"Antigues i modernes: mem\u00f2ria trans - Loving Diversity VLC\" \/>\n<meta property=\"og:description\" content=\"\ud835\udc00\ud835\udc27\ud835\udc2d\ud835\udc22\ud835\udc20\ud835\udc2e\ud835\udc1e\ud835\udc2c \ud835\udc22 \ud835\udc0c\ud835\udc28\ud835\udc1d\ud835\udc1e\ud835\udc2b\ud835\udc27\ud835\udc1e\ud835\udc2c: mem\u00f2ria trans amb Manuela Trasobares, Glamniss\u00a0 i Daniela Ferr\u00e1ndez P\u00e9rez. Modera: Liz Dust \ud83d\uddd3\ufe0f dissabte 15.11.2025 \ud83d\udd6319:30 h (obertura de portes 19:15 h) \ud83d\udccdCC Nave 3 Ribes...\" \/>\n<meta property=\"og:url\" content=\"https:\/\/lovingdiversity.es\/val\/events\/antigues-i-modernes-amor-entre-dones-copy\/\" \/>\n<meta property=\"og:site_name\" content=\"Loving Diversity VLC\" \/>\n<meta property=\"article:publisher\" content=\"https:\/\/www.facebook.com\/ComiteVLC\/\" \/>\n<meta property=\"article:modified_time\" content=\"2025-11-13T14:14:14+00:00\" \/>\n<meta property=\"og:image\" content=\"http:\/\/lovingdiversity.es\/wp-content\/uploads\/2025\/11\/15NOV-ANTIGUES-I-MODERNES-.png\" \/>\n\t<meta property=\"og:image:width\" content=\"1400\" \/>\n\t<meta property=\"og:image:height\" content=\"500\" \/>\n\t<meta property=\"og:image:type\" content=\"image\/png\" \/>\n<meta name=\"twitter:card\" content=\"summary_large_image\" \/>\n<meta name=\"twitter:label1\" content=\"Est. reading time\" \/>\n\t<meta name=\"twitter:data1\" content=\"1 minute\" \/>\n<script type=\"application\/ld+json\" class=\"yoast-schema-graph\">{\"@context\":\"https:\/\/schema.org\",\"@graph\":[{\"@type\":\"WebPage\",\"@id\":\"https:\/\/lovingdiversity.es\/events\/antigues-i-modernes-amor-entre-dones-copy\/\",\"url\":\"https:\/\/lovingdiversity.es\/events\/antigues-i-modernes-amor-entre-dones-copy\/\",\"name\":\"Antigues i modernes: mem\u00f2ria trans - Loving Diversity VLC\",\"isPartOf\":{\"@id\":\"https:\/\/lovingdiversity.es\/#website\"},\"primaryImageOfPage\":{\"@id\":\"https:\/\/lovingdiversity.es\/events\/antigues-i-modernes-amor-entre-dones-copy\/#primaryimage\"},\"image\":{\"@id\":\"https:\/\/lovingdiversity.es\/events\/antigues-i-modernes-amor-entre-dones-copy\/#primaryimage\"},\"thumbnailUrl\":\"https:\/\/lovingdiversity.es\/wp-content\/uploads\/2025\/11\/15NOV-ANTIGUES-I-MODERNES-.png\",\"datePublished\":\"2025-11-13T13:50:07+00:00\",\"dateModified\":\"2025-11-13T14:14:14+00:00\",\"breadcrumb\":{\"@id\":\"https:\/\/lovingdiversity.es\/events\/antigues-i-modernes-amor-entre-dones-copy\/#breadcrumb\"},\"inLanguage\":\"es-VAL\",\"potentialAction\":[{\"@type\":\"ReadAction\",\"target\":[\"https:\/\/lovingdiversity.es\/events\/antigues-i-modernes-amor-entre-dones-copy\/\"]}]},{\"@type\":\"ImageObject\",\"inLanguage\":\"es-VAL\",\"@id\":\"https:\/\/lovingdiversity.es\/events\/antigues-i-modernes-amor-entre-dones-copy\/#primaryimage\",\"url\":\"https:\/\/lovingdiversity.es\/wp-content\/uploads\/2025\/11\/15NOV-ANTIGUES-I-MODERNES-.png\",\"contentUrl\":\"https:\/\/lovingdiversity.es\/wp-content\/uploads\/2025\/11\/15NOV-ANTIGUES-I-MODERNES-.png\",\"width\":1400,\"height\":500},{\"@type\":\"BreadcrumbList\",\"@id\":\"https:\/\/lovingdiversity.es\/events\/antigues-i-modernes-amor-entre-dones-copy\/#breadcrumb\",\"itemListElement\":[{\"@type\":\"ListItem\",\"position\":1,\"name\":\"Portada\",\"item\":\"https:\/\/lovingdiversity.es\/\"},{\"@type\":\"ListItem\",\"position\":2,\"name\":\"Events\",\"item\":\"https:\/\/lovingdiversity.es\/events\/\"},{\"@type\":\"ListItem\",\"position\":3,\"name\":\"Antigues i modernes: mem\u00f2ria trans\"}]},{\"@type\":\"WebSite\",\"@id\":\"https:\/\/lovingdiversity.es\/#website\",\"url\":\"https:\/\/lovingdiversity.es\/\",\"name\":\"Loving Diversity VLC\",\"description\":\"Agenda de Ocio LGTBI\",\"publisher\":{\"@id\":\"https:\/\/lovingdiversity.es\/#organization\"},\"potentialAction\":[{\"@type\":\"SearchAction\",\"target\":{\"@type\":\"EntryPoint\",\"urlTemplate\":\"https:\/\/lovingdiversity.es\/?s={search_term_string}\"},\"query-input\":{\"@type\":\"PropertyValueSpecification\",\"valueRequired\":true,\"valueName\":\"search_term_string\"}}],\"inLanguage\":\"es-VAL\"},{\"@type\":\"Organization\",\"@id\":\"https:\/\/lovingdiversity.es\/#organization\",\"name\":\"Loving Diversity VLC\",\"url\":\"https:\/\/lovingdiversity.es\/\",\"logo\":{\"@type\":\"ImageObject\",\"inLanguage\":\"es-VAL\",\"@id\":\"https:\/\/lovingdiversity.es\/#\/schema\/logo\/image\/\",\"url\":\"https:\/\/lovingdiversity.es\/wp-content\/uploads\/2024\/12\/logotipo_loving.png\",\"contentUrl\":\"https:\/\/lovingdiversity.es\/wp-content\/uploads\/2024\/12\/logotipo_loving.png\",\"width\":400,\"height\":112,\"caption\":\"Loving Diversity VLC\"},\"image\":{\"@id\":\"https:\/\/lovingdiversity.es\/#\/schema\/logo\/image\/\"},\"sameAs\":[\"https:\/\/www.facebook.com\/ComiteVLC\/\",\"https:\/\/www.instagram.com\/comitevlc\/\",\"https:\/\/www.tiktok.com\/@comitevlc\"]}]}<\/script>\n<!-- \/ Yoast SEO plugin. -->","yoast_head_json":{"title":"Antigues i modernes: mem\u00f2ria trans - Loving Diversity VLC","robots":{"index":"index","follow":"follow","max-snippet":"max-snippet:-1","max-image-preview":"max-image-preview:large","max-video-preview":"max-video-preview:-1"},"canonical":"https:\/\/lovingdiversity.es\/val\/events\/antigues-i-modernes-amor-entre-dones-copy\/","og_locale":"es_ES","og_type":"article","og_title":"Antigues i modernes: mem\u00f2ria trans - Loving Diversity VLC","og_description":"\ud835\udc00\ud835\udc27\ud835\udc2d\ud835\udc22\ud835\udc20\ud835\udc2e\ud835\udc1e\ud835\udc2c \ud835\udc22 \ud835\udc0c\ud835\udc28\ud835\udc1d\ud835\udc1e\ud835\udc2b\ud835\udc27\ud835\udc1e\ud835\udc2c: mem\u00f2ria trans amb Manuela Trasobares, Glamniss\u00a0 i Daniela Ferr\u00e1ndez P\u00e9rez. Modera: Liz Dust \ud83d\uddd3\ufe0f dissabte 15.11.2025 \ud83d\udd6319:30 h (obertura de portes 19:15 h) \ud83d\udccdCC Nave 3 Ribes...","og_url":"https:\/\/lovingdiversity.es\/val\/events\/antigues-i-modernes-amor-entre-dones-copy\/","og_site_name":"Loving Diversity VLC","article_publisher":"https:\/\/www.facebook.com\/ComiteVLC\/","article_modified_time":"2025-11-13T14:14:14+00:00","og_image":[{"width":1400,"height":500,"url":"http:\/\/lovingdiversity.es\/wp-content\/uploads\/2025\/11\/15NOV-ANTIGUES-I-MODERNES-.png","type":"image\/png"}],"twitter_card":"summary_large_image","twitter_misc":{"Est. reading time":"1 minute"},"schema":{"@context":"https:\/\/schema.org","@graph":[{"@type":"WebPage","@id":"https:\/\/lovingdiversity.es\/events\/antigues-i-modernes-amor-entre-dones-copy\/","url":"https:\/\/lovingdiversity.es\/events\/antigues-i-modernes-amor-entre-dones-copy\/","name":"Antigues i modernes: mem\u00f2ria trans - Loving Diversity VLC","isPartOf":{"@id":"https:\/\/lovingdiversity.es\/#website"},"primaryImageOfPage":{"@id":"https:\/\/lovingdiversity.es\/events\/antigues-i-modernes-amor-entre-dones-copy\/#primaryimage"},"image":{"@id":"https:\/\/lovingdiversity.es\/events\/antigues-i-modernes-amor-entre-dones-copy\/#primaryimage"},"thumbnailUrl":"https:\/\/lovingdiversity.es\/wp-content\/uploads\/2025\/11\/15NOV-ANTIGUES-I-MODERNES-.png","datePublished":"2025-11-13T13:50:07+00:00","dateModified":"2025-11-13T14:14:14+00:00","breadcrumb":{"@id":"https:\/\/lovingdiversity.es\/events\/antigues-i-modernes-amor-entre-dones-copy\/#breadcrumb"},"inLanguage":"es-VAL","potentialAction":[{"@type":"ReadAction","target":["https:\/\/lovingdiversity.es\/events\/antigues-i-modernes-amor-entre-dones-copy\/"]}]},{"@type":"ImageObject","inLanguage":"es-VAL","@id":"https:\/\/lovingdiversity.es\/events\/antigues-i-modernes-amor-entre-dones-copy\/#primaryimage","url":"https:\/\/lovingdiversity.es\/wp-content\/uploads\/2025\/11\/15NOV-ANTIGUES-I-MODERNES-.png","contentUrl":"https:\/\/lovingdiversity.es\/wp-content\/uploads\/2025\/11\/15NOV-ANTIGUES-I-MODERNES-.png","width":1400,"height":500},{"@type":"BreadcrumbList","@id":"https:\/\/lovingdiversity.es\/events\/antigues-i-modernes-amor-entre-dones-copy\/#breadcrumb","itemListElement":[{"@type":"ListItem","position":1,"name":"Portada","item":"https:\/\/lovingdiversity.es\/"},{"@type":"ListItem","position":2,"name":"Events","item":"https:\/\/lovingdiversity.es\/events\/"},{"@type":"ListItem","position":3,"name":"Antigues i modernes: mem\u00f2ria trans"}]},{"@type":"WebSite","@id":"https:\/\/lovingdiversity.es\/#website","url":"https:\/\/lovingdiversity.es\/","name":"Loving Diversity VLC","description":"Agenda de Ocio LGTBI","publisher":{"@id":"https:\/\/lovingdiversity.es\/#organization"},"potentialAction":[{"@type":"SearchAction","target":{"@type":"EntryPoint","urlTemplate":"https:\/\/lovingdiversity.es\/?s={search_term_string}"},"query-input":{"@type":"PropertyValueSpecification","valueRequired":true,"valueName":"search_term_string"}}],"inLanguage":"es-VAL"},{"@type":"Organization","@id":"https:\/\/lovingdiversity.es\/#organization","name":"Loving Diversity VLC","url":"https:\/\/lovingdiversity.es\/","logo":{"@type":"ImageObject","inLanguage":"es-VAL","@id":"https:\/\/lovingdiversity.es\/#\/schema\/logo\/image\/","url":"https:\/\/lovingdiversity.es\/wp-content\/uploads\/2024\/12\/logotipo_loving.png","contentUrl":"https:\/\/lovingdiversity.es\/wp-content\/uploads\/2024\/12\/logotipo_loving.png","width":400,"height":112,"caption":"Loving Diversity VLC"},"image":{"@id":"https:\/\/lovingdiversity.es\/#\/schema\/logo\/image\/"},"sameAs":["https:\/\/www.facebook.com\/ComiteVLC\/","https:\/\/www.instagram.com\/comitevlc\/","https:\/\/www.tiktok.com\/@comitevlc"]}]}},"_links":{"self":[{"href":"https:\/\/lovingdiversity.es\/val\/wp-json\/wp\/v2\/ajde_events\/6809","targetHints":{"allow":["GET"]}}],"collection":[{"href":"https:\/\/lovingdiversity.es\/val\/wp-json\/wp\/v2\/ajde_events"}],"about":[{"href":"https:\/\/lovingdiversity.es\/val\/wp-json\/wp\/v2\/types\/ajde_events"}],"author":[{"embeddable":true,"href":"https:\/\/lovingdiversity.es\/val\/wp-json\/wp\/v2\/users\/1"}],"replies":[{"embeddable":true,"href":"https:\/\/lovingdiversity.es\/val\/wp-json\/wp\/v2\/comments?post=6809"}],"wp:featuredmedia":[{"embeddable":true,"href":"https:\/\/lovingdiversity.es\/val\/wp-json\/wp\/v2\/media\/6810"}],"wp:attachment":[{"href":"https:\/\/lovingdiversity.es\/val\/wp-json\/wp\/v2\/media?parent=6809"}],"wp:term":[{"taxonomy":"post_tag","embeddable":true,"href":"https:\/\/lovingdiversity.es\/val\/wp-json\/wp\/v2\/tags?post=6809"},{"taxonomy":"event_type","embeddable":true,"href":"https:\/\/lovingdiversity.es\/val\/wp-json\/wp\/v2\/event_type?post=6809"},{"taxonomy":"event_type_2","embeddable":true,"href":"https:\/\/lovingdiversity.es\/val\/wp-json\/wp\/v2\/event_type_2?post=6809"}],"curies":[{"name":"wp","href":"https:\/\/api.w.org\/{rel}","templated":true}]}}

Antigues i modernes: memòria trans

<p>𝐀𝐧𝐭𝐢𝐠𝐮𝐞𝐬 𝐢 𝐌𝐨𝐝𝐞𝐫𝐧𝐞𝐬: memòria trans amb Manuela Trasobares, Glamniss  i Daniela Ferrández Pérez. Modera: Liz Dust</p>
<p>🗓️ dissabte 15.11.2025<br />
🕣19:30 h (obertura de portes 19:15 h)<br />
📍CC Nave 3 Ribes (Parc Central, Russafa, València)</p>
<p>👉 entrada gratuïta<br />
👉 aforament limitat<br />
👉 no cal inscripció prèvia</p>
<p>En esta ocasió parlarem sobre memòria trans, analitzant el passat, present i futur de la comunitat, les diverses maneres que existeixen de ser una persona trans i de reivindicar la propia identitat, ja siga a través de la investigació, l’espectacle o l’art, entre moltes altres formes d’expressió.</p>
<p>Amb la sagacitat de l’artista del drag Glamniss, les investigacions de la historiadora Daniela Ferrández Pérez i les reflexions de Manuela Trasobares, cantant, artista i escriptora, i tota una icona LGTBIQ+, traçarem genealogies, reivindicarem referents i reflexionarem al voltant de les identitats de les dones trans.</p>

<!-- This site is optimized with the Yoast SEO plugin v26.8 - https://yoast.com/product/yoast-seo-wordpress/ -->
<title>Antigues i modernes: memòria trans - Loving Diversity VLC</title>
<meta name="robots" content="index, follow, max-snippet:-1, max-image-preview:large, max-video-preview:-1" />
<link rel="canonical" href="https://lovingdiversity.es/val/events/antigues-i-modernes-amor-entre-dones-copy/" />
<meta property="og:locale" content="es_ES" />
<meta property="og:type" content="article" />
<meta property="og:title" content="Antigues i modernes: memòria trans - Loving Diversity VLC" />
<meta property="og:description" content="𝐀𝐧𝐭𝐢𝐠𝐮𝐞𝐬 𝐢 𝐌𝐨𝐝𝐞𝐫𝐧𝐞𝐬: memòria trans amb Manuela Trasobares, Glamniss  i Daniela Ferrández Pérez. Modera: Liz Dust 🗓️ dissabte 15.11.2025 🕣19:30 h (obertura de portes 19:15 h) 📍CC Nave 3 Ribes..." />
<meta property="og:url" content="https://lovingdiversity.es/val/events/antigues-i-modernes-amor-entre-dones-copy/" />
<meta property="og:site_name" content="Loving Diversity VLC" />
<meta property="article:publisher" content="https://www.facebook.com/ComiteVLC/" />
<meta property="article:modified_time" content="2025-11-13T14:14:14+00:00" />
<meta property="og:image" content="http://lovingdiversity.es/wp-content/uploads/2025/11/15NOV-ANTIGUES-I-MODERNES-.png" />
	<meta property="og:image:width" content="1400" />
	<meta property="og:image:height" content="500" />
	<meta property="og:image:type" content="image/png" />
<meta name="twitter:card" content="summary_large_image" />
<meta name="twitter:label1" content="Est. reading time" />
	<meta name="twitter:data1" content="1 minute" />
<script type="application/ld+json" class="yoast-schema-graph">{"@context":"https://schema.org","@graph":[{"@type":"WebPage","@id":"https://lovingdiversity.es/events/antigues-i-modernes-amor-entre-dones-copy/","url":"https://lovingdiversity.es/events/antigues-i-modernes-amor-entre-dones-copy/","name":"Antigues i modernes: memòria trans - Loving Diversity VLC","isPartOf":{"@id":"https://lovingdiversity.es/#website"},"primaryImageOfPage":{"@id":"https://lovingdiversity.es/events/antigues-i-modernes-amor-entre-dones-copy/#primaryimage"},"image":{"@id":"https://lovingdiversity.es/events/antigues-i-modernes-amor-entre-dones-copy/#primaryimage"},"thumbnailUrl":"https://lovingdiversity.es/wp-content/uploads/2025/11/15NOV-ANTIGUES-I-MODERNES-.png","datePublished":"2025-11-13T13:50:07+00:00","dateModified":"2025-11-13T14:14:14+00:00","breadcrumb":{"@id":"https://lovingdiversity.es/events/antigues-i-modernes-amor-entre-dones-copy/#breadcrumb"},"inLanguage":"es-VAL","potentialAction":[{"@type":"ReadAction","target":["https://lovingdiversity.es/events/antigues-i-modernes-amor-entre-dones-copy/"]}]},{"@type":"ImageObject","inLanguage":"es-VAL","@id":"https://lovingdiversity.es/events/antigues-i-modernes-amor-entre-dones-copy/#primaryimage","url":"https://lovingdiversity.es/wp-content/uploads/2025/11/15NOV-ANTIGUES-I-MODERNES-.png","contentUrl":"https://lovingdiversity.es/wp-content/uploads/2025/11/15NOV-ANTIGUES-I-MODERNES-.png","width":1400,"height":500},{"@type":"BreadcrumbList","@id":"https://lovingdiversity.es/events/antigues-i-modernes-amor-entre-dones-copy/#breadcrumb","itemListElement":[{"@type":"ListItem","position":1,"name":"Portada","item":"https://lovingdiversity.es/"},{"@type":"ListItem","position":2,"name":"Events","item":"https://lovingdiversity.es/events/"},{"@type":"ListItem","position":3,"name":"Antigues i modernes: memòria trans"}]},{"@type":"WebSite","@id":"https://lovingdiversity.es/#website","url":"https://lovingdiversity.es/","name":"Loving Diversity VLC","description":"Agenda de Ocio LGTBI","publisher":{"@id":"https://lovingdiversity.es/#organization"},"potentialAction":[{"@type":"SearchAction","target":{"@type":"EntryPoint","urlTemplate":"https://lovingdiversity.es/?s={search_term_string}"},"query-input":{"@type":"PropertyValueSpecification","valueRequired":true,"valueName":"search_term_string"}}],"inLanguage":"es-VAL"},{"@type":"Organization","@id":"https://lovingdiversity.es/#organization","name":"Loving Diversity VLC","url":"https://lovingdiversity.es/","logo":{"@type":"ImageObject","inLanguage":"es-VAL","@id":"https://lovingdiversity.es/#/schema/logo/image/","url":"https://lovingdiversity.es/wp-content/uploads/2024/12/logotipo_loving.png","contentUrl":"https://lovingdiversity.es/wp-content/uploads/2024/12/logotipo_loving.png","width":400,"height":112,"caption":"Loving Diversity VLC"},"image":{"@id":"https://lovingdiversity.es/#/schema/logo/image/"},"sameAs":["https://www.facebook.com/ComiteVLC/","https://www.instagram.com/comitevlc/","https://www.tiktok.com/@comitevlc"]}]}</script>
<!-- / Yoast SEO plugin. -->

Antigues i modernes: memòria trans - Loving Diversity VLC

𝐀𝐧𝐭𝐢𝐠𝐮𝐞𝐬 𝐢 𝐌𝐨𝐝𝐞𝐫𝐧𝐞𝐬: memòria trans amb Manuela Trasobares, Glamniss  i Daniela Ferrández Pérez. Modera: Liz Dust 🗓️ dissabte 15.11.2025 🕣19:30 h (obertura de portes 19:15 h) 📍CC Nave 3 Ribes...
