{"id":7264,"date":"2026-03-06T13:22:52","date_gmt":"2026-03-06T13:22:52","guid":{"rendered":"https:\/\/lovingdiversity.es\/?post_type=ajde_events&#038;p=7264"},"modified":"2026-03-06T13:22:52","modified_gmt":"2026-03-06T13:22:52","slug":"manifestacio-8m-contra-lofensiva-imperialista-i-colonial","status":"publish","type":"ajde_events","link":"https:\/\/lovingdiversity.es\/val\/events\/manifestacio-8m-contra-lofensiva-imperialista-i-colonial\/","title":{"rendered":"Manifestaci\u00f3 8M: Contra l&#8217;ofensiva imperialista i colonial"},"content":{"rendered":"<p>Aquest 8 de mar\u00e7 tornem als carrers. <a href=\"https:\/\/www.instagram.com\/p\/DVQQDMFiB0Z\/?hl=es\">@<span class=\"x1lliihq x1plvlek xryxfnj x1n2onr6 xyejjpt x15dsfln x193iq5w xeuugli x1fj9vlw x13faqbe x1vvkbs x1s928wv xhkezso x1gmr53x x1cpjm7i x1fgarty x1943h6x x1i0vuye xvs91rp x1s688f x5n08af x10wh9bi xpm28yp x8viiok x1o7cslx\" dir=\"auto\">assembleafeminista<\/span><\/a> organitza una manifestaci\u00f3 contra l&#8217;ofensiva imperialista i colonial.<\/p>\n<p>\ud83d\udccdPunt de trobada: CIE de Sapadors (Av. Dr. Waksman 52-54) a les 16h<\/p>\n<ul>\n<li>17h Inici de la manifestaci\u00f3 des del CIE<\/li>\n<li>18h Punt de trobada a Sant Agust\u00ed<\/li>\n<li>19h Arribada a la pla\u00e7a de la Mare de D\u00e9u (accions i tancament)<\/li>\n<\/ul>","protected":false},"author":1,"featured_media":7268,"menu_order":0,"comment_status":"open","ping_status":"closed","template":"","meta":[],"tags":[],"event_type":[45],"event_type_2":[],"class_list":{"0":"post-7264","1":"ajde_events","2":"type-ajde_events","3":"status-publish","4":"has-post-thumbnail","6":"event_location-cie-de-sapadors","7":"event_organizer-assemblea-feminista-de-valencia","8":"event_type-reivindicaciones"},"yoast_head":"<!-- This site is optimized with the Yoast SEO plugin v26.8 - https:\/\/yoast.com\/product\/yoast-seo-wordpress\/ -->\n<title>Manifestaci\u00f3 8M: Contra l&#039;ofensiva imperialista i colonial - Loving Diversity VLC<\/title>\n<meta name=\"robots\" content=\"index, follow, max-snippet:-1, max-image-preview:large, max-video-preview:-1\" \/>\n<link rel=\"canonical\" href=\"https:\/\/lovingdiversity.es\/val\/events\/manifestacio-8m-contra-lofensiva-imperialista-i-colonial\/\" \/>\n<meta property=\"og:locale\" content=\"es_ES\" \/>\n<meta property=\"og:type\" content=\"article\" \/>\n<meta property=\"og:title\" content=\"Manifestaci\u00f3 8M: Contra l&#039;ofensiva imperialista i colonial - Loving Diversity VLC\" \/>\n<meta property=\"og:description\" content=\"Aquest 8 de mar\u00e7 tornem als carrers. @assembleafeminista organitza una manifestaci\u00f3 contra l&#8217;ofensiva imperialista i colonial. \ud83d\udccdPunt de trobada: CIE de Sapadors (Av. Dr. Waksman 52-54) a les 16h 17h...\" \/>\n<meta property=\"og:url\" content=\"https:\/\/lovingdiversity.es\/val\/events\/manifestacio-8m-contra-lofensiva-imperialista-i-colonial\/\" \/>\n<meta property=\"og:site_name\" content=\"Loving Diversity VLC\" \/>\n<meta property=\"article:publisher\" content=\"https:\/\/www.facebook.com\/ComiteVLC\/\" \/>\n<meta property=\"og:image\" content=\"http:\/\/lovingdiversity.es\/wp-content\/uploads\/2026\/03\/8M-MANIFESTACIO-8M.png\" \/>\n\t<meta property=\"og:image:width\" content=\"1400\" \/>\n\t<meta property=\"og:image:height\" content=\"500\" \/>\n\t<meta property=\"og:image:type\" content=\"image\/png\" \/>\n<meta name=\"twitter:card\" content=\"summary_large_image\" \/>\n<meta name=\"twitter:label1\" content=\"Est. reading time\" \/>\n\t<meta name=\"twitter:data1\" content=\"1 minute\" \/>\n<script type=\"application\/ld+json\" class=\"yoast-schema-graph\">{\"@context\":\"https:\/\/schema.org\",\"@graph\":[{\"@type\":\"WebPage\",\"@id\":\"https:\/\/lovingdiversity.es\/events\/manifestacio-8m-contra-lofensiva-imperialista-i-colonial\/\",\"url\":\"https:\/\/lovingdiversity.es\/events\/manifestacio-8m-contra-lofensiva-imperialista-i-colonial\/\",\"name\":\"Manifestaci\u00f3 8M: Contra l'ofensiva imperialista i colonial - Loving Diversity VLC\",\"isPartOf\":{\"@id\":\"https:\/\/lovingdiversity.es\/#website\"},\"primaryImageOfPage\":{\"@id\":\"https:\/\/lovingdiversity.es\/events\/manifestacio-8m-contra-lofensiva-imperialista-i-colonial\/#primaryimage\"},\"image\":{\"@id\":\"https:\/\/lovingdiversity.es\/events\/manifestacio-8m-contra-lofensiva-imperialista-i-colonial\/#primaryimage\"},\"thumbnailUrl\":\"https:\/\/lovingdiversity.es\/wp-content\/uploads\/2026\/03\/8M-MANIFESTACIO-8M.png\",\"datePublished\":\"2026-03-06T13:22:52+00:00\",\"breadcrumb\":{\"@id\":\"https:\/\/lovingdiversity.es\/events\/manifestacio-8m-contra-lofensiva-imperialista-i-colonial\/#breadcrumb\"},\"inLanguage\":\"es-VAL\",\"potentialAction\":[{\"@type\":\"ReadAction\",\"target\":[\"https:\/\/lovingdiversity.es\/events\/manifestacio-8m-contra-lofensiva-imperialista-i-colonial\/\"]}]},{\"@type\":\"ImageObject\",\"inLanguage\":\"es-VAL\",\"@id\":\"https:\/\/lovingdiversity.es\/events\/manifestacio-8m-contra-lofensiva-imperialista-i-colonial\/#primaryimage\",\"url\":\"https:\/\/lovingdiversity.es\/wp-content\/uploads\/2026\/03\/8M-MANIFESTACIO-8M.png\",\"contentUrl\":\"https:\/\/lovingdiversity.es\/wp-content\/uploads\/2026\/03\/8M-MANIFESTACIO-8M.png\",\"width\":1400,\"height\":500},{\"@type\":\"BreadcrumbList\",\"@id\":\"https:\/\/lovingdiversity.es\/events\/manifestacio-8m-contra-lofensiva-imperialista-i-colonial\/#breadcrumb\",\"itemListElement\":[{\"@type\":\"ListItem\",\"position\":1,\"name\":\"Portada\",\"item\":\"https:\/\/lovingdiversity.es\/\"},{\"@type\":\"ListItem\",\"position\":2,\"name\":\"Events\",\"item\":\"https:\/\/lovingdiversity.es\/events\/\"},{\"@type\":\"ListItem\",\"position\":3,\"name\":\"Manifestaci\u00f3 8M: Contra l&#8217;ofensiva imperialista i colonial\"}]},{\"@type\":\"WebSite\",\"@id\":\"https:\/\/lovingdiversity.es\/#website\",\"url\":\"https:\/\/lovingdiversity.es\/\",\"name\":\"Loving Diversity VLC\",\"description\":\"Agenda de Ocio LGTBI\",\"publisher\":{\"@id\":\"https:\/\/lovingdiversity.es\/#organization\"},\"potentialAction\":[{\"@type\":\"SearchAction\",\"target\":{\"@type\":\"EntryPoint\",\"urlTemplate\":\"https:\/\/lovingdiversity.es\/?s={search_term_string}\"},\"query-input\":{\"@type\":\"PropertyValueSpecification\",\"valueRequired\":true,\"valueName\":\"search_term_string\"}}],\"inLanguage\":\"es-VAL\"},{\"@type\":\"Organization\",\"@id\":\"https:\/\/lovingdiversity.es\/#organization\",\"name\":\"Loving Diversity VLC\",\"url\":\"https:\/\/lovingdiversity.es\/\",\"logo\":{\"@type\":\"ImageObject\",\"inLanguage\":\"es-VAL\",\"@id\":\"https:\/\/lovingdiversity.es\/#\/schema\/logo\/image\/\",\"url\":\"https:\/\/lovingdiversity.es\/wp-content\/uploads\/2024\/12\/logotipo_loving.png\",\"contentUrl\":\"https:\/\/lovingdiversity.es\/wp-content\/uploads\/2024\/12\/logotipo_loving.png\",\"width\":400,\"height\":112,\"caption\":\"Loving Diversity VLC\"},\"image\":{\"@id\":\"https:\/\/lovingdiversity.es\/#\/schema\/logo\/image\/\"},\"sameAs\":[\"https:\/\/www.facebook.com\/ComiteVLC\/\",\"https:\/\/www.instagram.com\/comitevlc\/\",\"https:\/\/www.tiktok.com\/@comitevlc\"]}]}<\/script>\n<!-- \/ Yoast SEO plugin. -->","yoast_head_json":{"title":"Manifestaci\u00f3 8M: Contra l'ofensiva imperialista i colonial - Loving Diversity VLC","robots":{"index":"index","follow":"follow","max-snippet":"max-snippet:-1","max-image-preview":"max-image-preview:large","max-video-preview":"max-video-preview:-1"},"canonical":"https:\/\/lovingdiversity.es\/val\/events\/manifestacio-8m-contra-lofensiva-imperialista-i-colonial\/","og_locale":"es_ES","og_type":"article","og_title":"Manifestaci\u00f3 8M: Contra l'ofensiva imperialista i colonial - Loving Diversity VLC","og_description":"Aquest 8 de mar\u00e7 tornem als carrers. @assembleafeminista organitza una manifestaci\u00f3 contra l&#8217;ofensiva imperialista i colonial. \ud83d\udccdPunt de trobada: CIE de Sapadors (Av. Dr. Waksman 52-54) a les 16h 17h...","og_url":"https:\/\/lovingdiversity.es\/val\/events\/manifestacio-8m-contra-lofensiva-imperialista-i-colonial\/","og_site_name":"Loving Diversity VLC","article_publisher":"https:\/\/www.facebook.com\/ComiteVLC\/","og_image":[{"width":1400,"height":500,"url":"http:\/\/lovingdiversity.es\/wp-content\/uploads\/2026\/03\/8M-MANIFESTACIO-8M.png","type":"image\/png"}],"twitter_card":"summary_large_image","twitter_misc":{"Est. reading time":"1 minute"},"schema":{"@context":"https:\/\/schema.org","@graph":[{"@type":"WebPage","@id":"https:\/\/lovingdiversity.es\/events\/manifestacio-8m-contra-lofensiva-imperialista-i-colonial\/","url":"https:\/\/lovingdiversity.es\/events\/manifestacio-8m-contra-lofensiva-imperialista-i-colonial\/","name":"Manifestaci\u00f3 8M: Contra l'ofensiva imperialista i colonial - Loving Diversity VLC","isPartOf":{"@id":"https:\/\/lovingdiversity.es\/#website"},"primaryImageOfPage":{"@id":"https:\/\/lovingdiversity.es\/events\/manifestacio-8m-contra-lofensiva-imperialista-i-colonial\/#primaryimage"},"image":{"@id":"https:\/\/lovingdiversity.es\/events\/manifestacio-8m-contra-lofensiva-imperialista-i-colonial\/#primaryimage"},"thumbnailUrl":"https:\/\/lovingdiversity.es\/wp-content\/uploads\/2026\/03\/8M-MANIFESTACIO-8M.png","datePublished":"2026-03-06T13:22:52+00:00","breadcrumb":{"@id":"https:\/\/lovingdiversity.es\/events\/manifestacio-8m-contra-lofensiva-imperialista-i-colonial\/#breadcrumb"},"inLanguage":"es-VAL","potentialAction":[{"@type":"ReadAction","target":["https:\/\/lovingdiversity.es\/events\/manifestacio-8m-contra-lofensiva-imperialista-i-colonial\/"]}]},{"@type":"ImageObject","inLanguage":"es-VAL","@id":"https:\/\/lovingdiversity.es\/events\/manifestacio-8m-contra-lofensiva-imperialista-i-colonial\/#primaryimage","url":"https:\/\/lovingdiversity.es\/wp-content\/uploads\/2026\/03\/8M-MANIFESTACIO-8M.png","contentUrl":"https:\/\/lovingdiversity.es\/wp-content\/uploads\/2026\/03\/8M-MANIFESTACIO-8M.png","width":1400,"height":500},{"@type":"BreadcrumbList","@id":"https:\/\/lovingdiversity.es\/events\/manifestacio-8m-contra-lofensiva-imperialista-i-colonial\/#breadcrumb","itemListElement":[{"@type":"ListItem","position":1,"name":"Portada","item":"https:\/\/lovingdiversity.es\/"},{"@type":"ListItem","position":2,"name":"Events","item":"https:\/\/lovingdiversity.es\/events\/"},{"@type":"ListItem","position":3,"name":"Manifestaci\u00f3 8M: Contra l&#8217;ofensiva imperialista i colonial"}]},{"@type":"WebSite","@id":"https:\/\/lovingdiversity.es\/#website","url":"https:\/\/lovingdiversity.es\/","name":"Loving Diversity VLC","description":"Agenda de Ocio LGTBI","publisher":{"@id":"https:\/\/lovingdiversity.es\/#organization"},"potentialAction":[{"@type":"SearchAction","target":{"@type":"EntryPoint","urlTemplate":"https:\/\/lovingdiversity.es\/?s={search_term_string}"},"query-input":{"@type":"PropertyValueSpecification","valueRequired":true,"valueName":"search_term_string"}}],"inLanguage":"es-VAL"},{"@type":"Organization","@id":"https:\/\/lovingdiversity.es\/#organization","name":"Loving Diversity VLC","url":"https:\/\/lovingdiversity.es\/","logo":{"@type":"ImageObject","inLanguage":"es-VAL","@id":"https:\/\/lovingdiversity.es\/#\/schema\/logo\/image\/","url":"https:\/\/lovingdiversity.es\/wp-content\/uploads\/2024\/12\/logotipo_loving.png","contentUrl":"https:\/\/lovingdiversity.es\/wp-content\/uploads\/2024\/12\/logotipo_loving.png","width":400,"height":112,"caption":"Loving Diversity VLC"},"image":{"@id":"https:\/\/lovingdiversity.es\/#\/schema\/logo\/image\/"},"sameAs":["https:\/\/www.facebook.com\/ComiteVLC\/","https:\/\/www.instagram.com\/comitevlc\/","https:\/\/www.tiktok.com\/@comitevlc"]}]}},"_links":{"self":[{"href":"https:\/\/lovingdiversity.es\/val\/wp-json\/wp\/v2\/ajde_events\/7264","targetHints":{"allow":["GET"]}}],"collection":[{"href":"https:\/\/lovingdiversity.es\/val\/wp-json\/wp\/v2\/ajde_events"}],"about":[{"href":"https:\/\/lovingdiversity.es\/val\/wp-json\/wp\/v2\/types\/ajde_events"}],"author":[{"embeddable":true,"href":"https:\/\/lovingdiversity.es\/val\/wp-json\/wp\/v2\/users\/1"}],"replies":[{"embeddable":true,"href":"https:\/\/lovingdiversity.es\/val\/wp-json\/wp\/v2\/comments?post=7264"}],"wp:featuredmedia":[{"embeddable":true,"href":"https:\/\/lovingdiversity.es\/val\/wp-json\/wp\/v2\/media\/7268"}],"wp:attachment":[{"href":"https:\/\/lovingdiversity.es\/val\/wp-json\/wp\/v2\/media?parent=7264"}],"wp:term":[{"taxonomy":"post_tag","embeddable":true,"href":"https:\/\/lovingdiversity.es\/val\/wp-json\/wp\/v2\/tags?post=7264"},{"taxonomy":"event_type","embeddable":true,"href":"https:\/\/lovingdiversity.es\/val\/wp-json\/wp\/v2\/event_type?post=7264"},{"taxonomy":"event_type_2","embeddable":true,"href":"https:\/\/lovingdiversity.es\/val\/wp-json\/wp\/v2\/event_type_2?post=7264"}],"curies":[{"name":"wp","href":"https:\/\/api.w.org\/{rel}","templated":true}]}}

Manifestació 8M: Contra l&#8217;ofensiva imperialista i colonial

<p>Aquest 8 de març tornem als carrers. <a href="https://www.instagram.com/p/DVQQDMFiB0Z/?hl=es">@<span class="x1lliihq x1plvlek xryxfnj x1n2onr6 xyejjpt x15dsfln x193iq5w xeuugli x1fj9vlw x13faqbe x1vvkbs x1s928wv xhkezso x1gmr53x x1cpjm7i x1fgarty x1943h6x x1i0vuye xvs91rp x1s688f x5n08af x10wh9bi xpm28yp x8viiok x1o7cslx" dir="auto">assembleafeminista</span></a> organitza una manifestació contra l&#8217;ofensiva imperialista i colonial.</p>
<p>📍Punt de trobada: CIE de Sapadors (Av. Dr. Waksman 52-54) a les 16h</p>
<ul>
<li>17h Inici de la manifestació des del CIE</li>
<li>18h Punt de trobada a Sant Agustí</li>
<li>19h Arribada a la plaça de la Mare de Déu (accions i tancament)</li>
</ul>

<!-- This site is optimized with the Yoast SEO plugin v26.8 - https://yoast.com/product/yoast-seo-wordpress/ -->
<title>Manifestació 8M: Contra l&#039;ofensiva imperialista i colonial - Loving Diversity VLC</title>
<meta name="robots" content="index, follow, max-snippet:-1, max-image-preview:large, max-video-preview:-1" />
<link rel="canonical" href="https://lovingdiversity.es/val/events/manifestacio-8m-contra-lofensiva-imperialista-i-colonial/" />
<meta property="og:locale" content="es_ES" />
<meta property="og:type" content="article" />
<meta property="og:title" content="Manifestació 8M: Contra l&#039;ofensiva imperialista i colonial - Loving Diversity VLC" />
<meta property="og:description" content="Aquest 8 de març tornem als carrers. @assembleafeminista organitza una manifestació contra l&#8217;ofensiva imperialista i colonial. 📍Punt de trobada: CIE de Sapadors (Av. Dr. Waksman 52-54) a les 16h 17h..." />
<meta property="og:url" content="https://lovingdiversity.es/val/events/manifestacio-8m-contra-lofensiva-imperialista-i-colonial/" />
<meta property="og:site_name" content="Loving Diversity VLC" />
<meta property="article:publisher" content="https://www.facebook.com/ComiteVLC/" />
<meta property="og:image" content="http://lovingdiversity.es/wp-content/uploads/2026/03/8M-MANIFESTACIO-8M.png" />
	<meta property="og:image:width" content="1400" />
	<meta property="og:image:height" content="500" />
	<meta property="og:image:type" content="image/png" />
<meta name="twitter:card" content="summary_large_image" />
<meta name="twitter:label1" content="Est. reading time" />
	<meta name="twitter:data1" content="1 minute" />
<script type="application/ld+json" class="yoast-schema-graph">{"@context":"https://schema.org","@graph":[{"@type":"WebPage","@id":"https://lovingdiversity.es/events/manifestacio-8m-contra-lofensiva-imperialista-i-colonial/","url":"https://lovingdiversity.es/events/manifestacio-8m-contra-lofensiva-imperialista-i-colonial/","name":"Manifestació 8M: Contra l'ofensiva imperialista i colonial - Loving Diversity VLC","isPartOf":{"@id":"https://lovingdiversity.es/#website"},"primaryImageOfPage":{"@id":"https://lovingdiversity.es/events/manifestacio-8m-contra-lofensiva-imperialista-i-colonial/#primaryimage"},"image":{"@id":"https://lovingdiversity.es/events/manifestacio-8m-contra-lofensiva-imperialista-i-colonial/#primaryimage"},"thumbnailUrl":"https://lovingdiversity.es/wp-content/uploads/2026/03/8M-MANIFESTACIO-8M.png","datePublished":"2026-03-06T13:22:52+00:00","breadcrumb":{"@id":"https://lovingdiversity.es/events/manifestacio-8m-contra-lofensiva-imperialista-i-colonial/#breadcrumb"},"inLanguage":"es-VAL","potentialAction":[{"@type":"ReadAction","target":["https://lovingdiversity.es/events/manifestacio-8m-contra-lofensiva-imperialista-i-colonial/"]}]},{"@type":"ImageObject","inLanguage":"es-VAL","@id":"https://lovingdiversity.es/events/manifestacio-8m-contra-lofensiva-imperialista-i-colonial/#primaryimage","url":"https://lovingdiversity.es/wp-content/uploads/2026/03/8M-MANIFESTACIO-8M.png","contentUrl":"https://lovingdiversity.es/wp-content/uploads/2026/03/8M-MANIFESTACIO-8M.png","width":1400,"height":500},{"@type":"BreadcrumbList","@id":"https://lovingdiversity.es/events/manifestacio-8m-contra-lofensiva-imperialista-i-colonial/#breadcrumb","itemListElement":[{"@type":"ListItem","position":1,"name":"Portada","item":"https://lovingdiversity.es/"},{"@type":"ListItem","position":2,"name":"Events","item":"https://lovingdiversity.es/events/"},{"@type":"ListItem","position":3,"name":"Manifestació 8M: Contra l&#8217;ofensiva imperialista i colonial"}]},{"@type":"WebSite","@id":"https://lovingdiversity.es/#website","url":"https://lovingdiversity.es/","name":"Loving Diversity VLC","description":"Agenda de Ocio LGTBI","publisher":{"@id":"https://lovingdiversity.es/#organization"},"potentialAction":[{"@type":"SearchAction","target":{"@type":"EntryPoint","urlTemplate":"https://lovingdiversity.es/?s={search_term_string}"},"query-input":{"@type":"PropertyValueSpecification","valueRequired":true,"valueName":"search_term_string"}}],"inLanguage":"es-VAL"},{"@type":"Organization","@id":"https://lovingdiversity.es/#organization","name":"Loving Diversity VLC","url":"https://lovingdiversity.es/","logo":{"@type":"ImageObject","inLanguage":"es-VAL","@id":"https://lovingdiversity.es/#/schema/logo/image/","url":"https://lovingdiversity.es/wp-content/uploads/2024/12/logotipo_loving.png","contentUrl":"https://lovingdiversity.es/wp-content/uploads/2024/12/logotipo_loving.png","width":400,"height":112,"caption":"Loving Diversity VLC"},"image":{"@id":"https://lovingdiversity.es/#/schema/logo/image/"},"sameAs":["https://www.facebook.com/ComiteVLC/","https://www.instagram.com/comitevlc/","https://www.tiktok.com/@comitevlc"]}]}</script>
<!-- / Yoast SEO plugin. -->

Manifestació 8M: Contra l'ofensiva imperialista i colonial - Loving Diversity VLC

Aquest 8 de març tornem als carrers. @assembleafeminista organitza una manifestació contra l&#8217;ofensiva imperialista i colonial. 📍Punt de trobada: CIE de Sapadors (Av. Dr. Waksman 52-54) a les 16h 17h...
