{"id":7289,"date":"2026-03-12T09:03:23","date_gmt":"2026-03-12T09:03:23","guid":{"rendered":"https:\/\/lovingdiversity.es\/events\/merienda-de-fallas-con-avacos\/"},"modified":"2026-03-12T09:08:49","modified_gmt":"2026-03-12T09:08:49","slug":"merienda-de-fallas-con-avacos","status":"publish","type":"ajde_events","link":"https:\/\/lovingdiversity.es\/val\/events\/merienda-de-fallas-con-avacos\/","title":{"rendered":"Merienda de fallas con AVACOS"},"content":{"rendered":"<p><span class=\"x193iq5w xeuugli x13faqbe x1vvkbs xt0psk2 x1i0vuye xvs91rp xo1l8bm x5n08af x10wh9bi xpm28yp x8viiok x1o7cslx x126k92a\">\u00a1MERIENDA DE FALLAS! \ud83e\udde8 <\/span><\/p>\n<p><span class=\"x193iq5w xeuugli x13faqbe x1vvkbs xt0psk2 x1i0vuye xvs91rp xo1l8bm x5n08af x10wh9bi xpm28yp x8viiok x1o7cslx x126k92a\">16 de marzo de 2026, a las 17:00<\/p>\n<p>\u00bfQuieres pasar un rato s\u00faper agradable el 16 de marzo? No te pierdas esta merienda en la sede de AVACOS para compartir chocolate con churros, conversaci\u00f3n y buena compa\u00f1\u00eda. Abierta a usuarias y usuarios, amigas y amigos y simpatizantes. \u00a1Porque encontrarnos tambi\u00e9n es cuidarnos! \ud83d\udfe3\ud83d\udd34\ud83d\udfe0<\/p>\n<p>\ud83d\uddd3\ufe0f 16 de marzo, a las 17:00<br \/>\n\ud83d\udccd C\/ Gabriel y Gal\u00e1n, 24. Valencia<br \/>\n\ud83d\udcf2 963 34 20 27 (tambi\u00e9n Whatsapp)<br \/>\n<\/span><\/p>","protected":false},"author":1,"featured_media":7290,"menu_order":0,"comment_status":"open","ping_status":"closed","template":"","meta":[],"tags":[],"event_type":[45],"event_type_2":[],"class_list":{"0":"post-7289","1":"ajde_events","2":"type-ajde_events","3":"status-publish","4":"has-post-thumbnail","6":"event_location-avacos","7":"event_organizer-avacos","8":"event_type-reivindicaciones"},"yoast_head":"<!-- This site is optimized with the Yoast SEO plugin v26.8 - https:\/\/yoast.com\/product\/yoast-seo-wordpress\/ -->\n<title>Merienda de fallas con AVACOS - Loving Diversity VLC<\/title>\n<meta name=\"robots\" content=\"index, follow, max-snippet:-1, max-image-preview:large, max-video-preview:-1\" \/>\n<link rel=\"canonical\" href=\"https:\/\/lovingdiversity.es\/val\/events\/merienda-de-fallas-con-avacos\/\" \/>\n<meta property=\"og:locale\" content=\"es_ES\" \/>\n<meta property=\"og:type\" content=\"article\" \/>\n<meta property=\"og:title\" content=\"Merienda de fallas con AVACOS - Loving Diversity VLC\" \/>\n<meta property=\"og:description\" content=\"\u00a1MERIENDA DE FALLAS! \ud83e\udde8 16 de marzo de 2026, a las 17:00 \u00bfQuieres pasar un rato s\u00faper agradable el 16 de marzo? No te pierdas esta merienda en la sede...\" \/>\n<meta property=\"og:url\" content=\"https:\/\/lovingdiversity.es\/val\/events\/merienda-de-fallas-con-avacos\/\" \/>\n<meta property=\"og:site_name\" content=\"Loving Diversity VLC\" \/>\n<meta property=\"article:publisher\" content=\"https:\/\/www.facebook.com\/ComiteVLC\/\" \/>\n<meta property=\"article:modified_time\" content=\"2026-03-12T09:08:49+00:00\" \/>\n<meta property=\"og:image\" content=\"http:\/\/lovingdiversity.es\/wp-content\/uploads\/2026\/03\/16M-AVACOS.png\" \/>\n\t<meta property=\"og:image:width\" content=\"1400\" \/>\n\t<meta property=\"og:image:height\" content=\"500\" \/>\n\t<meta property=\"og:image:type\" content=\"image\/png\" \/>\n<meta name=\"twitter:card\" content=\"summary_large_image\" \/>\n<meta name=\"twitter:label1\" content=\"Est. reading time\" \/>\n\t<meta name=\"twitter:data1\" content=\"1 minute\" \/>\n<script type=\"application\/ld+json\" class=\"yoast-schema-graph\">{\"@context\":\"https:\/\/schema.org\",\"@graph\":[{\"@type\":\"WebPage\",\"@id\":\"https:\/\/lovingdiversity.es\/events\/merienda-de-fallas-con-avacos\/\",\"url\":\"https:\/\/lovingdiversity.es\/events\/merienda-de-fallas-con-avacos\/\",\"name\":\"Merienda de fallas con AVACOS - Loving Diversity VLC\",\"isPartOf\":{\"@id\":\"https:\/\/lovingdiversity.es\/#website\"},\"primaryImageOfPage\":{\"@id\":\"https:\/\/lovingdiversity.es\/events\/merienda-de-fallas-con-avacos\/#primaryimage\"},\"image\":{\"@id\":\"https:\/\/lovingdiversity.es\/events\/merienda-de-fallas-con-avacos\/#primaryimage\"},\"thumbnailUrl\":\"https:\/\/lovingdiversity.es\/wp-content\/uploads\/2026\/03\/16M-AVACOS.png\",\"datePublished\":\"2026-03-12T09:03:23+00:00\",\"dateModified\":\"2026-03-12T09:08:49+00:00\",\"breadcrumb\":{\"@id\":\"https:\/\/lovingdiversity.es\/events\/merienda-de-fallas-con-avacos\/#breadcrumb\"},\"inLanguage\":\"es-VAL\",\"potentialAction\":[{\"@type\":\"ReadAction\",\"target\":[\"https:\/\/lovingdiversity.es\/events\/merienda-de-fallas-con-avacos\/\"]}]},{\"@type\":\"ImageObject\",\"inLanguage\":\"es-VAL\",\"@id\":\"https:\/\/lovingdiversity.es\/events\/merienda-de-fallas-con-avacos\/#primaryimage\",\"url\":\"https:\/\/lovingdiversity.es\/wp-content\/uploads\/2026\/03\/16M-AVACOS.png\",\"contentUrl\":\"https:\/\/lovingdiversity.es\/wp-content\/uploads\/2026\/03\/16M-AVACOS.png\",\"width\":1400,\"height\":500},{\"@type\":\"BreadcrumbList\",\"@id\":\"https:\/\/lovingdiversity.es\/events\/merienda-de-fallas-con-avacos\/#breadcrumb\",\"itemListElement\":[{\"@type\":\"ListItem\",\"position\":1,\"name\":\"Portada\",\"item\":\"https:\/\/lovingdiversity.es\/\"},{\"@type\":\"ListItem\",\"position\":2,\"name\":\"Events\",\"item\":\"https:\/\/lovingdiversity.es\/events\/\"},{\"@type\":\"ListItem\",\"position\":3,\"name\":\"Merienda de fallas con AVACOS\"}]},{\"@type\":\"WebSite\",\"@id\":\"https:\/\/lovingdiversity.es\/#website\",\"url\":\"https:\/\/lovingdiversity.es\/\",\"name\":\"Loving Diversity VLC\",\"description\":\"Agenda de Ocio LGTBI\",\"publisher\":{\"@id\":\"https:\/\/lovingdiversity.es\/#organization\"},\"potentialAction\":[{\"@type\":\"SearchAction\",\"target\":{\"@type\":\"EntryPoint\",\"urlTemplate\":\"https:\/\/lovingdiversity.es\/?s={search_term_string}\"},\"query-input\":{\"@type\":\"PropertyValueSpecification\",\"valueRequired\":true,\"valueName\":\"search_term_string\"}}],\"inLanguage\":\"es-VAL\"},{\"@type\":\"Organization\",\"@id\":\"https:\/\/lovingdiversity.es\/#organization\",\"name\":\"Loving Diversity VLC\",\"url\":\"https:\/\/lovingdiversity.es\/\",\"logo\":{\"@type\":\"ImageObject\",\"inLanguage\":\"es-VAL\",\"@id\":\"https:\/\/lovingdiversity.es\/#\/schema\/logo\/image\/\",\"url\":\"https:\/\/lovingdiversity.es\/wp-content\/uploads\/2024\/12\/logotipo_loving.png\",\"contentUrl\":\"https:\/\/lovingdiversity.es\/wp-content\/uploads\/2024\/12\/logotipo_loving.png\",\"width\":400,\"height\":112,\"caption\":\"Loving Diversity VLC\"},\"image\":{\"@id\":\"https:\/\/lovingdiversity.es\/#\/schema\/logo\/image\/\"},\"sameAs\":[\"https:\/\/www.facebook.com\/ComiteVLC\/\",\"https:\/\/www.instagram.com\/comitevlc\/\",\"https:\/\/www.tiktok.com\/@comitevlc\"]}]}<\/script>\n<!-- \/ Yoast SEO plugin. -->","yoast_head_json":{"title":"Merienda de fallas con AVACOS - Loving Diversity VLC","robots":{"index":"index","follow":"follow","max-snippet":"max-snippet:-1","max-image-preview":"max-image-preview:large","max-video-preview":"max-video-preview:-1"},"canonical":"https:\/\/lovingdiversity.es\/val\/events\/merienda-de-fallas-con-avacos\/","og_locale":"es_ES","og_type":"article","og_title":"Merienda de fallas con AVACOS - Loving Diversity VLC","og_description":"\u00a1MERIENDA DE FALLAS! \ud83e\udde8 16 de marzo de 2026, a las 17:00 \u00bfQuieres pasar un rato s\u00faper agradable el 16 de marzo? No te pierdas esta merienda en la sede...","og_url":"https:\/\/lovingdiversity.es\/val\/events\/merienda-de-fallas-con-avacos\/","og_site_name":"Loving Diversity VLC","article_publisher":"https:\/\/www.facebook.com\/ComiteVLC\/","article_modified_time":"2026-03-12T09:08:49+00:00","og_image":[{"width":1400,"height":500,"url":"http:\/\/lovingdiversity.es\/wp-content\/uploads\/2026\/03\/16M-AVACOS.png","type":"image\/png"}],"twitter_card":"summary_large_image","twitter_misc":{"Est. reading time":"1 minute"},"schema":{"@context":"https:\/\/schema.org","@graph":[{"@type":"WebPage","@id":"https:\/\/lovingdiversity.es\/events\/merienda-de-fallas-con-avacos\/","url":"https:\/\/lovingdiversity.es\/events\/merienda-de-fallas-con-avacos\/","name":"Merienda de fallas con AVACOS - Loving Diversity VLC","isPartOf":{"@id":"https:\/\/lovingdiversity.es\/#website"},"primaryImageOfPage":{"@id":"https:\/\/lovingdiversity.es\/events\/merienda-de-fallas-con-avacos\/#primaryimage"},"image":{"@id":"https:\/\/lovingdiversity.es\/events\/merienda-de-fallas-con-avacos\/#primaryimage"},"thumbnailUrl":"https:\/\/lovingdiversity.es\/wp-content\/uploads\/2026\/03\/16M-AVACOS.png","datePublished":"2026-03-12T09:03:23+00:00","dateModified":"2026-03-12T09:08:49+00:00","breadcrumb":{"@id":"https:\/\/lovingdiversity.es\/events\/merienda-de-fallas-con-avacos\/#breadcrumb"},"inLanguage":"es-VAL","potentialAction":[{"@type":"ReadAction","target":["https:\/\/lovingdiversity.es\/events\/merienda-de-fallas-con-avacos\/"]}]},{"@type":"ImageObject","inLanguage":"es-VAL","@id":"https:\/\/lovingdiversity.es\/events\/merienda-de-fallas-con-avacos\/#primaryimage","url":"https:\/\/lovingdiversity.es\/wp-content\/uploads\/2026\/03\/16M-AVACOS.png","contentUrl":"https:\/\/lovingdiversity.es\/wp-content\/uploads\/2026\/03\/16M-AVACOS.png","width":1400,"height":500},{"@type":"BreadcrumbList","@id":"https:\/\/lovingdiversity.es\/events\/merienda-de-fallas-con-avacos\/#breadcrumb","itemListElement":[{"@type":"ListItem","position":1,"name":"Portada","item":"https:\/\/lovingdiversity.es\/"},{"@type":"ListItem","position":2,"name":"Events","item":"https:\/\/lovingdiversity.es\/events\/"},{"@type":"ListItem","position":3,"name":"Merienda de fallas con AVACOS"}]},{"@type":"WebSite","@id":"https:\/\/lovingdiversity.es\/#website","url":"https:\/\/lovingdiversity.es\/","name":"Loving Diversity VLC","description":"Agenda de Ocio LGTBI","publisher":{"@id":"https:\/\/lovingdiversity.es\/#organization"},"potentialAction":[{"@type":"SearchAction","target":{"@type":"EntryPoint","urlTemplate":"https:\/\/lovingdiversity.es\/?s={search_term_string}"},"query-input":{"@type":"PropertyValueSpecification","valueRequired":true,"valueName":"search_term_string"}}],"inLanguage":"es-VAL"},{"@type":"Organization","@id":"https:\/\/lovingdiversity.es\/#organization","name":"Loving Diversity VLC","url":"https:\/\/lovingdiversity.es\/","logo":{"@type":"ImageObject","inLanguage":"es-VAL","@id":"https:\/\/lovingdiversity.es\/#\/schema\/logo\/image\/","url":"https:\/\/lovingdiversity.es\/wp-content\/uploads\/2024\/12\/logotipo_loving.png","contentUrl":"https:\/\/lovingdiversity.es\/wp-content\/uploads\/2024\/12\/logotipo_loving.png","width":400,"height":112,"caption":"Loving Diversity VLC"},"image":{"@id":"https:\/\/lovingdiversity.es\/#\/schema\/logo\/image\/"},"sameAs":["https:\/\/www.facebook.com\/ComiteVLC\/","https:\/\/www.instagram.com\/comitevlc\/","https:\/\/www.tiktok.com\/@comitevlc"]}]}},"_links":{"self":[{"href":"https:\/\/lovingdiversity.es\/val\/wp-json\/wp\/v2\/ajde_events\/7289","targetHints":{"allow":["GET"]}}],"collection":[{"href":"https:\/\/lovingdiversity.es\/val\/wp-json\/wp\/v2\/ajde_events"}],"about":[{"href":"https:\/\/lovingdiversity.es\/val\/wp-json\/wp\/v2\/types\/ajde_events"}],"author":[{"embeddable":true,"href":"https:\/\/lovingdiversity.es\/val\/wp-json\/wp\/v2\/users\/1"}],"replies":[{"embeddable":true,"href":"https:\/\/lovingdiversity.es\/val\/wp-json\/wp\/v2\/comments?post=7289"}],"wp:featuredmedia":[{"embeddable":true,"href":"https:\/\/lovingdiversity.es\/val\/wp-json\/wp\/v2\/media\/7290"}],"wp:attachment":[{"href":"https:\/\/lovingdiversity.es\/val\/wp-json\/wp\/v2\/media?parent=7289"}],"wp:term":[{"taxonomy":"post_tag","embeddable":true,"href":"https:\/\/lovingdiversity.es\/val\/wp-json\/wp\/v2\/tags?post=7289"},{"taxonomy":"event_type","embeddable":true,"href":"https:\/\/lovingdiversity.es\/val\/wp-json\/wp\/v2\/event_type?post=7289"},{"taxonomy":"event_type_2","embeddable":true,"href":"https:\/\/lovingdiversity.es\/val\/wp-json\/wp\/v2\/event_type_2?post=7289"}],"curies":[{"name":"wp","href":"https:\/\/api.w.org\/{rel}","templated":true}]}}

<p><span class="x193iq5w xeuugli x13faqbe x1vvkbs xt0psk2 x1i0vuye xvs91rp xo1l8bm x5n08af x10wh9bi xpm28yp x8viiok x1o7cslx x126k92a">¡MERIENDA DE FALLAS! 🧨 </span></p>
<p><span class="x193iq5w xeuugli x13faqbe x1vvkbs xt0psk2 x1i0vuye xvs91rp xo1l8bm x5n08af x10wh9bi xpm28yp x8viiok x1o7cslx x126k92a">16 de marzo de 2026, a las 17:00</p>
<p>¿Quieres pasar un rato súper agradable el 16 de marzo? No te pierdas esta merienda en la sede de AVACOS para compartir chocolate con churros, conversación y buena compañía. Abierta a usuarias y usuarios, amigas y amigos y simpatizantes. ¡Porque encontrarnos también es cuidarnos! 🟣🔴🟠</p>
<p>🗓️ 16 de marzo, a las 17:00<br />
📍 C/ Gabriel y Galán, 24. Valencia<br />
📲 963 34 20 27 (también Whatsapp)<br />
</span></p>

<!-- This site is optimized with the Yoast SEO plugin v26.8 - https://yoast.com/product/yoast-seo-wordpress/ -->
<title>Merienda de fallas con AVACOS - Loving Diversity VLC</title>
<meta name="robots" content="index, follow, max-snippet:-1, max-image-preview:large, max-video-preview:-1" />
<link rel="canonical" href="https://lovingdiversity.es/val/events/merienda-de-fallas-con-avacos/" />
<meta property="og:locale" content="es_ES" />
<meta property="og:type" content="article" />
<meta property="og:title" content="Merienda de fallas con AVACOS - Loving Diversity VLC" />
<meta property="og:description" content="¡MERIENDA DE FALLAS! 🧨 16 de marzo de 2026, a las 17:00 ¿Quieres pasar un rato súper agradable el 16 de marzo? No te pierdas esta merienda en la sede..." />
<meta property="og:url" content="https://lovingdiversity.es/val/events/merienda-de-fallas-con-avacos/" />
<meta property="og:site_name" content="Loving Diversity VLC" />
<meta property="article:publisher" content="https://www.facebook.com/ComiteVLC/" />
<meta property="article:modified_time" content="2026-03-12T09:08:49+00:00" />
<meta property="og:image" content="http://lovingdiversity.es/wp-content/uploads/2026/03/16M-AVACOS.png" />
	<meta property="og:image:width" content="1400" />
	<meta property="og:image:height" content="500" />
	<meta property="og:image:type" content="image/png" />
<meta name="twitter:card" content="summary_large_image" />
<meta name="twitter:label1" content="Est. reading time" />
	<meta name="twitter:data1" content="1 minute" />
<script type="application/ld+json" class="yoast-schema-graph">{"@context":"https://schema.org","@graph":[{"@type":"WebPage","@id":"https://lovingdiversity.es/events/merienda-de-fallas-con-avacos/","url":"https://lovingdiversity.es/events/merienda-de-fallas-con-avacos/","name":"Merienda de fallas con AVACOS - Loving Diversity VLC","isPartOf":{"@id":"https://lovingdiversity.es/#website"},"primaryImageOfPage":{"@id":"https://lovingdiversity.es/events/merienda-de-fallas-con-avacos/#primaryimage"},"image":{"@id":"https://lovingdiversity.es/events/merienda-de-fallas-con-avacos/#primaryimage"},"thumbnailUrl":"https://lovingdiversity.es/wp-content/uploads/2026/03/16M-AVACOS.png","datePublished":"2026-03-12T09:03:23+00:00","dateModified":"2026-03-12T09:08:49+00:00","breadcrumb":{"@id":"https://lovingdiversity.es/events/merienda-de-fallas-con-avacos/#breadcrumb"},"inLanguage":"es-VAL","potentialAction":[{"@type":"ReadAction","target":["https://lovingdiversity.es/events/merienda-de-fallas-con-avacos/"]}]},{"@type":"ImageObject","inLanguage":"es-VAL","@id":"https://lovingdiversity.es/events/merienda-de-fallas-con-avacos/#primaryimage","url":"https://lovingdiversity.es/wp-content/uploads/2026/03/16M-AVACOS.png","contentUrl":"https://lovingdiversity.es/wp-content/uploads/2026/03/16M-AVACOS.png","width":1400,"height":500},{"@type":"BreadcrumbList","@id":"https://lovingdiversity.es/events/merienda-de-fallas-con-avacos/#breadcrumb","itemListElement":[{"@type":"ListItem","position":1,"name":"Portada","item":"https://lovingdiversity.es/"},{"@type":"ListItem","position":2,"name":"Events","item":"https://lovingdiversity.es/events/"},{"@type":"ListItem","position":3,"name":"Merienda de fallas con AVACOS"}]},{"@type":"WebSite","@id":"https://lovingdiversity.es/#website","url":"https://lovingdiversity.es/","name":"Loving Diversity VLC","description":"Agenda de Ocio LGTBI","publisher":{"@id":"https://lovingdiversity.es/#organization"},"potentialAction":[{"@type":"SearchAction","target":{"@type":"EntryPoint","urlTemplate":"https://lovingdiversity.es/?s={search_term_string}"},"query-input":{"@type":"PropertyValueSpecification","valueRequired":true,"valueName":"search_term_string"}}],"inLanguage":"es-VAL"},{"@type":"Organization","@id":"https://lovingdiversity.es/#organization","name":"Loving Diversity VLC","url":"https://lovingdiversity.es/","logo":{"@type":"ImageObject","inLanguage":"es-VAL","@id":"https://lovingdiversity.es/#/schema/logo/image/","url":"https://lovingdiversity.es/wp-content/uploads/2024/12/logotipo_loving.png","contentUrl":"https://lovingdiversity.es/wp-content/uploads/2024/12/logotipo_loving.png","width":400,"height":112,"caption":"Loving Diversity VLC"},"image":{"@id":"https://lovingdiversity.es/#/schema/logo/image/"},"sameAs":["https://www.facebook.com/ComiteVLC/","https://www.instagram.com/comitevlc/","https://www.tiktok.com/@comitevlc"]}]}</script>
<!-- / Yoast SEO plugin. -->

¡MERIENDA DE FALLAS! 🧨 16 de marzo de 2026, a las 17:00 ¿Quieres pasar un rato súper agradable el 16 de marzo? No te pierdas esta merienda en la sede...
