{"id":7440,"date":"2026-04-20T09:27:31","date_gmt":"2026-04-20T09:27:31","guid":{"rendered":"https:\/\/lovingdiversity.es\/?post_type=ajde_events&#038;p=7440"},"modified":"2026-04-20T09:27:31","modified_gmt":"2026-04-20T09:27:31","slug":"mujeres-activas-programa-dirigido-a-mujeres-migrantes-en-valencia","status":"publish","type":"ajde_events","link":"https:\/\/lovingdiversity.es\/val\/events\/mujeres-activas-programa-dirigido-a-mujeres-migrantes-en-valencia\/","title":{"rendered":"Mujeres activas: programa dirigido a mujeres migrantes en Valencia"},"content":{"rendered":"<p>MUJERES ACTIVAS \ud83c\udf38<br \/>\nEspacio dirigido a mujeres migrantes en Valencia<\/p>\n<p>Desde CAMUMA te invitan a participar en este programa donde se trabajar\u00e1n los derechos, la memoria migrante, el liderazgo y la participaci\u00f3n social en un espacio de encuentro entre mujeres.<\/p>\n<p>\ud83d\udcc5 Programa<\/p>\n<p>11 abril | 10:00 \u2013 13:00<br \/>\nDerechos fundamentales de las mujeres migrantes en la UE<br \/>\nFacilita: Karla Zambrano<br \/>\n\ud83d\udccd Espai Sankofa<br \/>\nC\/ Beata In\u00e9s, 10<\/p>\n<p>18 abril | 10:00 \u2013 13:00<br \/>\nLaboratorio: Memoria, resistencias y amor<br \/>\nFacilita: Salom\u00e9 Carvajal<br \/>\n\ud83d\udccd Espai Sankofa<br \/>\nC\/ Beata In\u00e9s, 10<\/p>\n<p>25 abril | 10:00 \u2013 13:00<br \/>\nLiderazgo activo, comunicaci\u00f3n y participaci\u00f3n democr\u00e1tica<br \/>\nFacilita: Fani Grande<br \/>\n\ud83d\udccd PANGEA Espacio Creativo.<br \/>\nAv. San Jos\u00e9 de la Monta\u00f1a 3<\/p>\n<p>26 junio | 10:00 \u2013 13:00<br \/>\nMesa de incidencia pol\u00edtica con mujeres migrantes y sociedad civil<br \/>\n\ud83d\udccd CaReVolta (C\/ Sta. Teresa, 10)<br \/>\nRelatoria gr\u00e1fica: Tereseta<br \/>\n\u2728 Participaci\u00f3n gratuita<br \/>\n\ud83e\udd6a Incluye meriendas<br \/>\n\ud83d\udc76 Servicio gratuito de cuidado infantil<\/p>\n<p>\ud83d\udcf2 Inscripci\u00f3n en el enlace: <a href=\"https:\/\/forms.gle\/Qfc8wqAkaMPBVhVc9\">https:\/\/forms.gle\/Qfc8wqAkaMPBVhVc9<\/a><\/p>\n<p>Financiado por RIZA<br \/>\nCo-financiado por la Uni\u00f3n Europea<\/p>","protected":false},"author":1,"featured_media":7441,"menu_order":0,"comment_status":"open","ping_status":"closed","template":"","meta":[],"tags":[],"event_type":[45],"event_type_2":[],"class_list":{"0":"post-7440","1":"ajde_events","2":"type-ajde_events","3":"status-publish","4":"has-post-thumbnail","6":"event_location-pangea-espacio-creativo","7":"event_type-reivindicaciones"},"yoast_head":"<!-- This site is optimized with the Yoast SEO plugin v26.8 - https:\/\/yoast.com\/product\/yoast-seo-wordpress\/ -->\n<title>Mujeres activas: programa dirigido a mujeres migrantes en Valencia - Loving Diversity VLC<\/title>\n<meta name=\"robots\" content=\"index, follow, max-snippet:-1, max-image-preview:large, max-video-preview:-1\" \/>\n<link rel=\"canonical\" href=\"https:\/\/lovingdiversity.es\/val\/events\/mujeres-activas-programa-dirigido-a-mujeres-migrantes-en-valencia\/\" \/>\n<meta property=\"og:locale\" content=\"es_ES\" \/>\n<meta property=\"og:type\" content=\"article\" \/>\n<meta property=\"og:title\" content=\"Mujeres activas: programa dirigido a mujeres migrantes en Valencia - Loving Diversity VLC\" \/>\n<meta property=\"og:description\" content=\"MUJERES ACTIVAS \ud83c\udf38 Espacio dirigido a mujeres migrantes en Valencia Desde CAMUMA te invitan a participar en este programa donde se trabajar\u00e1n los derechos, la memoria migrante, el liderazgo y...\" \/>\n<meta property=\"og:url\" content=\"https:\/\/lovingdiversity.es\/val\/events\/mujeres-activas-programa-dirigido-a-mujeres-migrantes-en-valencia\/\" \/>\n<meta property=\"og:site_name\" content=\"Loving Diversity VLC\" \/>\n<meta property=\"article:publisher\" content=\"https:\/\/www.facebook.com\/ComiteVLC\/\" \/>\n<meta property=\"og:image\" content=\"http:\/\/lovingdiversity.es\/wp-content\/uploads\/2026\/04\/25A-CAMUNA.png\" \/>\n\t<meta property=\"og:image:width\" content=\"1400\" \/>\n\t<meta property=\"og:image:height\" content=\"500\" \/>\n\t<meta property=\"og:image:type\" content=\"image\/png\" \/>\n<meta name=\"twitter:card\" content=\"summary_large_image\" \/>\n<meta name=\"twitter:label1\" content=\"Est. reading time\" \/>\n\t<meta name=\"twitter:data1\" content=\"1 minute\" \/>\n<script type=\"application\/ld+json\" class=\"yoast-schema-graph\">{\"@context\":\"https:\/\/schema.org\",\"@graph\":[{\"@type\":\"WebPage\",\"@id\":\"https:\/\/lovingdiversity.es\/events\/mujeres-activas-programa-dirigido-a-mujeres-migrantes-en-valencia\/\",\"url\":\"https:\/\/lovingdiversity.es\/events\/mujeres-activas-programa-dirigido-a-mujeres-migrantes-en-valencia\/\",\"name\":\"Mujeres activas: programa dirigido a mujeres migrantes en Valencia - Loving Diversity VLC\",\"isPartOf\":{\"@id\":\"https:\/\/lovingdiversity.es\/#website\"},\"primaryImageOfPage\":{\"@id\":\"https:\/\/lovingdiversity.es\/events\/mujeres-activas-programa-dirigido-a-mujeres-migrantes-en-valencia\/#primaryimage\"},\"image\":{\"@id\":\"https:\/\/lovingdiversity.es\/events\/mujeres-activas-programa-dirigido-a-mujeres-migrantes-en-valencia\/#primaryimage\"},\"thumbnailUrl\":\"https:\/\/lovingdiversity.es\/wp-content\/uploads\/2026\/04\/25A-CAMUNA.png\",\"datePublished\":\"2026-04-20T09:27:31+00:00\",\"breadcrumb\":{\"@id\":\"https:\/\/lovingdiversity.es\/events\/mujeres-activas-programa-dirigido-a-mujeres-migrantes-en-valencia\/#breadcrumb\"},\"inLanguage\":\"es-VAL\",\"potentialAction\":[{\"@type\":\"ReadAction\",\"target\":[\"https:\/\/lovingdiversity.es\/events\/mujeres-activas-programa-dirigido-a-mujeres-migrantes-en-valencia\/\"]}]},{\"@type\":\"ImageObject\",\"inLanguage\":\"es-VAL\",\"@id\":\"https:\/\/lovingdiversity.es\/events\/mujeres-activas-programa-dirigido-a-mujeres-migrantes-en-valencia\/#primaryimage\",\"url\":\"https:\/\/lovingdiversity.es\/wp-content\/uploads\/2026\/04\/25A-CAMUNA.png\",\"contentUrl\":\"https:\/\/lovingdiversity.es\/wp-content\/uploads\/2026\/04\/25A-CAMUNA.png\",\"width\":1400,\"height\":500},{\"@type\":\"BreadcrumbList\",\"@id\":\"https:\/\/lovingdiversity.es\/events\/mujeres-activas-programa-dirigido-a-mujeres-migrantes-en-valencia\/#breadcrumb\",\"itemListElement\":[{\"@type\":\"ListItem\",\"position\":1,\"name\":\"Portada\",\"item\":\"https:\/\/lovingdiversity.es\/\"},{\"@type\":\"ListItem\",\"position\":2,\"name\":\"Events\",\"item\":\"https:\/\/lovingdiversity.es\/events\/\"},{\"@type\":\"ListItem\",\"position\":3,\"name\":\"Mujeres activas: programa dirigido a mujeres migrantes en Valencia\"}]},{\"@type\":\"WebSite\",\"@id\":\"https:\/\/lovingdiversity.es\/#website\",\"url\":\"https:\/\/lovingdiversity.es\/\",\"name\":\"Loving Diversity VLC\",\"description\":\"Agenda de Ocio LGTBI\",\"publisher\":{\"@id\":\"https:\/\/lovingdiversity.es\/#organization\"},\"potentialAction\":[{\"@type\":\"SearchAction\",\"target\":{\"@type\":\"EntryPoint\",\"urlTemplate\":\"https:\/\/lovingdiversity.es\/?s={search_term_string}\"},\"query-input\":{\"@type\":\"PropertyValueSpecification\",\"valueRequired\":true,\"valueName\":\"search_term_string\"}}],\"inLanguage\":\"es-VAL\"},{\"@type\":\"Organization\",\"@id\":\"https:\/\/lovingdiversity.es\/#organization\",\"name\":\"Loving Diversity VLC\",\"url\":\"https:\/\/lovingdiversity.es\/\",\"logo\":{\"@type\":\"ImageObject\",\"inLanguage\":\"es-VAL\",\"@id\":\"https:\/\/lovingdiversity.es\/#\/schema\/logo\/image\/\",\"url\":\"https:\/\/lovingdiversity.es\/wp-content\/uploads\/2024\/12\/logotipo_loving.png\",\"contentUrl\":\"https:\/\/lovingdiversity.es\/wp-content\/uploads\/2024\/12\/logotipo_loving.png\",\"width\":400,\"height\":112,\"caption\":\"Loving Diversity VLC\"},\"image\":{\"@id\":\"https:\/\/lovingdiversity.es\/#\/schema\/logo\/image\/\"},\"sameAs\":[\"https:\/\/www.facebook.com\/ComiteVLC\/\",\"https:\/\/www.instagram.com\/comitevlc\/\",\"https:\/\/www.tiktok.com\/@comitevlc\"]}]}<\/script>\n<!-- \/ Yoast SEO plugin. -->","yoast_head_json":{"title":"Mujeres activas: programa dirigido a mujeres migrantes en Valencia - Loving Diversity VLC","robots":{"index":"index","follow":"follow","max-snippet":"max-snippet:-1","max-image-preview":"max-image-preview:large","max-video-preview":"max-video-preview:-1"},"canonical":"https:\/\/lovingdiversity.es\/val\/events\/mujeres-activas-programa-dirigido-a-mujeres-migrantes-en-valencia\/","og_locale":"es_ES","og_type":"article","og_title":"Mujeres activas: programa dirigido a mujeres migrantes en Valencia - Loving Diversity VLC","og_description":"MUJERES ACTIVAS \ud83c\udf38 Espacio dirigido a mujeres migrantes en Valencia Desde CAMUMA te invitan a participar en este programa donde se trabajar\u00e1n los derechos, la memoria migrante, el liderazgo y...","og_url":"https:\/\/lovingdiversity.es\/val\/events\/mujeres-activas-programa-dirigido-a-mujeres-migrantes-en-valencia\/","og_site_name":"Loving Diversity VLC","article_publisher":"https:\/\/www.facebook.com\/ComiteVLC\/","og_image":[{"width":1400,"height":500,"url":"http:\/\/lovingdiversity.es\/wp-content\/uploads\/2026\/04\/25A-CAMUNA.png","type":"image\/png"}],"twitter_card":"summary_large_image","twitter_misc":{"Est. reading time":"1 minute"},"schema":{"@context":"https:\/\/schema.org","@graph":[{"@type":"WebPage","@id":"https:\/\/lovingdiversity.es\/events\/mujeres-activas-programa-dirigido-a-mujeres-migrantes-en-valencia\/","url":"https:\/\/lovingdiversity.es\/events\/mujeres-activas-programa-dirigido-a-mujeres-migrantes-en-valencia\/","name":"Mujeres activas: programa dirigido a mujeres migrantes en Valencia - Loving Diversity VLC","isPartOf":{"@id":"https:\/\/lovingdiversity.es\/#website"},"primaryImageOfPage":{"@id":"https:\/\/lovingdiversity.es\/events\/mujeres-activas-programa-dirigido-a-mujeres-migrantes-en-valencia\/#primaryimage"},"image":{"@id":"https:\/\/lovingdiversity.es\/events\/mujeres-activas-programa-dirigido-a-mujeres-migrantes-en-valencia\/#primaryimage"},"thumbnailUrl":"https:\/\/lovingdiversity.es\/wp-content\/uploads\/2026\/04\/25A-CAMUNA.png","datePublished":"2026-04-20T09:27:31+00:00","breadcrumb":{"@id":"https:\/\/lovingdiversity.es\/events\/mujeres-activas-programa-dirigido-a-mujeres-migrantes-en-valencia\/#breadcrumb"},"inLanguage":"es-VAL","potentialAction":[{"@type":"ReadAction","target":["https:\/\/lovingdiversity.es\/events\/mujeres-activas-programa-dirigido-a-mujeres-migrantes-en-valencia\/"]}]},{"@type":"ImageObject","inLanguage":"es-VAL","@id":"https:\/\/lovingdiversity.es\/events\/mujeres-activas-programa-dirigido-a-mujeres-migrantes-en-valencia\/#primaryimage","url":"https:\/\/lovingdiversity.es\/wp-content\/uploads\/2026\/04\/25A-CAMUNA.png","contentUrl":"https:\/\/lovingdiversity.es\/wp-content\/uploads\/2026\/04\/25A-CAMUNA.png","width":1400,"height":500},{"@type":"BreadcrumbList","@id":"https:\/\/lovingdiversity.es\/events\/mujeres-activas-programa-dirigido-a-mujeres-migrantes-en-valencia\/#breadcrumb","itemListElement":[{"@type":"ListItem","position":1,"name":"Portada","item":"https:\/\/lovingdiversity.es\/"},{"@type":"ListItem","position":2,"name":"Events","item":"https:\/\/lovingdiversity.es\/events\/"},{"@type":"ListItem","position":3,"name":"Mujeres activas: programa dirigido a mujeres migrantes en Valencia"}]},{"@type":"WebSite","@id":"https:\/\/lovingdiversity.es\/#website","url":"https:\/\/lovingdiversity.es\/","name":"Loving Diversity VLC","description":"Agenda de Ocio LGTBI","publisher":{"@id":"https:\/\/lovingdiversity.es\/#organization"},"potentialAction":[{"@type":"SearchAction","target":{"@type":"EntryPoint","urlTemplate":"https:\/\/lovingdiversity.es\/?s={search_term_string}"},"query-input":{"@type":"PropertyValueSpecification","valueRequired":true,"valueName":"search_term_string"}}],"inLanguage":"es-VAL"},{"@type":"Organization","@id":"https:\/\/lovingdiversity.es\/#organization","name":"Loving Diversity VLC","url":"https:\/\/lovingdiversity.es\/","logo":{"@type":"ImageObject","inLanguage":"es-VAL","@id":"https:\/\/lovingdiversity.es\/#\/schema\/logo\/image\/","url":"https:\/\/lovingdiversity.es\/wp-content\/uploads\/2024\/12\/logotipo_loving.png","contentUrl":"https:\/\/lovingdiversity.es\/wp-content\/uploads\/2024\/12\/logotipo_loving.png","width":400,"height":112,"caption":"Loving Diversity VLC"},"image":{"@id":"https:\/\/lovingdiversity.es\/#\/schema\/logo\/image\/"},"sameAs":["https:\/\/www.facebook.com\/ComiteVLC\/","https:\/\/www.instagram.com\/comitevlc\/","https:\/\/www.tiktok.com\/@comitevlc"]}]}},"_links":{"self":[{"href":"https:\/\/lovingdiversity.es\/val\/wp-json\/wp\/v2\/ajde_events\/7440","targetHints":{"allow":["GET"]}}],"collection":[{"href":"https:\/\/lovingdiversity.es\/val\/wp-json\/wp\/v2\/ajde_events"}],"about":[{"href":"https:\/\/lovingdiversity.es\/val\/wp-json\/wp\/v2\/types\/ajde_events"}],"author":[{"embeddable":true,"href":"https:\/\/lovingdiversity.es\/val\/wp-json\/wp\/v2\/users\/1"}],"replies":[{"embeddable":true,"href":"https:\/\/lovingdiversity.es\/val\/wp-json\/wp\/v2\/comments?post=7440"}],"wp:featuredmedia":[{"embeddable":true,"href":"https:\/\/lovingdiversity.es\/val\/wp-json\/wp\/v2\/media\/7441"}],"wp:attachment":[{"href":"https:\/\/lovingdiversity.es\/val\/wp-json\/wp\/v2\/media?parent=7440"}],"wp:term":[{"taxonomy":"post_tag","embeddable":true,"href":"https:\/\/lovingdiversity.es\/val\/wp-json\/wp\/v2\/tags?post=7440"},{"taxonomy":"event_type","embeddable":true,"href":"https:\/\/lovingdiversity.es\/val\/wp-json\/wp\/v2\/event_type?post=7440"},{"taxonomy":"event_type_2","embeddable":true,"href":"https:\/\/lovingdiversity.es\/val\/wp-json\/wp\/v2\/event_type_2?post=7440"}],"curies":[{"name":"wp","href":"https:\/\/api.w.org\/{rel}","templated":true}]}}

<p>MUJERES ACTIVAS 🌸<br />
Espacio dirigido a mujeres migrantes en Valencia</p>
<p>Desde CAMUMA te invitan a participar en este programa donde se trabajarán los derechos, la memoria migrante, el liderazgo y la participación social en un espacio de encuentro entre mujeres.</p>
<p>📅 Programa</p>
<p>11 abril | 10:00 – 13:00<br />
Derechos fundamentales de las mujeres migrantes en la UE<br />
Facilita: Karla Zambrano<br />
📍 Espai Sankofa<br />
C/ Beata Inés, 10</p>
<p>18 abril | 10:00 – 13:00<br />
Laboratorio: Memoria, resistencias y amor<br />
Facilita: Salomé Carvajal<br />
📍 Espai Sankofa<br />
C/ Beata Inés, 10</p>
<p>25 abril | 10:00 – 13:00<br />
Liderazgo activo, comunicación y participación democrática<br />
Facilita: Fani Grande<br />
📍 PANGEA Espacio Creativo.<br />
Av. San José de la Montaña 3</p>
<p>26 junio | 10:00 – 13:00<br />
Mesa de incidencia política con mujeres migrantes y sociedad civil<br />
📍 CaReVolta (C/ Sta. Teresa, 10)<br />
Relatoria gráfica: Tereseta<br />
✨ Participación gratuita<br />
🥪 Incluye meriendas<br />
👶 Servicio gratuito de cuidado infantil</p>
<p>📲 Inscripción en el enlace: <a href="https://forms.gle/Qfc8wqAkaMPBVhVc9">https://forms.gle/Qfc8wqAkaMPBVhVc9</a></p>
<p>Financiado por RIZA<br />
Co-financiado por la Unión Europea</p>

<!-- This site is optimized with the Yoast SEO plugin v26.8 - https://yoast.com/product/yoast-seo-wordpress/ -->
<title>Mujeres activas: programa dirigido a mujeres migrantes en Valencia - Loving Diversity VLC</title>
<meta name="robots" content="index, follow, max-snippet:-1, max-image-preview:large, max-video-preview:-1" />
<link rel="canonical" href="https://lovingdiversity.es/val/events/mujeres-activas-programa-dirigido-a-mujeres-migrantes-en-valencia/" />
<meta property="og:locale" content="es_ES" />
<meta property="og:type" content="article" />
<meta property="og:title" content="Mujeres activas: programa dirigido a mujeres migrantes en Valencia - Loving Diversity VLC" />
<meta property="og:description" content="MUJERES ACTIVAS 🌸 Espacio dirigido a mujeres migrantes en Valencia Desde CAMUMA te invitan a participar en este programa donde se trabajarán los derechos, la memoria migrante, el liderazgo y..." />
<meta property="og:url" content="https://lovingdiversity.es/val/events/mujeres-activas-programa-dirigido-a-mujeres-migrantes-en-valencia/" />
<meta property="og:site_name" content="Loving Diversity VLC" />
<meta property="article:publisher" content="https://www.facebook.com/ComiteVLC/" />
<meta property="og:image" content="http://lovingdiversity.es/wp-content/uploads/2026/04/25A-CAMUNA.png" />
	<meta property="og:image:width" content="1400" />
	<meta property="og:image:height" content="500" />
	<meta property="og:image:type" content="image/png" />
<meta name="twitter:card" content="summary_large_image" />
<meta name="twitter:label1" content="Est. reading time" />
	<meta name="twitter:data1" content="1 minute" />
<script type="application/ld+json" class="yoast-schema-graph">{"@context":"https://schema.org","@graph":[{"@type":"WebPage","@id":"https://lovingdiversity.es/events/mujeres-activas-programa-dirigido-a-mujeres-migrantes-en-valencia/","url":"https://lovingdiversity.es/events/mujeres-activas-programa-dirigido-a-mujeres-migrantes-en-valencia/","name":"Mujeres activas: programa dirigido a mujeres migrantes en Valencia - Loving Diversity VLC","isPartOf":{"@id":"https://lovingdiversity.es/#website"},"primaryImageOfPage":{"@id":"https://lovingdiversity.es/events/mujeres-activas-programa-dirigido-a-mujeres-migrantes-en-valencia/#primaryimage"},"image":{"@id":"https://lovingdiversity.es/events/mujeres-activas-programa-dirigido-a-mujeres-migrantes-en-valencia/#primaryimage"},"thumbnailUrl":"https://lovingdiversity.es/wp-content/uploads/2026/04/25A-CAMUNA.png","datePublished":"2026-04-20T09:27:31+00:00","breadcrumb":{"@id":"https://lovingdiversity.es/events/mujeres-activas-programa-dirigido-a-mujeres-migrantes-en-valencia/#breadcrumb"},"inLanguage":"es-VAL","potentialAction":[{"@type":"ReadAction","target":["https://lovingdiversity.es/events/mujeres-activas-programa-dirigido-a-mujeres-migrantes-en-valencia/"]}]},{"@type":"ImageObject","inLanguage":"es-VAL","@id":"https://lovingdiversity.es/events/mujeres-activas-programa-dirigido-a-mujeres-migrantes-en-valencia/#primaryimage","url":"https://lovingdiversity.es/wp-content/uploads/2026/04/25A-CAMUNA.png","contentUrl":"https://lovingdiversity.es/wp-content/uploads/2026/04/25A-CAMUNA.png","width":1400,"height":500},{"@type":"BreadcrumbList","@id":"https://lovingdiversity.es/events/mujeres-activas-programa-dirigido-a-mujeres-migrantes-en-valencia/#breadcrumb","itemListElement":[{"@type":"ListItem","position":1,"name":"Portada","item":"https://lovingdiversity.es/"},{"@type":"ListItem","position":2,"name":"Events","item":"https://lovingdiversity.es/events/"},{"@type":"ListItem","position":3,"name":"Mujeres activas: programa dirigido a mujeres migrantes en Valencia"}]},{"@type":"WebSite","@id":"https://lovingdiversity.es/#website","url":"https://lovingdiversity.es/","name":"Loving Diversity VLC","description":"Agenda de Ocio LGTBI","publisher":{"@id":"https://lovingdiversity.es/#organization"},"potentialAction":[{"@type":"SearchAction","target":{"@type":"EntryPoint","urlTemplate":"https://lovingdiversity.es/?s={search_term_string}"},"query-input":{"@type":"PropertyValueSpecification","valueRequired":true,"valueName":"search_term_string"}}],"inLanguage":"es-VAL"},{"@type":"Organization","@id":"https://lovingdiversity.es/#organization","name":"Loving Diversity VLC","url":"https://lovingdiversity.es/","logo":{"@type":"ImageObject","inLanguage":"es-VAL","@id":"https://lovingdiversity.es/#/schema/logo/image/","url":"https://lovingdiversity.es/wp-content/uploads/2024/12/logotipo_loving.png","contentUrl":"https://lovingdiversity.es/wp-content/uploads/2024/12/logotipo_loving.png","width":400,"height":112,"caption":"Loving Diversity VLC"},"image":{"@id":"https://lovingdiversity.es/#/schema/logo/image/"},"sameAs":["https://www.facebook.com/ComiteVLC/","https://www.instagram.com/comitevlc/","https://www.tiktok.com/@comitevlc"]}]}</script>
<!-- / Yoast SEO plugin. -->

MUJERES ACTIVAS 🌸 Espacio dirigido a mujeres migrantes en Valencia Desde CAMUMA te invitan a participar en este programa donde se trabajarán los derechos, la memoria migrante, el liderazgo y...
